{"id":14138,"date":"2023-07-15T12:15:16","date_gmt":"2023-07-15T09:15:16","guid":{"rendered":"https:\/\/shop.bushboats.com\/index.php\/product\/classic-tender-c-430\/"},"modified":"2026-04-23T10:14:04","modified_gmt":"2026-04-23T07:14:04","slug":"classic-tender-c-430","status":"publish","type":"product","link":"https:\/\/shop.bushboats.com\/index.php\/produkts\/classic-tender-c-430\/","title":{"rendered":"BUSH CLASSIC TENDER RIB C-430"},"content":{"rendered":"<div class=\"vc_row wpb_row vc_row-fluid\">\n<div class=\"wpb_column vc_column_container vc_col-sm-12\">\n<div class=\"vc_column-inner\">\n<div class=\"wpb_wrapper\">\n<div class=\"wpb_text_column wpb_content_element \">\n<div class=\"wpb_wrapper\">\n<table id=\"tablepress-31\" class=\"tablepress tablepress-id-31 tablepress-responsive\">\n<thead>\n<tr class=\"row-1 odd\">\n<th class=\"column-1\">Modelis<\/th>\n<th class=\"column-2\">C &#8211; 300<\/th>\n<th class=\"column-3\">C &#8211; 430<\/th>\n<\/tr>\n<\/thead>\n<tbody>\n<tr class=\"row-2 even\">\n<td class=\"column-1\">Garums m.<\/td>\n<td class=\"column-2\">3,00<\/td>\n<td class=\"column-3\">4,30<\/td>\n<\/tr>\n<tr class=\"row-3 odd\">\n<td class=\"column-1\">Platums m.<\/td>\n<td class=\"column-2\">1,46<\/td>\n<td class=\"column-3\">1,80<\/td>\n<\/tr>\n<tr class=\"row-4 even\">\n<td class=\"column-1\">Kokpita garums m.<\/td>\n<td class=\"column-2\">2,23<\/td>\n<td class=\"column-3\">3,05<\/td>\n<\/tr>\n<tr class=\"row-5 odd\">\n<td class=\"column-1\">Kokpita platums m.<\/td>\n<td class=\"column-2\">0,66<\/td>\n<td class=\"column-3\">0,94<\/td>\n<\/tr>\n<tr class=\"row-6 even\">\n<td class=\"column-1\">Balona diameters m.<\/td>\n<td class=\"column-2\">0,40<\/td>\n<td class=\"column-3\">0,47<\/td>\n<\/tr>\n<tr class=\"row-7 odd\">\n<td class=\"column-1\">Sekciju skaits<\/td>\n<td class=\"column-2\">3<\/td>\n<td class=\"column-3\">3<\/td>\n<\/tr>\n<tr class=\"row-8 even\">\n<td class=\"column-1\">Korpusa materi\u0101ls<\/td>\n<td class=\"column-2\">Stikloplasts<\/td>\n<td class=\"column-3\">Stikloplasts<\/td>\n<\/tr>\n<tr class=\"row-9 odd\">\n<td class=\"column-1\">Celtsp\u0113ja kg.<\/td>\n<td class=\"column-2\">450<\/td>\n<td class=\"column-3\">900<\/td>\n<\/tr>\n<tr class=\"row-10 even\">\n<td class=\"column-1\">Laivas svars kg.<\/td>\n<td class=\"column-2\">62<\/td>\n<td class=\"column-3\">121<\/td>\n<\/tr>\n<tr class=\"row-11 odd\">\n<td class=\"column-1\">Pasa\u017eieru skaits<\/td>\n<td class=\"column-2\">5<\/td>\n<td class=\"column-3\">8<\/td>\n<\/tr>\n<tr class=\"row-12 even\">\n<td class=\"column-1\">Dzin\u0113ja jauda kW\/zs<\/td>\n<td class=\"column-2\">7,5\/10<\/td>\n<td class=\"column-3\">22\/30<\/td>\n<\/tr>\n<tr class=\"row-13 odd\">\n<td class=\"column-1\">Dzin\u0113ja k\u0101jas garums<\/td>\n<td class=\"column-2\">S<\/td>\n<td class=\"column-3\">S<\/td>\n<\/tr>\n<tr class=\"row-14 even\">\n<td class=\"column-1\">Laivas gabar\u012bti transport\u0113\u0161anai<\/td>\n<td class=\"column-2\">2.5 x 1.10 x 0.60<\/td>\n<td class=\"column-3\">3,50 x 1,20 x 0,7<\/td>\n<\/tr>\n<tr class=\"row-15 odd\">\n<td class=\"column-1\">Dizaina kategorija<\/td>\n<td class=\"column-2\">\u0421<\/td>\n<td class=\"column-3\">C<\/td>\n<\/tr>\n<\/tbody>\n<\/table>\n<\/div>\n<\/div>\n<\/div>\n<\/div>\n<\/div>\n<\/div>\n<div class=\"vc_row wpb_row vc_row-fluid\">\n<div class=\"wpb_column vc_column_container vc_col-sm-12\">\n<div class=\"vc_column-inner\">\n<div class=\"wpb_wrapper\">\n<div class=\"wpb_text_column wpb_content_element \">\n<div class=\"wpb_wrapper\">\n<p><em>Standarta komplekt\u0113\u0161ana:<\/em><\/p>\n<ul>\n<li><em>airi \u2013 2 gab.<\/em><\/li>\n<li><em>s\u0113dekli \u2013 2\u00a0gab.<\/em><\/li>\n<li><em>gaisa s\u016bknis<\/em><\/li>\n<li><em>iepakojums<\/em><\/li>\n<li><em>remonta komplekts<\/em><\/li>\n<\/ul>\n<\/div>\n<\/div>\n<\/div>\n<\/div>\n<\/div>\n<\/div>\n<p>* piecu (5) gadu garantija attiecas uz materi\u0101lu, no kura izgatavota laiva, un balona metin\u0101t\u0101m \u0161uv\u0113m. Visas p\u0101r\u0113j\u0101s deta\u013cas un materi\u0101li ir apdro\u0161in\u0101ti divus (2) gadus.<\/p>\n","protected":false},"excerpt":{"rendered":"<p>Modelis C &#8211; 300 C &#8211; 430 Garums m. 3,00 4,30 Platums m. 1,46 1,80 Kokpita garums m. 2,23 3,05 Kokpita platums m. 0,66 0,94 Balona diameters m. 0,40 0,47 Sekciju skaits 3 3 Korpusa materi\u0101ls Stikloplasts Stikloplasts Celtsp\u0113ja kg. 450 900 Laivas svars kg. 62 121 Pasa\u017eieru skaits 5 8 Dzin\u0113ja jauda kW\/zs 7,5\/10 [&hellip;]<\/p>\n","protected":false},"featured_media":17018,"comment_status":"open","ping_status":"closed","template":"","meta":[],"product_brand":[],"product_cat":[63,66],"product_tag":[],"class_list":{"0":"post-14138","1":"product","2":"type-product","3":"status-publish","4":"has-post-thumbnail","6":"product_cat-cietas-piepusamas-laivas","7":"product_cat-laivas-bush","9":"first","10":"instock","11":"featured","12":"taxable","13":"shipping-taxable","14":"purchasable","15":"product-type-simple"},"jetpack_sharing_enabled":true,"_links":{"self":[{"href":"https:\/\/shop.bushboats.com\/index.php\/wp-json\/wp\/v2\/product\/14138","targetHints":{"allow":["GET"]}}],"collection":[{"href":"https:\/\/shop.bushboats.com\/index.php\/wp-json\/wp\/v2\/product"}],"about":[{"href":"https:\/\/shop.bushboats.com\/index.php\/wp-json\/wp\/v2\/types\/product"}],"replies":[{"embeddable":true,"href":"https:\/\/shop.bushboats.com\/index.php\/wp-json\/wp\/v2\/comments?post=14138"}],"wp:featuredmedia":[{"embeddable":true,"href":"https:\/\/shop.bushboats.com\/index.php\/wp-json\/wp\/v2\/media\/17018"}],"wp:attachment":[{"href":"https:\/\/shop.bushboats.com\/index.php\/wp-json\/wp\/v2\/media?parent=14138"}],"wp:term":[{"taxonomy":"product_brand","embeddable":true,"href":"https:\/\/shop.bushboats.com\/index.php\/wp-json\/wp\/v2\/product_brand?post=14138"},{"taxonomy":"product_cat","embeddable":true,"href":"https:\/\/shop.bushboats.com\/index.php\/wp-json\/wp\/v2\/product_cat?post=14138"},{"taxonomy":"product_tag","embeddable":true,"href":"https:\/\/shop.bushboats.com\/index.php\/wp-json\/wp\/v2\/product_tag?post=14138"}],"curies":[{"name":"wp","href":"https:\/\/api.w.org\/{rel}","templated":true}]}}