{"id":14184,"date":"2023-07-15T12:15:28","date_gmt":"2023-07-15T09:15:28","guid":{"rendered":"https:\/\/shop.bushboats.com\/index.php\/product\/kaiman-l-380\/"},"modified":"2026-04-20T19:45:11","modified_gmt":"2026-04-20T16:45:11","slug":"kaiman-l-390","status":"publish","type":"product","link":"https:\/\/shop.bushboats.com\/index.php\/produkts\/kaiman-l-390\/","title":{"rendered":"BUSH KAIMAN L-390"},"content":{"rendered":"<div class=\"vc_row wpb_row vc_row-fluid\">\n<div class=\"wpb_column vc_column_container vc_col-sm-12\">\n<div class=\"vc_column-inner\">\n<div class=\"wpb_wrapper\">\n<div class=\"wpb_text_column wpb_content_element \">\n<div class=\"wpb_wrapper\">\n<table id=\"tablepress-40\" class=\"tablepress tablepress-id-40 tablepress-responsive\">\n<thead>\n<tr class=\"row-1 odd\">\n<th class=\"column-1\">Modelis<\/th>\n<th class=\"column-2\">L &#8211; 330<\/th>\n<th class=\"column-3\">L &#8211; 360<\/th>\n<th class=\"column-4\">L &#8211; 390<\/th>\n<th class=\"column-5\">L &#8211; 420<\/th>\n<\/tr>\n<\/thead>\n<tbody>\n<tr class=\"row-2 even\">\n<td class=\"column-1\">Garums, m<\/td>\n<td class=\"column-2\">3.30<\/td>\n<td class=\"column-3\">3.60<\/td>\n<td class=\"column-4\">3.90<\/td>\n<td class=\"column-5\">4.20<\/td>\n<\/tr>\n<tr class=\"row-3 odd\">\n<td class=\"column-1\">Platums, m<\/td>\n<td class=\"column-2\">1.53<\/td>\n<td class=\"column-3\">1,82<\/td>\n<td class=\"column-4\">1,82<\/td>\n<td class=\"column-5\">1,82<\/td>\n<\/tr>\n<tr class=\"row-4 even\">\n<td class=\"column-1\">Kokpita garums, m<\/td>\n<td class=\"column-2\">2.36<\/td>\n<td class=\"column-3\">2,45<\/td>\n<td class=\"column-4\">2,75<\/td>\n<td class=\"column-5\">3,05<\/td>\n<\/tr>\n<tr class=\"row-5 odd\">\n<td class=\"column-1\">Kokpita platums, m<\/td>\n<td class=\"column-2\">0.67<\/td>\n<td class=\"column-3\">0,82<\/td>\n<td class=\"column-4\">0,82<\/td>\n<td class=\"column-5\">0,82<\/td>\n<\/tr>\n<tr class=\"row-6 even\">\n<td class=\"column-1\">Balona diametrs,m<\/td>\n<td class=\"column-2\">0.43<\/td>\n<td class=\"column-3\">0,50<\/td>\n<td class=\"column-4\">0,50<\/td>\n<td class=\"column-5\">0,50<\/td>\n<\/tr>\n<tr class=\"row-7 odd\">\n<td class=\"column-1\">Sekciju skaits, gab.<\/td>\n<td class=\"column-2\">3 + DIBENS<\/td>\n<td class=\"column-3\">3 + DIBENS<\/td>\n<td class=\"column-4\">3 + DIBENS<\/td>\n<td class=\"column-5\">3 + DIBENS<\/td>\n<\/tr>\n<tr class=\"row-8 even\">\n<td class=\"column-1\">Dibena tips<\/td>\n<td class=\"column-2\">piep\u016b\u0161ams<\/td>\n<td class=\"column-3\">piep\u016b\u0161ams<\/td>\n<td class=\"column-4\">piep\u016b\u0161ams<\/td>\n<td class=\"column-5\">piep\u016b\u0161ams<\/td>\n<\/tr>\n<tr class=\"row-9 odd\">\n<td class=\"column-1\">Celtsp\u0113ja, kg<\/td>\n<td class=\"column-2\">580<\/td>\n<td class=\"column-3\">800<\/td>\n<td class=\"column-4\">900<\/td>\n<td class=\"column-5\">1100<\/td>\n<\/tr>\n<tr class=\"row-10 even\">\n<td class=\"column-1\">Laivas svars, kg<\/td>\n<td class=\"column-2\">35\/39<\/td>\n<td class=\"column-3\">40\/48<\/td>\n<td class=\"column-4\">45\/53<\/td>\n<td class=\"column-5\">52\/60<\/td>\n<\/tr>\n<tr class=\"row-11 odd\">\n<td class=\"column-1\">Pasa\u017eieru skaits, cilv.<\/td>\n<td class=\"column-2\">5<\/td>\n<td class=\"column-3\">6<\/td>\n<td class=\"column-4\">7<\/td>\n<td class=\"column-5\">8<\/td>\n<\/tr>\n<tr class=\"row-12 even\">\n<td class=\"column-1\">Dzin\u0113ja maks. jauda, kW\/Zs<\/td>\n<td class=\"column-2\">11\/15<\/td>\n<td class=\"column-3\">15\/20<\/td>\n<td class=\"column-4\">15\/20<\/td>\n<td class=\"column-5\">18,4\/25<\/td>\n<\/tr>\n<tr class=\"row-13 odd\">\n<td class=\"column-1\">Tran\u010da augstums<\/td>\n<td class=\"column-2\">S<\/td>\n<td class=\"column-3\">S<\/td>\n<td class=\"column-4\">S<\/td>\n<td class=\"column-5\">S<\/td>\n<\/tr>\n<tr class=\"row-14 even\">\n<td class=\"column-1\">Iepakojumu skaits, gab.<\/td>\n<td class=\"column-2\">1<\/td>\n<td class=\"column-3\">1<\/td>\n<td class=\"column-4\">1<\/td>\n<td class=\"column-5\">1<\/td>\n<\/tr>\n<tr class=\"row-15 odd\">\n<td class=\"column-1\">Iepakojumu izm\u0113ri, m<\/td>\n<td class=\"column-2\">1,15 x 0,60 x 0,40<\/td>\n<td class=\"column-3\">1,15 x 0,60 x 0,40<\/td>\n<td class=\"column-4\">1,25 x 0,70 x 0,38<\/td>\n<td class=\"column-5\">1,25 x 0,70 x 0,38<\/td>\n<\/tr>\n<tr class=\"row-16 even\">\n<td class=\"column-1\">Dizaina kategorija<\/td>\n<td class=\"column-2\">C<\/td>\n<td class=\"column-3\">C<\/td>\n<td class=\"column-4\">C<\/td>\n<td class=\"column-5\"><\/td>\n<\/tr>\n<\/tbody>\n<\/table>\n<\/div>\n<\/div>\n<\/div>\n<\/div>\n<\/div>\n<\/div>\n<div class=\"vc_row wpb_row vc_row-fluid\">\n<div class=\"wpb_column vc_column_container vc_col-sm-12\">\n<div class=\"vc_column-inner\">\n<div class=\"wpb_wrapper\">\n<div class=\"wpb_text_column wpb_content_element \">\n<div class=\"wpb_wrapper\">\n<p>Standarta komplekt\u0113\u0161ana:<\/p>\n<ul>\n<li>airi \u2013 2 gab.<\/li>\n<li>s\u0113dekli \u2013 2\u00a0gab.<\/li>\n<li>gaisa s\u016bknis<\/li>\n<li>iepakojums<\/li>\n<li>remonta komplekts<\/li>\n<\/ul>\n<\/div>\n<\/div>\n<\/div>\n<\/div>\n<\/div>\n<\/div>\n<p>* Piecu gadu garantija attiecas uz materi\u0101lu, no kura izgatavota laiva un balona metin\u0101t\u0101m \u0161uv\u0113m. Cit\u0101m deta\u013c\u0101m un materi\u0101liem garantija ir 2 gadi.<\/p>\n","protected":false},"excerpt":{"rendered":"<p>KAIMAN L modelis ir jaunas paaudzes izklaides laivu modelis ar modernu dizaina risin\u0101jumu. Laivai ir unik\u0101la V-veida piep\u016b\u0161am\u0101 gr\u012bda ar paceltu (paaugstin\u0101ta) spiediena LPF.<br \/>\nTas ir vienk\u0101r\u0161i. Vienk\u0101r\u0161i piep\u016btiet laivu un palai\u017eiet to tie\u0161i uz \u016bdens.<br \/>\nNav sare\u017e\u0123\u012btas mont\u0101\u017eas un demont\u0101\u017eas proced\u016bras.<br \/>\nNav smaga sapl\u0101k\u0161\u0146a kl\u0101ja, alum\u012bnija stiegru un savienot\u0101jelementu.<br \/>\nPiep\u016b\u0161am\u0101 gr\u012bda ir pietiekami iztur\u012bga, lai uz t\u0101s var\u0113tu atrasties un staig\u0101t.<br \/>\nPiep\u016b\u0161am\u0101 gr\u012bda k\u0101 atsevi\u0161\u0137s nodal\u012bjums iev\u0113rojami palielina kravas p\u0101rvieto\u0161anu un laivas dro\u0161\u012bbu.<br \/>\nV-veida \u0137\u012b\u013cgr\u012bdas gr\u012bda pal\u012bdz saglab\u0101t pareizu virzienu, k\u0101 ar airiem, t\u0101 ar piekares laiv\u0101m.<br \/>\nNeliels, l\u0113ts un viegls piekaramais ku\u0123is \u013cauj jums ieg\u016bt pietiekami lielu \u0101trumu, lai sasniegtu pl\u0101no\u0161anas re\u017e\u012bmu.<br \/>\nTriecieniztur\u012bg\u0101, elast\u012bg\u0101 gr\u012bda un paaugstin\u0101tais \u0161\u0137\u0113rssijas skrejce\u013c\u0161 \u013cauj laivu izmantot \u0113rtai plosto\u0161anai vai dreif\u0113\u0161anai ned\u0113\u013cas nogales izklaidei.<br \/>\nLaiva ir ievietota vien\u0101 neliel\u0101 un viegl\u0101 iepakojuma maisi\u0146\u0101 un aiz\u0146em maz vietas jebkura auto bag\u0101\u017eniek\u0101.<\/p>\n","protected":false},"featured_media":13038,"comment_status":"open","ping_status":"closed","template":"","meta":[],"product_brand":[],"product_cat":[66,52],"product_tag":[],"class_list":{"0":"post-14184","1":"product","2":"type-product","3":"status-publish","4":"has-post-thumbnail","6":"product_cat-laivas-bush","7":"product_cat-motorlaivas","9":"first","10":"instock","11":"featured","12":"taxable","13":"shipping-taxable","14":"purchasable","15":"product-type-variable"},"jetpack_sharing_enabled":true,"_links":{"self":[{"href":"https:\/\/shop.bushboats.com\/index.php\/wp-json\/wp\/v2\/product\/14184","targetHints":{"allow":["GET"]}}],"collection":[{"href":"https:\/\/shop.bushboats.com\/index.php\/wp-json\/wp\/v2\/product"}],"about":[{"href":"https:\/\/shop.bushboats.com\/index.php\/wp-json\/wp\/v2\/types\/product"}],"replies":[{"embeddable":true,"href":"https:\/\/shop.bushboats.com\/index.php\/wp-json\/wp\/v2\/comments?post=14184"}],"wp:featuredmedia":[{"embeddable":true,"href":"https:\/\/shop.bushboats.com\/index.php\/wp-json\/wp\/v2\/media\/13038"}],"wp:attachment":[{"href":"https:\/\/shop.bushboats.com\/index.php\/wp-json\/wp\/v2\/media?parent=14184"}],"wp:term":[{"taxonomy":"product_brand","embeddable":true,"href":"https:\/\/shop.bushboats.com\/index.php\/wp-json\/wp\/v2\/product_brand?post=14184"},{"taxonomy":"product_cat","embeddable":true,"href":"https:\/\/shop.bushboats.com\/index.php\/wp-json\/wp\/v2\/product_cat?post=14184"},{"taxonomy":"product_tag","embeddable":true,"href":"https:\/\/shop.bushboats.com\/index.php\/wp-json\/wp\/v2\/product_tag?post=14184"}],"curies":[{"name":"wp","href":"https:\/\/api.w.org\/{rel}","templated":true}]}}