{"id":14191,"date":"2023-07-15T12:15:32","date_gmt":"2023-07-15T09:15:32","guid":{"rendered":"https:\/\/shop.bushboats.com\/index.php\/product\/crab-k-300\/"},"modified":"2026-01-01T23:00:39","modified_gmt":"2026-01-01T21:00:39","slug":"crab-k-300","status":"publish","type":"product","link":"https:\/\/shop.bushboats.com\/index.php\/produkts\/crab-k-300\/","title":{"rendered":"BUSH CRAB K-300"},"content":{"rendered":"<div class=\"vc_row wpb_row vc_row-fluid\">\n<div class=\"wpb_column vc_column_container vc_col-sm-12\">\n<div class=\"vc_column-inner\">\n<div class=\"wpb_wrapper\">\n<div class=\"wpb_text_column wpb_content_element \">\n<div class=\"wpb_wrapper\">\n<table id=\"tablepress-22\" class=\"tablepress tablepress-id-22 tablepress-responsive\">\n<thead>\n<tr class=\"row-1 odd\">\n<th class=\"column-1\">Modelis<\/th>\n<th class=\"column-2\">CR K &#8211; 300<\/th>\n<th class=\"column-3\">CR K &#8211; 330<\/th>\n<th class=\"column-4\">CR K &#8211; 360<\/th>\n<th class=\"column-5\">CR K &#8211; 400<\/th>\n<\/tr>\n<\/thead>\n<tbody>\n<tr class=\"row-2 even\">\n<td class=\"column-1\">Garums, m<\/td>\n<td class=\"column-2\">3,00<\/td>\n<td class=\"column-3\">3,30<\/td>\n<td class=\"column-4\">3,60<\/td>\n<td class=\"column-5\">4,05<\/td>\n<\/tr>\n<tr class=\"row-3 odd\">\n<td class=\"column-1\">Platums, m<\/td>\n<td class=\"column-2\">1,48<\/td>\n<td class=\"column-3\">1,48<\/td>\n<td class=\"column-4\">1,70<\/td>\n<td class=\"column-5\">1,85<\/td>\n<\/tr>\n<tr class=\"row-4 even\">\n<td class=\"column-1\">Kokpita garums, m<\/td>\n<td class=\"column-2\">2,05<\/td>\n<td class=\"column-3\">2,29<\/td>\n<td class=\"column-4\">2,50<\/td>\n<td class=\"column-5\">2,88<\/td>\n<\/tr>\n<tr class=\"row-5 odd\">\n<td class=\"column-1\">Kokpita platums, m<\/td>\n<td class=\"column-2\">0,68<\/td>\n<td class=\"column-3\">0,68<\/td>\n<td class=\"column-4\">0,78<\/td>\n<td class=\"column-5\">0,85<\/td>\n<\/tr>\n<tr class=\"row-6 even\">\n<td class=\"column-1\">Balona diametrs,m<\/td>\n<td class=\"column-2\">0,40<\/td>\n<td class=\"column-3\">0,40<\/td>\n<td class=\"column-4\">0,46<\/td>\n<td class=\"column-5\">0,50<\/td>\n<\/tr>\n<tr class=\"row-7 odd\">\n<td class=\"column-1\">Sekciju skaits, gab.<\/td>\n<td class=\"column-2\">3 + \u0137\u012blis<\/td>\n<td class=\"column-3\">3 + \u0137\u012blis<\/td>\n<td class=\"column-4\">3 + \u0137\u012blis<\/td>\n<td class=\"column-5\">3 + \u0137\u012blis<\/td>\n<\/tr>\n<tr class=\"row-8 even\">\n<td class=\"column-1\">Dibena tips<\/td>\n<td class=\"column-2\">Ciets finiera kl\u0101js<\/td>\n<td class=\"column-3\">Ciets finiera kl\u0101js<\/td>\n<td class=\"column-4\">Ciets finiera kl\u0101js<\/td>\n<td class=\"column-5\">Ciets finiera kl\u0101js<\/td>\n<\/tr>\n<tr class=\"row-9 odd\">\n<td class=\"column-1\">Celtsp\u0113ja, kg<\/td>\n<td class=\"column-2\">460<\/td>\n<td class=\"column-3\">580<\/td>\n<td class=\"column-4\">750<\/td>\n<td class=\"column-5\">1000<\/td>\n<\/tr>\n<tr class=\"row-10 even\">\n<td class=\"column-1\">Laivas svars, kg<\/td>\n<td class=\"column-2\">55<\/td>\n<td class=\"column-3\">58<\/td>\n<td class=\"column-4\">69<\/td>\n<td class=\"column-5\">79<\/td>\n<\/tr>\n<tr class=\"row-11 odd\">\n<td class=\"column-1\">Pasa\u017eieru skaits, cilv.<\/td>\n<td class=\"column-2\">4<\/td>\n<td class=\"column-3\">5<\/td>\n<td class=\"column-4\">5 + 1<\/td>\n<td class=\"column-5\">7<\/td>\n<\/tr>\n<tr class=\"row-12 even\">\n<td class=\"column-1\">Dzin\u0113ja maks. jauda, kW\/Zs<\/td>\n<td class=\"column-2\">11\/15<\/td>\n<td class=\"column-3\">15\/20<\/td>\n<td class=\"column-4\">18,4\/25<\/td>\n<td class=\"column-5\">22\/30<\/td>\n<\/tr>\n<tr class=\"row-13 odd\">\n<td class=\"column-1\">Tran\u010da augstums<\/td>\n<td class=\"column-2\">S<\/td>\n<td class=\"column-3\">S<\/td>\n<td class=\"column-4\">S<\/td>\n<td class=\"column-5\">S<\/td>\n<\/tr>\n<tr class=\"row-14 even\">\n<td class=\"column-1\">Iepakojumu skaits, gab.<\/td>\n<td class=\"column-2\">2<\/td>\n<td class=\"column-3\">2<\/td>\n<td class=\"column-4\">2<\/td>\n<td class=\"column-5\">2<\/td>\n<\/tr>\n<tr class=\"row-15 odd\">\n<td class=\"column-1\" rowspan=\"2\">Iepakojumu izm\u0113ri, m<\/td>\n<td class=\"column-2\">1,10 x 0,64 x 0,35<\/td>\n<td class=\"column-3\">1,10 x 0,70 x 0,35<\/td>\n<td class=\"column-4\">1,15 x 0,60 x 0,40<\/td>\n<td class=\"column-5\">1,25 x 0,70 x 0,38<\/td>\n<\/tr>\n<tr class=\"row-16 even\">\n<td class=\"column-2\">0,85 x 0,65 x 0,10<\/td>\n<td class=\"column-3\">0,80 x 0,70 x 0,10<\/td>\n<td class=\"column-4\">0,95 x 0,75 x 0,10<\/td>\n<td class=\"column-5\">1,00 x 0,80 x 0,10<\/td>\n<\/tr>\n<tr class=\"row-17 odd\">\n<td class=\"column-1\">Dizaina kategorija<\/td>\n<td class=\"column-2\">C<\/td>\n<td class=\"column-3\">C<\/td>\n<td class=\"column-4\">C<\/td>\n<td class=\"column-5\">C<\/td>\n<\/tr>\n<\/tbody>\n<\/table>\n<\/div>\n<\/div>\n<\/div>\n<\/div>\n<\/div>\n<\/div>\n<div class=\"vc_row wpb_row vc_row-fluid\">\n<div class=\"wpb_column vc_column_container vc_col-sm-12\">\n<div class=\"vc_column-inner\">\n<div class=\"wpb_wrapper\">\n<div class=\"wpb_text_column wpb_content_element \">\n<div class=\"wpb_wrapper\">\n<p><em>standarta komplekt\u0113\u0161ana:<\/em><\/p>\n<ul>\n<li><em>airi \u2013 2 gab.<\/em><\/li>\n<li><em>s\u0113dekli \u2013 2\u00a0gab.<\/em><\/li>\n<li><em>gaisa s\u016bknis<\/em><\/li>\n<li><em>iepakojums<\/em><\/li>\n<li><em>remonta komplekts<\/em><\/li>\n<\/ul>\n<p>* piecu gadu garantija ir laivas materi\u0101lam un balona metin\u0101t\u0101m \u0161uv\u0113m.P\u0101r\u0113j\u0101m deta\u013c\u0101m un materi\u0101liem ir divu gadu garantija.<\/p>\n<\/div>\n<\/div>\n<\/div>\n<\/div>\n<\/div>\n<\/div>\n","protected":false},"excerpt":{"rendered":"<p>Modelis Crab ir visl\u0113t\u0101kie laivu l\u012bnija. Tas tika izstr\u0101d\u0101ts k\u0101 alternat\u012bva d\u0101rg\u0101kajam SKATE modelim. Laiv\u0101m ir optim\u0101la izm\u0113ru amplit\u016bda, lieliskas j\u016bras notur\u012bbas, vad\u0101m\u012bbas un manevr\u0113tsp\u0113jas \u012bpa\u0161\u012bbas, skaists izskats un sapr\u0101t\u012bga cena. Visas \u0161\u012bs \u012bpa\u0161\u012bbas padara CRAB \u013coti pievilc\u012bgu m\u016bsu klientiem.<\/p>\n","protected":false},"featured_media":12964,"comment_status":"open","ping_status":"closed","template":"","meta":[],"product_brand":[],"product_cat":[66,52],"product_tag":[],"class_list":{"0":"post-14191","1":"product","2":"type-product","3":"status-publish","4":"has-post-thumbnail","6":"product_cat-laivas-bush","7":"product_cat-motorlaivas","9":"first","10":"instock","11":"featured","12":"taxable","13":"shipping-taxable","14":"purchasable","15":"product-type-simple"},"jetpack_sharing_enabled":true,"_links":{"self":[{"href":"https:\/\/shop.bushboats.com\/index.php\/wp-json\/wp\/v2\/product\/14191","targetHints":{"allow":["GET"]}}],"collection":[{"href":"https:\/\/shop.bushboats.com\/index.php\/wp-json\/wp\/v2\/product"}],"about":[{"href":"https:\/\/shop.bushboats.com\/index.php\/wp-json\/wp\/v2\/types\/product"}],"replies":[{"embeddable":true,"href":"https:\/\/shop.bushboats.com\/index.php\/wp-json\/wp\/v2\/comments?post=14191"}],"wp:featuredmedia":[{"embeddable":true,"href":"https:\/\/shop.bushboats.com\/index.php\/wp-json\/wp\/v2\/media\/12964"}],"wp:attachment":[{"href":"https:\/\/shop.bushboats.com\/index.php\/wp-json\/wp\/v2\/media?parent=14191"}],"wp:term":[{"taxonomy":"product_brand","embeddable":true,"href":"https:\/\/shop.bushboats.com\/index.php\/wp-json\/wp\/v2\/product_brand?post=14191"},{"taxonomy":"product_cat","embeddable":true,"href":"https:\/\/shop.bushboats.com\/index.php\/wp-json\/wp\/v2\/product_cat?post=14191"},{"taxonomy":"product_tag","embeddable":true,"href":"https:\/\/shop.bushboats.com\/index.php\/wp-json\/wp\/v2\/product_tag?post=14191"}],"curies":[{"name":"wp","href":"https:\/\/api.w.org\/{rel}","templated":true}]}}