{"id":14948,"date":"2023-07-25T13:04:42","date_gmt":"2023-07-25T10:04:42","guid":{"rendered":"https:\/\/shop.bushboats.com\/?post_type=product&#038;p=14948"},"modified":"2024-03-26T01:11:29","modified_gmt":"2024-03-25T23:11:29","slug":"kronsteins-humminbird-live-mounting-bracket-25mm","status":"publish","type":"product","link":"https:\/\/shop.bushboats.com\/index.php\/produkts\/kronsteins-humminbird-live-mounting-bracket-25mm\/","title":{"rendered":"Kron\u0161teins Humminbird Live Mounting Bracket 25mm"},"content":{"rendered":"<h3>Kron\u0161teins Humminbird Live Mounting Bracket 25mm<\/h3>\n<p>Kron\u0161teins Humminbird Live Mounting Bracket 25mm ir kron\u0161teins Humminbird Mega Mount mont\u0101\u017eai uz 25 mm caurul\u0113m!<\/p>\n<p>Izgatavots no anod\u0113ta alum\u012bnija ar ner\u016bs\u0113jo\u0161\u0101 t\u0113rauda veidgabaliem.<\/p>\n<p>Pie \u0161\u012b kron\u0161teina stiprin\u0101s kron\u0161teins\u00a0<a href=\"https:\/\/eholotes.eu\/shop\/kronsteini\/kronsteins-humminbird-live-bracket-mm1002\/\">Humminbird Live Bracket MM1002<\/a><\/p>\n<p>Ar \u0161o kron\u0161teinu pal\u012bdz\u012bbu Mega Live sensoru uzst\u0101d\u012b\u0161ana un lieto\u0161ana ir vienk\u0101r\u0161a!<\/p>\n","protected":false},"excerpt":{"rendered":"<p>Kron\u0161teins Humminbird Live Mounting Bracket 25mm Kron\u0161teins Humminbird Live Mounting Bracket 25mm ir kron\u0161teins Humminbird Mega Mount mont\u0101\u017eai uz 25 mm caurul\u0113m! Izgatavots no anod\u0113ta alum\u012bnija ar ner\u016bs\u0113jo\u0161\u0101 t\u0113rauda veidgabaliem. Pie \u0161\u012b kron\u0161teina stiprin\u0101s kron\u0161teins\u00a0Humminbird Live Bracket MM1002 Ar \u0161o kron\u0161teinu pal\u012bdz\u012bbu Mega Live sensoru uzst\u0101d\u012b\u0161ana un lieto\u0161ana ir vienk\u0101r\u0161a!<\/p>\n","protected":false},"featured_media":14949,"comment_status":"open","ping_status":"closed","template":"","meta":[],"product_brand":[],"product_cat":[237],"product_tag":[],"class_list":{"0":"post-14948","1":"product","2":"type-product","3":"status-publish","4":"has-post-thumbnail","6":"product_cat-humminbird-aksesuari-2","8":"first","9":"instock","10":"taxable","11":"shipping-taxable","12":"purchasable","13":"product-type-simple"},"jetpack_sharing_enabled":true,"_links":{"self":[{"href":"https:\/\/shop.bushboats.com\/index.php\/wp-json\/wp\/v2\/product\/14948","targetHints":{"allow":["GET"]}}],"collection":[{"href":"https:\/\/shop.bushboats.com\/index.php\/wp-json\/wp\/v2\/product"}],"about":[{"href":"https:\/\/shop.bushboats.com\/index.php\/wp-json\/wp\/v2\/types\/product"}],"replies":[{"embeddable":true,"href":"https:\/\/shop.bushboats.com\/index.php\/wp-json\/wp\/v2\/comments?post=14948"}],"wp:featuredmedia":[{"embeddable":true,"href":"https:\/\/shop.bushboats.com\/index.php\/wp-json\/wp\/v2\/media\/14949"}],"wp:attachment":[{"href":"https:\/\/shop.bushboats.com\/index.php\/wp-json\/wp\/v2\/media?parent=14948"}],"wp:term":[{"taxonomy":"product_brand","embeddable":true,"href":"https:\/\/shop.bushboats.com\/index.php\/wp-json\/wp\/v2\/product_brand?post=14948"},{"taxonomy":"product_cat","embeddable":true,"href":"https:\/\/shop.bushboats.com\/index.php\/wp-json\/wp\/v2\/product_cat?post=14948"},{"taxonomy":"product_tag","embeddable":true,"href":"https:\/\/shop.bushboats.com\/index.php\/wp-json\/wp\/v2\/product_tag?post=14948"}],"curies":[{"name":"wp","href":"https:\/\/api.w.org\/{rel}","templated":true}]}}