{"id":15396,"date":"2023-08-04T12:11:53","date_gmt":"2023-08-04T09:11:53","guid":{"rendered":"https:\/\/shop.bushboats.com\/?post_type=product&#038;p=15396"},"modified":"2023-09-01T09:55:30","modified_gmt":"2023-09-01T06:55:30","slug":"gm-h7-gimbal-mount-helix-7-modeli","status":"publish","type":"product","link":"https:\/\/shop.bushboats.com\/index.php\/produkts\/gm-h7-gimbal-mount-helix-7-modeli\/","title":{"rendered":"GM H7 &#8211; stiprin\u0101juma kron\u0161teins un pogas HELIX 7 MODE\u013bI"},"content":{"rendered":"<p>GM H7 ir plastmasas kard\u0101na stiprin\u0101jums visiem HELIX 7 mode\u013cu produktiem. Tas ietver kard\u0101na stiprin\u0101jumu, pogas un mont\u0101\u017eas aparat\u016bru.<\/p>\n<ul>\n<li>Savienojams ar: Visi HELIX 7 mode\u013ci, iz\u0146emot HELIX 7 G4N mode\u013cus;<\/li>\n<li>1 gada ierobe\u017eot\u0101 garantija.<\/li>\n<\/ul>\n","protected":false},"excerpt":{"rendered":"<p>GM H7 ir plastmasas kard\u0101na stiprin\u0101jums visiem HELIX 7 mode\u013cu produktiem. Tas ietver kard\u0101na stiprin\u0101jumu, pogas un mont\u0101\u017eas aparat\u016bru. Savienojams ar: Visi HELIX 7 mode\u013ci, iz\u0146emot HELIX 7 G4N mode\u013cus; 1 gada ierobe\u017eot\u0101 garantija.<\/p>\n","protected":false},"featured_media":15400,"comment_status":"open","ping_status":"closed","template":"","meta":[],"product_brand":[],"product_cat":[237],"product_tag":[],"class_list":{"0":"post-15396","1":"product","2":"type-product","3":"status-publish","4":"has-post-thumbnail","6":"product_cat-humminbird-aksesuari-2","8":"first","9":"outofstock","10":"taxable","11":"shipping-taxable","12":"purchasable","13":"product-type-simple"},"jetpack_sharing_enabled":true,"_links":{"self":[{"href":"https:\/\/shop.bushboats.com\/index.php\/wp-json\/wp\/v2\/product\/15396","targetHints":{"allow":["GET"]}}],"collection":[{"href":"https:\/\/shop.bushboats.com\/index.php\/wp-json\/wp\/v2\/product"}],"about":[{"href":"https:\/\/shop.bushboats.com\/index.php\/wp-json\/wp\/v2\/types\/product"}],"replies":[{"embeddable":true,"href":"https:\/\/shop.bushboats.com\/index.php\/wp-json\/wp\/v2\/comments?post=15396"}],"wp:featuredmedia":[{"embeddable":true,"href":"https:\/\/shop.bushboats.com\/index.php\/wp-json\/wp\/v2\/media\/15400"}],"wp:attachment":[{"href":"https:\/\/shop.bushboats.com\/index.php\/wp-json\/wp\/v2\/media?parent=15396"}],"wp:term":[{"taxonomy":"product_brand","embeddable":true,"href":"https:\/\/shop.bushboats.com\/index.php\/wp-json\/wp\/v2\/product_brand?post=15396"},{"taxonomy":"product_cat","embeddable":true,"href":"https:\/\/shop.bushboats.com\/index.php\/wp-json\/wp\/v2\/product_cat?post=15396"},{"taxonomy":"product_tag","embeddable":true,"href":"https:\/\/shop.bushboats.com\/index.php\/wp-json\/wp\/v2\/product_tag?post=15396"}],"curies":[{"name":"wp","href":"https:\/\/api.w.org\/{rel}","templated":true}]}}