{"id":16366,"date":"2024-01-16T16:15:16","date_gmt":"2024-01-16T14:15:16","guid":{"rendered":"https:\/\/shop.bushboats.com\/?post_type=product&#038;p=16366"},"modified":"2025-05-23T07:38:26","modified_gmt":"2025-05-23T04:38:26","slug":"eholota-sensora-turetajs","status":"publish","type":"product","link":"https:\/\/shop.bushboats.com\/index.php\/produkts\/eholota-sensora-turetajs\/","title":{"rendered":"Son\u0101ra mont\u0101\u017eas komplekts (ekr\u0101na un sensora stiprin\u0101jumi s\u0101nos)."},"content":{"rendered":"<blockquote><p>Eholota sensora tur\u0113t\u0101js ar rot\u0101cijas un dzi\u013cuma regul\u0113\u0161anu Ft601 ir paredz\u0113ts eholotes apr\u012bkojuma (dev\u0113ja \/ p\u0101rveidot\u0101ja un eholota monitora &#8211; L &#8211; l\u012bdz 285 mm) fiks\u0113\u0161anai. Der jebkurai BORIKA FASTen piederumu sl\u0113dzenei, kas iepriek\u0161 uzst\u0101d\u012bta uz laivas. Zondes tur\u0113t\u0101js \u013cauj pagriezt un piel\u0101got zondes iegremd\u0113\u0161anas dzi\u013cumu. Stiprin\u0101jums ietver savienot\u0101jus no poliam\u012bda, kas piestiprin\u0101ti pie p\u0101rkl\u0101ta alum\u012bnija caurules \u00d8 22 mm. Platforma (106&#215;98 mm) ir izgatavota no stikla \u0161\u0137iedras pastiprin\u0101ta poliam\u012bda un \u013cauj piestiprin\u0101t apr\u012bkojumu ar pamatni l\u012bdz 95&#215;95 mm. Stiprin\u0101jumi &#8211; izgatavoti no A2 ner\u016bs\u0113jo\u0161\u0101 t\u0113rauda.<\/p>\n<p>\u0160is komplekts pied\u0101v\u0101 piln\u012bgu risin\u0101jumu son\u0101ra un sensora uzst\u0101d\u012b\u0161anai piep\u016b\u0161amaj\u0101 laiv\u0101. Dizains sast\u0101v no pl\u0101ksnes nelielam son\u0101ra monitoram (l\u012bdz 7&#8243;) un kron\u0161teina, kas piem\u0113rots popul\u0101r\u0101kajiem Lowrance, Raymarine, Garmin, Humminbird un citu z\u012bmolu sensoriem.<\/p><\/blockquote>\n<p>Produkta kop\u0113jie izm\u0113ri, mm &#8211; 735 * 130 * 130<\/p>\n","protected":false},"excerpt":{"rendered":"<p>Eholota sensora tur\u0113t\u0101js ar rot\u0101cijas un dzi\u013cuma regul\u0113\u0161anu Ft601 ir paredz\u0113ts eholotes apr\u012bkojuma (dev\u0113ja \/ p\u0101rveidot\u0101ja un eholota monitora &#8211; L &#8211; l\u012bdz 285 mm) fiks\u0113\u0161anai. Der jebkurai BORIKA FASTen piederumu sl\u0113dzenei, kas iepriek\u0161 uzst\u0101d\u012bta uz laivas. Zondes tur\u0113t\u0101js \u013cauj pagriezt un piel\u0101got zondes iegremd\u0113\u0161anas dzi\u013cumu. Stiprin\u0101jums ietver savienot\u0101jus no poliam\u012bda, kas piestiprin\u0101ti pie p\u0101rkl\u0101ta [&hellip;]<\/p>\n","protected":false},"featured_media":16367,"comment_status":"open","ping_status":"closed","template":"","meta":[],"product_brand":[],"product_cat":[864,54,682],"product_tag":[],"class_list":{"0":"post-16366","1":"product","2":"type-product","3":"status-publish","4":"has-post-thumbnail","6":"product_cat-borika-aksesuari-fasten","7":"product_cat-accessories","8":"product_cat-turetaji-makskerem-eholotiem-sensoriem","10":"first","11":"instock","12":"taxable","13":"shipping-taxable","14":"purchasable","15":"product-type-simple"},"jetpack_sharing_enabled":true,"_links":{"self":[{"href":"https:\/\/shop.bushboats.com\/index.php\/wp-json\/wp\/v2\/product\/16366","targetHints":{"allow":["GET"]}}],"collection":[{"href":"https:\/\/shop.bushboats.com\/index.php\/wp-json\/wp\/v2\/product"}],"about":[{"href":"https:\/\/shop.bushboats.com\/index.php\/wp-json\/wp\/v2\/types\/product"}],"replies":[{"embeddable":true,"href":"https:\/\/shop.bushboats.com\/index.php\/wp-json\/wp\/v2\/comments?post=16366"}],"wp:featuredmedia":[{"embeddable":true,"href":"https:\/\/shop.bushboats.com\/index.php\/wp-json\/wp\/v2\/media\/16367"}],"wp:attachment":[{"href":"https:\/\/shop.bushboats.com\/index.php\/wp-json\/wp\/v2\/media?parent=16366"}],"wp:term":[{"taxonomy":"product_brand","embeddable":true,"href":"https:\/\/shop.bushboats.com\/index.php\/wp-json\/wp\/v2\/product_brand?post=16366"},{"taxonomy":"product_cat","embeddable":true,"href":"https:\/\/shop.bushboats.com\/index.php\/wp-json\/wp\/v2\/product_cat?post=16366"},{"taxonomy":"product_tag","embeddable":true,"href":"https:\/\/shop.bushboats.com\/index.php\/wp-json\/wp\/v2\/product_tag?post=16366"}],"curies":[{"name":"wp","href":"https:\/\/api.w.org\/{rel}","templated":true}]}}