{"id":16913,"date":"2024-03-11T15:00:56","date_gmt":"2024-03-11T13:00:56","guid":{"rendered":"https:\/\/shop.bushboats.com\/?post_type=product&#038;p=16913"},"modified":"2026-01-28T19:40:24","modified_gmt":"2026-01-28T17:40:24","slug":"montazas-platforma-piepusamiem-pvc-baloniem-melna","status":"publish","type":"product","link":"https:\/\/shop.bushboats.com\/index.php\/produkts\/montazas-platforma-piepusamiem-pvc-baloniem-melna\/","title":{"rendered":"Mont\u0101\u017eas platforma piep\u016b\u0161amiem PVC baloniem (melna)"},"content":{"rendered":"<p>Sl\u0113dzene piederumiem un pastiprin\u0101ta PVC mont\u0101\u017eas platforma (bez stiprin\u0101jumiem)\u00a0( 140 x 140 mm)<\/p>\n","protected":false},"excerpt":{"rendered":"<p>Sl\u0113dzene piederumiem un pastiprin\u0101ta PVC mont\u0101\u017eas platforma (bez stiprin\u0101jumiem)\u00a0( 140 x 140 mm)<\/p>\n","protected":false},"featured_media":16938,"comment_status":"open","ping_status":"closed","template":"","meta":[],"product_brand":[],"product_cat":[864,54,670,682],"product_tag":[],"class_list":{"0":"post-16913","1":"product","2":"type-product","3":"status-publish","4":"has-post-thumbnail","6":"product_cat-borika-aksesuari-fasten","7":"product_cat-accessories","8":"product_cat-piepusamo-laivu-aksesuari","9":"product_cat-turetaji-makskerem-eholotiem-sensoriem","11":"first","12":"instock","13":"taxable","14":"shipping-taxable","15":"purchasable","16":"product-type-simple"},"jetpack_sharing_enabled":true,"_links":{"self":[{"href":"https:\/\/shop.bushboats.com\/index.php\/wp-json\/wp\/v2\/product\/16913","targetHints":{"allow":["GET"]}}],"collection":[{"href":"https:\/\/shop.bushboats.com\/index.php\/wp-json\/wp\/v2\/product"}],"about":[{"href":"https:\/\/shop.bushboats.com\/index.php\/wp-json\/wp\/v2\/types\/product"}],"replies":[{"embeddable":true,"href":"https:\/\/shop.bushboats.com\/index.php\/wp-json\/wp\/v2\/comments?post=16913"}],"wp:featuredmedia":[{"embeddable":true,"href":"https:\/\/shop.bushboats.com\/index.php\/wp-json\/wp\/v2\/media\/16938"}],"wp:attachment":[{"href":"https:\/\/shop.bushboats.com\/index.php\/wp-json\/wp\/v2\/media?parent=16913"}],"wp:term":[{"taxonomy":"product_brand","embeddable":true,"href":"https:\/\/shop.bushboats.com\/index.php\/wp-json\/wp\/v2\/product_brand?post=16913"},{"taxonomy":"product_cat","embeddable":true,"href":"https:\/\/shop.bushboats.com\/index.php\/wp-json\/wp\/v2\/product_cat?post=16913"},{"taxonomy":"product_tag","embeddable":true,"href":"https:\/\/shop.bushboats.com\/index.php\/wp-json\/wp\/v2\/product_tag?post=16913"}],"curies":[{"name":"wp","href":"https:\/\/api.w.org\/{rel}","templated":true}]}}