{"id":16919,"date":"2024-03-11T15:38:51","date_gmt":"2024-03-11T13:38:51","guid":{"rendered":"https:\/\/shop.bushboats.com\/?post_type=product&#038;p=16919"},"modified":"2025-09-08T17:58:09","modified_gmt":"2025-09-08T14:58:09","slug":"fasten-elektromotora-ipilota-kajas-turetajs","status":"publish","type":"product","link":"https:\/\/shop.bushboats.com\/index.php\/produkts\/fasten-elektromotora-ipilota-kajas-turetajs\/","title":{"rendered":"Fasten Elektromotora (Ipilota) k\u0101jas tur\u0113t\u0101js"},"content":{"rendered":"<p>Fasten FRH 101 Elektromotora (Ipilota)\u00a0k\u0101jas tur\u0113t\u0101js ir stiprin\u0101jums, kas paredz\u0113ts priek\u0161\u0113j\u0101 elektromotora atbalstam laivas p\u0101rvieto\u0161an\u0101s laik\u0101.<\/p>\n<h4>Fasten FRH 101 Elektromotora (Ipilota)\u00a0 k\u0101jas tur\u0113t\u0101js<\/h4>\n<p>Fasten FRH 101 Elektromotora k\u0101jas tur\u0113t\u0101js ir stiprin\u0101jums, kas paredz\u0113ts priek\u0161\u0113j\u0101 elektromotora atbalstam laivas p\u0101rvieto\u0161an\u0101s laik\u0101. Visiem \u0161iem Fasten piederumiem galos ir \u012bpa\u0161as formas stiprin\u0101juma punkts, kas viegli iek\u013caujas \u0101tr\u0101s atbr\u012bvo\u0161anas tur\u0113t\u0101j\u0101. 1999. gad\u0101 dibin\u0101tais uz\u0146\u0113mums BORIKA \u0161odien ir slaven\u0101kais furnit\u016bras un aksesu\u0101ru ra\u017eot\u0101js gandr\u012bz visu veidu peldl\u012bdzek\u013ciem. Tostarp laiv\u0101m, motorlaiv\u0101m, kajakiem un jaht\u0101m. Produkti apvieno augstu kvalit\u0101ti un sapr\u0101t\u012bgas cenas. Pateicoties akt\u012bvai inov\u0101ciju ievie\u0161anai, produkti ar pre\u010du z\u012bmi BORIKA ir ieguvu\u0161i slavu un atpaz\u012bstam\u012bbu Krievij\u0101, NVS valst\u012bs un Eirop\u0101. Ar BORIKA FASTen produktiem J\u016bsu laiva k\u013c\u016bs daudzfunkcion\u0101la, \u0113rta un stil\u012bga, sniedzot pla\u0161as iesp\u0113jas apg\u016bt jaunus \u0101ra aktivit\u0101\u0161u veidus uz \u016bdens. Neskaidr\u012bbu gad\u012bjum\u0101 kontakt\u0113jieties ar www.shop.bushboats.com p\u0101rdev\u0113ju, m\u0113s pal\u012bdz\u0113sim noskaidrot interes\u0113jo\u0161os jaut\u0101jumus.<\/p>\n","protected":false},"excerpt":{"rendered":"<p>Fasten FRH 101 Elektromotora (Ipilota)\u00a0k\u0101jas tur\u0113t\u0101js ir stiprin\u0101jums, kas paredz\u0113ts priek\u0161\u0113j\u0101 elektromotora atbalstam laivas p\u0101rvieto\u0161an\u0101s laik\u0101. Fasten FRH 101 Elektromotora (Ipilota)\u00a0 k\u0101jas tur\u0113t\u0101js Fasten FRH 101 Elektromotora k\u0101jas tur\u0113t\u0101js ir stiprin\u0101jums, kas paredz\u0113ts priek\u0161\u0113j\u0101 elektromotora atbalstam laivas p\u0101rvieto\u0161an\u0101s laik\u0101. Visiem \u0161iem Fasten piederumiem galos ir \u012bpa\u0161as formas stiprin\u0101juma punkts, kas viegli iek\u013caujas \u0101tr\u0101s atbr\u012bvo\u0161anas tur\u0113t\u0101j\u0101. [&hellip;]<\/p>\n","protected":false},"featured_media":16935,"comment_status":"open","ping_status":"closed","template":"","meta":[],"product_brand":[],"product_cat":[864,54,682],"product_tag":[],"class_list":{"0":"post-16919","1":"product","2":"type-product","3":"status-publish","4":"has-post-thumbnail","6":"product_cat-borika-aksesuari-fasten","7":"product_cat-accessories","8":"product_cat-turetaji-makskerem-eholotiem-sensoriem","10":"first","11":"instock","12":"taxable","13":"shipping-taxable","14":"purchasable","15":"product-type-simple"},"jetpack_sharing_enabled":true,"_links":{"self":[{"href":"https:\/\/shop.bushboats.com\/index.php\/wp-json\/wp\/v2\/product\/16919","targetHints":{"allow":["GET"]}}],"collection":[{"href":"https:\/\/shop.bushboats.com\/index.php\/wp-json\/wp\/v2\/product"}],"about":[{"href":"https:\/\/shop.bushboats.com\/index.php\/wp-json\/wp\/v2\/types\/product"}],"replies":[{"embeddable":true,"href":"https:\/\/shop.bushboats.com\/index.php\/wp-json\/wp\/v2\/comments?post=16919"}],"wp:featuredmedia":[{"embeddable":true,"href":"https:\/\/shop.bushboats.com\/index.php\/wp-json\/wp\/v2\/media\/16935"}],"wp:attachment":[{"href":"https:\/\/shop.bushboats.com\/index.php\/wp-json\/wp\/v2\/media?parent=16919"}],"wp:term":[{"taxonomy":"product_brand","embeddable":true,"href":"https:\/\/shop.bushboats.com\/index.php\/wp-json\/wp\/v2\/product_brand?post=16919"},{"taxonomy":"product_cat","embeddable":true,"href":"https:\/\/shop.bushboats.com\/index.php\/wp-json\/wp\/v2\/product_cat?post=16919"},{"taxonomy":"product_tag","embeddable":true,"href":"https:\/\/shop.bushboats.com\/index.php\/wp-json\/wp\/v2\/product_tag?post=16919"}],"curies":[{"name":"wp","href":"https:\/\/api.w.org\/{rel}","templated":true}]}}