{"id":17063,"date":"2024-03-25T20:01:25","date_gmt":"2024-03-25T18:01:25","guid":{"rendered":"https:\/\/shop.bushboats.com\/?post_type=product&#038;p=17063"},"modified":"2024-03-25T20:01:25","modified_gmt":"2024-03-25T18:01:25","slug":"atras-atbrivosanas-kronsteins-mka-32-minnkota","status":"publish","type":"product","link":"https:\/\/shop.bushboats.com\/index.php\/produkts\/atras-atbrivosanas-kronsteins-mka-32-minnkota\/","title":{"rendered":"\u0100tr\u0101s atbr\u012bvo\u0161anas kron\u0161teins \/ MKA-32 \/ MinnKota"},"content":{"rendered":"<p>\u0100tri no\u0146emiet elektriski vad\u0101mo, priek\u0161gala stiprin\u0101juma velc\u0113\u0161anas motoru. Izci\u013c\u0146a blo\u0137\u0113\u0161anas dizains un \u012bpa\u0161i stingras pielaides nov\u0113r\u0161 kron\u0161teina kust\u012bbu un troksni. Blo\u0137\u0113\u0161anas svir\u0101 ietilpst tapa un \u0161trope. Aug\u0161\u0113j\u0101s un apak\u0161\u0113j\u0101s pl\u0101ksnes var nostiprin\u0101t ar piekaramo atsl\u0113gu (nav iek\u013cautas komplekt\u0101). Kompoz\u012btmateri\u0101la p\u0101rsegs tiek piestiprin\u0101ts pie kron\u0161teina apak\u0161\u0113j\u0101s puses, kad motors tiek no\u0146emts, saglab\u0101jot kl\u0101ja profilu t\u012bru.<\/p>\n<ul>\n<li>\u013bauj \u0101tri no\u0146emt velc\u0113\u0161anas motoru no laivas kl\u0101ja un atkal piestiprin\u0101t pie t\u0101<\/li>\n<li>Cam-lock samazina kron\u0161teina kust\u012bbu un troksni<\/li>\n<li>Kompoz\u012btmateri\u0101la p\u0101rsegs (iek\u013cauts) tiek piestiprin\u0101ts pie kron\u0161teina apak\u0161\u0113j\u0101s da\u013cas, kad motors tiek no\u0146emts, lai kl\u0101ja profils b\u016btu t\u012brs<\/li>\n<li>Ietver ner\u016bs\u0113jo\u0161\u0101 t\u0113rauda mont\u0101\u017eas aparat\u016bru, siksnu un blo\u0137\u0113\u0161anas tapu<\/li>\n<li>Aug\u0161\u0113j\u0101 un apak\u0161\u0113j\u0101 pl\u0101ksn\u0113 ir slots nostiprin\u0101\u0161anai ar piekaramo sl\u0113dzeni (nav iek\u013cauts komplekt\u0101), lai nodro\u0161in\u0101tu papildu dro\u0161\u012bbu<\/li>\n<li>Savietojams ar Ulterra, Terrova, PowerDrive, PowerDrive V2, PowerDrive Pontoon un Deckhand 40<\/li>\n<\/ul>\n","protected":false},"excerpt":{"rendered":"<p>\u0100tri no\u0146emiet elektriski vad\u0101mo, priek\u0161gala stiprin\u0101juma velc\u0113\u0161anas motoru. Izci\u013c\u0146a blo\u0137\u0113\u0161anas dizains un \u012bpa\u0161i stingras pielaides nov\u0113r\u0161 kron\u0161teina kust\u012bbu un troksni. Blo\u0137\u0113\u0161anas svir\u0101 ietilpst tapa un \u0161trope. Aug\u0161\u0113j\u0101s un apak\u0161\u0113j\u0101s pl\u0101ksnes var nostiprin\u0101t ar piekaramo atsl\u0113gu (nav iek\u013cautas komplekt\u0101). Kompoz\u012btmateri\u0101la p\u0101rsegs tiek piestiprin\u0101ts pie kron\u0161teina apak\u0161\u0113j\u0101s puses, kad motors tiek no\u0146emts, saglab\u0101jot kl\u0101ja profilu t\u012bru. \u013bauj [&hellip;]<\/p>\n","protected":false},"featured_media":17064,"comment_status":"open","ping_status":"closed","template":"","meta":[],"product_brand":[],"product_cat":[707,725],"product_tag":[],"class_list":{"0":"post-17063","1":"product","2":"type-product","3":"status-publish","4":"has-post-thumbnail","6":"product_cat-elektromotori","7":"product_cat-minnkota-piederumi","9":"first","10":"instock","11":"taxable","12":"shipping-taxable","13":"purchasable","14":"product-type-simple"},"jetpack_sharing_enabled":true,"_links":{"self":[{"href":"https:\/\/shop.bushboats.com\/index.php\/wp-json\/wp\/v2\/product\/17063","targetHints":{"allow":["GET"]}}],"collection":[{"href":"https:\/\/shop.bushboats.com\/index.php\/wp-json\/wp\/v2\/product"}],"about":[{"href":"https:\/\/shop.bushboats.com\/index.php\/wp-json\/wp\/v2\/types\/product"}],"replies":[{"embeddable":true,"href":"https:\/\/shop.bushboats.com\/index.php\/wp-json\/wp\/v2\/comments?post=17063"}],"wp:featuredmedia":[{"embeddable":true,"href":"https:\/\/shop.bushboats.com\/index.php\/wp-json\/wp\/v2\/media\/17064"}],"wp:attachment":[{"href":"https:\/\/shop.bushboats.com\/index.php\/wp-json\/wp\/v2\/media?parent=17063"}],"wp:term":[{"taxonomy":"product_brand","embeddable":true,"href":"https:\/\/shop.bushboats.com\/index.php\/wp-json\/wp\/v2\/product_brand?post=17063"},{"taxonomy":"product_cat","embeddable":true,"href":"https:\/\/shop.bushboats.com\/index.php\/wp-json\/wp\/v2\/product_cat?post=17063"},{"taxonomy":"product_tag","embeddable":true,"href":"https:\/\/shop.bushboats.com\/index.php\/wp-json\/wp\/v2\/product_tag?post=17063"}],"curies":[{"name":"wp","href":"https:\/\/api.w.org\/{rel}","templated":true}]}}