{"id":17118,"date":"2024-03-25T20:43:57","date_gmt":"2024-03-25T18:43:57","guid":{"rendered":"https:\/\/shop.bushboats.com\/?post_type=product&#038;p=17118"},"modified":"2024-03-25T20:43:57","modified_gmt":"2024-03-25T18:43:57","slug":"quick-release-bracket-rta-62","status":"publish","type":"product","link":"https:\/\/shop.bushboats.com\/index.php\/produkts\/quick-release-bracket-rta-62\/","title":{"rendered":"Quick Release Bracket \/ RTA-62"},"content":{"rendered":"<p>Viegli no\u0146emiet elektrisko st\u016br\u0113\u0161anu, priek\u0161gala stiprin\u0101juma velc\u0113\u0161anas motoru. Augstas ra\u017e\u012bbas kompoz\u012btmateri\u0101lu konstrukcija ir \u012bpa\u0161i iztur\u012bga un necaurlaid\u012bga pret koroziju un \u012bpa\u0161i izstr\u0101d\u0101ta augst\u0101kiem vilces motoriem un gar\u0101kiem v\u0101rpstas garumiem. Zema profila dizains atst\u0101j kl\u0101ju skaidru, kad motors tiek no\u0146emts. Blo\u0137\u0113\u0161anas rokturi ar ner\u016bs\u0113jo\u0161\u0101 t\u0113rauda tap\u0101m var nostiprin\u0101t ar piekaramo atsl\u0113gu (piekaram\u0101 atsl\u0113ga nav iek\u013cauta komplekt\u0101, nop\u0113rkama atsevi\u0161\u0137i). PIEZ\u012aME: Ieteicams 112 m\u0101rci\u0146u vilces un 72&#8243; un 87&#8243; v\u0101rpstas velc\u0113\u0161anas motoriem.<\/p>\n","protected":false},"excerpt":{"rendered":"<p>Viegli no\u0146emiet elektrisko st\u016br\u0113\u0161anu, priek\u0161gala stiprin\u0101juma velc\u0113\u0161anas motoru. Augstas ra\u017e\u012bbas kompoz\u012btmateri\u0101lu konstrukcija ir \u012bpa\u0161i iztur\u012bga un necaurlaid\u012bga pret koroziju un \u012bpa\u0161i izstr\u0101d\u0101ta augst\u0101kiem vilces motoriem un gar\u0101kiem v\u0101rpstas garumiem. Zema profila dizains atst\u0101j kl\u0101ju skaidru, kad motors tiek no\u0146emts. Blo\u0137\u0113\u0161anas rokturi ar ner\u016bs\u0113jo\u0161\u0101 t\u0113rauda tap\u0101m var nostiprin\u0101t ar piekaramo atsl\u0113gu (piekaram\u0101 atsl\u0113ga nav iek\u013cauta komplekt\u0101, [&hellip;]<\/p>\n","protected":false},"featured_media":17119,"comment_status":"open","ping_status":"closed","template":"","meta":[],"product_brand":[],"product_cat":[707,725],"product_tag":[],"class_list":{"0":"post-17118","1":"product","2":"type-product","3":"status-publish","4":"has-post-thumbnail","6":"product_cat-elektromotori","7":"product_cat-minnkota-piederumi","9":"first","10":"instock","11":"taxable","12":"shipping-taxable","13":"purchasable","14":"product-type-simple"},"jetpack_sharing_enabled":true,"_links":{"self":[{"href":"https:\/\/shop.bushboats.com\/index.php\/wp-json\/wp\/v2\/product\/17118","targetHints":{"allow":["GET"]}}],"collection":[{"href":"https:\/\/shop.bushboats.com\/index.php\/wp-json\/wp\/v2\/product"}],"about":[{"href":"https:\/\/shop.bushboats.com\/index.php\/wp-json\/wp\/v2\/types\/product"}],"replies":[{"embeddable":true,"href":"https:\/\/shop.bushboats.com\/index.php\/wp-json\/wp\/v2\/comments?post=17118"}],"wp:featuredmedia":[{"embeddable":true,"href":"https:\/\/shop.bushboats.com\/index.php\/wp-json\/wp\/v2\/media\/17119"}],"wp:attachment":[{"href":"https:\/\/shop.bushboats.com\/index.php\/wp-json\/wp\/v2\/media?parent=17118"}],"wp:term":[{"taxonomy":"product_brand","embeddable":true,"href":"https:\/\/shop.bushboats.com\/index.php\/wp-json\/wp\/v2\/product_brand?post=17118"},{"taxonomy":"product_cat","embeddable":true,"href":"https:\/\/shop.bushboats.com\/index.php\/wp-json\/wp\/v2\/product_cat?post=17118"},{"taxonomy":"product_tag","embeddable":true,"href":"https:\/\/shop.bushboats.com\/index.php\/wp-json\/wp\/v2\/product_tag?post=17118"}],"curies":[{"name":"wp","href":"https:\/\/api.w.org\/{rel}","templated":true}]}}