{"id":17207,"date":"2024-03-25T22:04:04","date_gmt":"2024-03-25T20:04:04","guid":{"rendered":"https:\/\/shop.bushboats.com\/?post_type=product&#038;p=17207"},"modified":"2024-03-25T22:04:05","modified_gmt":"2024-03-25T20:04:05","slug":"minn-kota-rt-terrova-90-115-wr-quest-24v-36v-72","status":"publish","type":"product","link":"https:\/\/shop.bushboats.com\/index.php\/produkts\/minn-kota-rt-terrova-90-115-wr-quest-24v-36v-72\/","title":{"rendered":"MINN KOTA RT TERROVA 90\/115\/WR QUEST 24V\/36V 72&#8243;"},"content":{"rendered":"<p><em><strong>P\u0101rskats<\/strong><\/em><\/p>\n<p>Gadu gait\u0101 Terrova ir sevi pier\u0101d\u012bjusi k\u0101 mak\u0161\u0137ernieku darba zirgs vis\u0101 pasaul\u0113. Tas pavada j\u016bs visu laiku un pal\u012bdz g\u016bt liel\u0101ku prieku no mak\u0161\u0137er\u0113\u0161anas. Un tagad \u0161\u012b koncepcija ir piln\u012bb\u0101 p\u0101rdom\u0101ta. Jaun\u0101 QUEST s\u0113rija ar diviem 24\/36V bezsuku velc\u0113\u0161anas motoriem tika izstr\u0101d\u0101ta mak\u0161\u0137erniekiem, kuri no sava apr\u012bkojuma prasa vislab\u0101ko \u2013 pat vissmag\u0101kajos apst\u0101k\u013cos. Ar sp\u0113c\u012bg\u0101ku motoru un stiprin\u0101jumu, uzlabot\u0101m GPS funkcij\u0101m nek\u0101 jebkad agr\u0101k un pat Eco re\u017e\u012bmu, lai pagarin\u0101tu akumulatora darb\u012bbas laiku, jaun\u0101s paaudzes Terrova ir izstr\u0101d\u0101ta t\u0101, lai j\u016bs var\u0113tu uztur\u0113ties uz \u016bdens daudzus gadus.<\/p>\n<p><em><strong>Funkcijas<\/strong><\/em><\/p>\n<ul>\n<li>Motors s\u0101ls\u016bdenim<\/li>\n<li>Salok\u0161anas\/izv\u0113r\u0161anas svira: Nospiediet \u0161o sviru uz motora pamatnes, un atlai\u0161ana viegli nolaid\u012bs velc\u0113\u0161anas motoru \u016bden\u012b. Un, kad esat gatavs parcelties, Auto Park pal\u012bdz viegli pacelt dzin\u0113ju, autom\u0101tiski orient\u0113jot apak\u0161\u0113jo bloku ide\u0101l\u0101 saloc\u012b\u0161anas poz\u012bcij\u0101.<\/li>\n<li>Uzlabot\u0101 GPS velc\u0113\u0161anas sist\u0113ma: Visuzticam\u0101k\u0101 mak\u0161\u0137er\u0113\u0161anas navig\u0101cijas sist\u0113ma. Terrova izmanto GPS, lai kontrol\u0113tu j\u016bsu velc\u0113\u0161anas motoru ar nep\u0101rsp\u0113jam\u0101m funkcij\u0101m, kas pal\u012bdz no\u0137ert zivis. Iestatiet Spot-Locks, ierakstiet trajektorijas, kontrol\u0113jiet \u0101trumu, st\u016br\u0113\u0161anu un daudz ko citu. Minn Kota nodro\u0161ina autom\u0101tisku laivas pozicion\u0113\u0161anu un st\u016br\u0113\u0161anu, un j\u016bs varat sa\u0146emt komandas no Terrova bezvadu t\u0101lvad\u012bbas pults viegli nolas\u0101m\u0101 LCD ekr\u0101na.<\/li>\n<li>Minn Kota motori, kas ir da\u013ca no vienas laivas t\u012bkla, ir iek\u013cauti standarta komplekt\u0101cij\u0101 ar visu, kas nepiecie\u0161ams, lai izveidotu savienojumu ar noteiktiem Humminbird zivju mekl\u0113t\u0101jiem, nodro\u0161inot piek\u013cuvi uzlabot\u0101m navig\u0101cijas funkcij\u0101m bez nepiecie\u0161am\u012bbas pievienot papildu adapterus vai veikt sare\u017e\u0123\u012btas iestat\u012b\u0161anas proced\u016bras.<\/li>\n<li>Spot-Lock ar Jog: Spot-Lock notur j\u016bs viet\u0101 ar nepieredz\u0113tu GPS precizit\u0101ti. Spot-Lock sniedz jums iesp\u0113ju palikt tie\u0161i virs produkt\u012bv\u0101m mak\u0161\u0137er\u0113\u0161anas viet\u0101m, nepieskaroties velc\u0113\u0161anas motoram. Izmantojot ieb\u016bv\u0113to virziena sensoru, varat izmantot Jog, lai p\u0101rvietotu Spot-Lock atra\u0161an\u0101s vietu piecas p\u0113das jebkur\u0101 virzien\u0101.<\/li>\n<li>Drifta re\u017e\u012bms autom\u0101tiski nodro\u0161ina vienlaic\u012bgu \u0101truma un kursa kontroli, kas noz\u012bm\u0113, ka mak\u0161\u0137erniekiem vairs nav j\u0101pa\u013caujas uz papildu kicker motoriem vai manu\u0101l\u0101m vad\u012bbas ier\u012bc\u0113m, lai kontrol\u0113tu \u0101trumu \u2013 pat vissp\u0113c\u012bg\u0101kaj\u0101 v\u0113j\u0101 un straum\u0113.<\/li>\n<li>Re\u0101llaika akumulatora uzraudz\u012bba: p\u0101rbaudiet akumulatora uzl\u0101des l\u012bmeni, kam\u0113r lietojat dzin\u0113ju, re\u0101llaika &#8220;pirms izl\u0101d\u0113\u0161an\u0101s&#8221; monitors ar pazi\u0146ojumu, kad akumulatora jauda samazin\u0101s l\u012bdz 20%, lai mudin\u0101tu lietot\u0101jus p\u0101rsl\u0113gties uz &#8220;Eco Mode&#8221;, kas var samazin\u0101t str\u0101vas pat\u0113ri\u0146u, lai pagarin\u0101tu akumulatoru. dz\u012bvi.<\/li>\n<li>Digital Maximizer\u2122: nodro\u0161ina l\u012bdz pat 5x ilg\u0101ku akumulatora darb\u012bbas laiku ar vienu uzl\u0101di. \u0160ie main\u012bga \u0101truma velc\u0113\u0161anas motori \u013cauj iestat\u012bt prec\u012bzus \u0101trumus un nodro\u0161in\u0101t tie\u0161i tik nepiecie\u0161amo jaudu, pal\u012bdzot saglab\u0101t akumulatoru visai mak\u0161\u0137er\u0113\u0161anas dienai.<\/li>\n<li>Programm\u0113jams elektriskais ped\u0101lis: zema profila dizains pied\u0101v\u0101 divas vad\u012bbas iesp\u0113jas: uz priek\u0161u\/atpaka\u013c ped\u0101li un st\u016bres kreiso\/labo pogu, k\u0101 ar\u012b lietot\u0101ja programm\u0113jamu pogu, lai j\u016bsu visbie\u017e\u0101k izmantot\u0101s funkcijas b\u016btu rokas stiepiena att\u0101lum\u0101, tostarp: atz\u012bm\u0113jiet ce\u013ca punktu, iesp\u0113jojiet AutoPilot, k\u0101 ar\u012b pacel\u0161an\u0101s un nolai\u0161an\u0101s sekl\u0101 \u016bden\u012b. Iek\u013cauts 18\u00a0p\u0113du vads.<\/li>\n<li>Ieb\u016bv\u0113ts divu spektru son\u0101rs: nodro\u0161ina, ka j\u016bsu dev\u0113js un vadi ir piln\u012bb\u0101 pasl\u0113pti un aizsarg\u0101ti, vadot visu caur velc\u0113\u0161anas motora v\u0101rpstu. Aptverot pla\u0161u frekven\u010du diapazonu, CHIRP Humminbird\u00ae sniedz prec\u012bz\u0101ku un detaliz\u0113t\u0101ku inform\u0101ciju par ziv\u012bm un grunts strukt\u016bru nek\u0101 tradicion\u0101lais zivju mekl\u0113t\u0101js.<\/li>\n<li>Neizn\u012bcin\u0101ma kompoz\u012btmateri\u0101la v\u0101rpsta &#8211; garant\u0113ta m\u016b\u017ea garum\u0101. J\u016bsu Minn Kota velc\u0113\u0161anas motora pamat\u0101 ir iztur\u012bga kompoz\u012btmateri\u0101la v\u0101rpsta. \u0160is ir Minn Kota ekskluz\u012bvs, un m\u0113s to garant\u0113jam uz m\u016b\u017eu.<\/li>\n<li>Mobilo lietot\u0146u sader\u012bba: vadiet savu motoru tie\u0161i no savas Apple\u00ae vai Android\u2122 ier\u012bces, izmantojot One-Boat Network lietotni. J\u016bs sa\u0146emat \u0101tru \u0101truma, st\u016bres, fiks\u0101cijas un autopilota kontroli, k\u0101 ar\u012b iesp\u0113ju atjaunin\u0101t programmat\u016bru.<\/li>\n<li>Komplekt\u0101 ietilpst: Terrova Quest 90\/115 lbs 72 collu motors, bezvadu t\u0101lvad\u012bbas pults, v\u0101du k\u0101jas ped\u0101lis, savienojumu v\u0101du komplekts, virziena sensors, MKP-40 dzenskr\u016bve\u00a0un mont\u0101\u017eas aprikojums<\/li>\n<\/ul>\n","protected":false},"excerpt":{"rendered":"<p>P\u0101rskats Gadu gait\u0101 Terrova ir sevi pier\u0101d\u012bjusi k\u0101 mak\u0161\u0137ernieku darba zirgs vis\u0101 pasaul\u0113. Tas pavada j\u016bs visu laiku un pal\u012bdz g\u016bt liel\u0101ku prieku no mak\u0161\u0137er\u0113\u0161anas. Un tagad \u0161\u012b koncepcija ir piln\u012bb\u0101 p\u0101rdom\u0101ta. Jaun\u0101 QUEST s\u0113rija ar diviem 24\/36V bezsuku velc\u0113\u0161anas motoriem tika izstr\u0101d\u0101ta mak\u0161\u0137erniekiem, kuri no sava apr\u012bkojuma prasa vislab\u0101ko \u2013 pat vissmag\u0101kajos apst\u0101k\u013cos. Ar [&hellip;]<\/p>\n","protected":false},"featured_media":17208,"comment_status":"open","ping_status":"closed","template":"","meta":[],"product_brand":[],"product_cat":[707,731],"product_tag":[],"class_list":{"0":"post-17207","1":"product","2":"type-product","3":"status-publish","4":"has-post-thumbnail","6":"product_cat-elektromotori","7":"product_cat-riptide-terrova-quest","9":"first","10":"instock","11":"taxable","12":"shipping-taxable","13":"purchasable","14":"product-type-simple"},"jetpack_sharing_enabled":true,"_links":{"self":[{"href":"https:\/\/shop.bushboats.com\/index.php\/wp-json\/wp\/v2\/product\/17207","targetHints":{"allow":["GET"]}}],"collection":[{"href":"https:\/\/shop.bushboats.com\/index.php\/wp-json\/wp\/v2\/product"}],"about":[{"href":"https:\/\/shop.bushboats.com\/index.php\/wp-json\/wp\/v2\/types\/product"}],"replies":[{"embeddable":true,"href":"https:\/\/shop.bushboats.com\/index.php\/wp-json\/wp\/v2\/comments?post=17207"}],"wp:featuredmedia":[{"embeddable":true,"href":"https:\/\/shop.bushboats.com\/index.php\/wp-json\/wp\/v2\/media\/17208"}],"wp:attachment":[{"href":"https:\/\/shop.bushboats.com\/index.php\/wp-json\/wp\/v2\/media?parent=17207"}],"wp:term":[{"taxonomy":"product_brand","embeddable":true,"href":"https:\/\/shop.bushboats.com\/index.php\/wp-json\/wp\/v2\/product_brand?post=17207"},{"taxonomy":"product_cat","embeddable":true,"href":"https:\/\/shop.bushboats.com\/index.php\/wp-json\/wp\/v2\/product_cat?post=17207"},{"taxonomy":"product_tag","embeddable":true,"href":"https:\/\/shop.bushboats.com\/index.php\/wp-json\/wp\/v2\/product_tag?post=17207"}],"curies":[{"name":"wp","href":"https:\/\/api.w.org\/{rel}","templated":true}]}}