{"id":17259,"date":"2024-03-25T22:46:37","date_gmt":"2024-03-25T20:46:37","guid":{"rendered":"https:\/\/shop.bushboats.com\/?post_type=product&#038;p=17259"},"modified":"2024-03-25T22:46:37","modified_gmt":"2024-03-25T20:46:37","slug":"minn-kota-ulterra-112-dsc-wr-60-36v","status":"publish","type":"product","link":"https:\/\/shop.bushboats.com\/index.php\/produkts\/minn-kota-ulterra-112-dsc-wr-60-36v\/","title":{"rendered":"MINN KOTA ULTERRA 112 DSC WR 60&#8243; 36V"},"content":{"rendered":"<p><em><strong>P\u0101rskats<\/strong><\/em><\/p>\n<p>Ulterra Auto Stow\/Deploy un Power Trim sist\u0113mas jau gadiem pal\u012bdz mak\u0161\u0137erniekiem izbaud\u012bt laiku uz \u016bdens. Tagad \u0161is \u0113rti lietojamais dzin\u0113js ir piln\u012bb\u0101 p\u0101rdom\u0101ts, lai iztur\u0113tu v\u0113l liel\u0101kas slodzes. Ulterra var nolaist, pacelt un regul\u0113t augstumu, izmantojot t\u0101lvad\u012bbas pulti vai k\u0101jas ped\u0101li, kas noz\u012bm\u0113, ka jums vairs nekad nav j\u0101pieskaras motoram. Ar programm\u0113jamu k\u0101jas ped\u0101li, moderniz\u0113tu motoru un stiprin\u0101jumu, uzlabot\u0101m GPS funkcij\u0101m nek\u0101 jebkad agr\u0101k un pat Eco re\u017e\u012bmu QUEST mode\u013cos, lai pagarin\u0101tu akumulatora darb\u012bbas laiku.<\/p>\n<p><em><strong>Funkcijas<\/strong><\/em><\/p>\n<ul>\n<li>Autom\u0101tiska nolai\u0161ana un pacel\u0161ana: paceliet un nolaidiet Ulterra, vienk\u0101r\u0161i nospie\u017eot pogu uz bezvadu t\u0101lvad\u012bbas pults vai k\u0101jas ped\u0101\u013ca, izmantojot One-Boat Network lietotni vai Humminbird eholote.<\/li>\n<li>Power Trim: kontrol\u0113jiet Ulterra virz\u012b\u0161anu uz aug\u0161u vai uz leju, nospie\u017eot vienu pogu\u00a0\u2014 ar k\u0101jas ped\u0101li, bezvadu t\u0101lvad\u012bbas pulti, One-Boat Network lietotni vai Humminbird zivju mekl\u0113t\u0101ju. Piel\u0101gojieties main\u012bgajiem mak\u0161\u0137er\u0113\u0161anas apst\u0101k\u013ciem, nepieskaroties velc\u0113\u0161anas motoram.<\/li>\n<li>Uzlabot\u0101 GPS velc\u0113\u0161anas sist\u0113ma: Visuzticam\u0101k\u0101 mak\u0161\u0137er\u0113\u0161anas navig\u0101cijas sist\u0113ma. Ulterra izmanto GPS, lai kontrol\u0113tu j\u016bsu velc\u0113\u0161anas motoru, un tai ir nep\u0101rsp\u0113jamas funkcijas, kas pal\u012bdz no\u0137ert zivis. Iestatiet Spot-Locks, ierakstiet trajektorijas, kontrol\u0113jiet \u0101trumu, st\u016br\u0113\u0161anu un daudz ko citu. Minn Kota nodro\u0161ina autom\u0101tisku laivas pozicion\u0113\u0161anu un st\u016br\u0113\u0161anu, un j\u016bs varat sa\u0146emt komandas no Ulterra bezvadu t\u0101lvad\u012bbas pults viegli nolas\u0101m\u0101 LCD ekr\u0101na.<\/li>\n<li>Spot-Lock ar Jog: Spot-Lock notur j\u016bs viet\u0101 ar nepieredz\u0113tu GPS precizit\u0101ti. Spot-Lock sniedz jums iesp\u0113ju palikt tie\u0161i virs produkt\u012bv\u0101m mak\u0161\u0137er\u0113\u0161anas viet\u0101m, nepieskaroties velc\u0113\u0161anas motoram. Izmantojot komplekt\u0101 iek\u013cauto virziena sensoru, varat izmantot Jog, lai p\u0101rvietotu Spot-Lock atra\u0161an\u0101s vietu piecas p\u0113das jebkur\u0101 virzien\u0101.<\/li>\n<li>Drifta re\u017e\u012bms nodro\u0161ina tie\u0161u navig\u0101ciju, lai nodro\u0161in\u0101tu izcilu laivas vad\u012bbu jebkur\u0101 virzien\u0101 un jebkur\u0101 \u0101trum\u0101, bez nepiecie\u0161am\u012bbas izmantot kicker motorus vai rokas vad\u012bbas ier\u012bces \u2014 pat vissp\u0113c\u012bg\u0101kaj\u0101 v\u0113j\u0101 un straum\u0113.<\/li>\n<li>Ieb\u016bv\u0113ts divu spektru son\u0101rs: nodro\u0161ina, ka j\u016bsu dev\u0113js un vadi ir piln\u012bb\u0101 pasl\u0113pti un aizsarg\u0101ti, vadot visu caur velc\u0113\u0161anas motora v\u0101rpstu. Aptverot pla\u0161u frekven\u010du diapazonu, CHIRP Humminbird\u00ae sniedz prec\u012bz\u0101ku un detaliz\u0113t\u0101ku inform\u0101ciju par ziv\u012bm un grunts strukt\u016bru nek\u0101 tradicion\u0101lais zivju mekl\u0113t\u0101js.<\/li>\n<li>Programm\u0113jams elektriskais k\u0101jas ped\u0101lis: salokiet, novietojiet un noregul\u0113jiet Ulterra apdari, nospie\u017eot k\u0101jas ped\u0101li, k\u0101 ar\u012b lietot\u0101ja programm\u0113jamu pogu, lai j\u016bsu visbie\u017e\u0101k izmantot\u0101s funkcijas b\u016btu rokas stiepiena att\u0101lum\u0101, tostarp: ce\u013ca punkta atz\u012bm\u0113\u0161ana, autopilota iesl\u0113g\u0161ana vai izvieto\u0161ana. vai ievelkami sekla \u016bdens enkuri Minn Kota. Iek\u013cauts 18\u00a0p\u0113du vads.<\/li>\n<li>Digital Maximizer\u2122: nodro\u0161ina l\u012bdz pat 5x ilg\u0101ku akumulatora darb\u012bbas laiku ar vienu uzl\u0101di. \u0160ie main\u012bga \u0101truma velc\u0113\u0161anas motori \u013cauj iestat\u012bt prec\u012bzus \u0101trumus un nodro\u0161in\u0101t tie\u0161i tik nepiecie\u0161amo jaudu, pal\u012bdzot saglab\u0101t akumulatoru visai mak\u0161\u0137er\u0113\u0161anas dienai.<\/li>\n<li>Neizn\u012bcin\u0101ma kompoz\u012btmateri\u0101la v\u0101rpsta &#8211; garant\u0113ta m\u016b\u017ea garum\u0101. J\u016bsu Minn Kota velc\u0113\u0161anas motora pamat\u0101 ir iztur\u012bga kompoz\u012btmateri\u0101la v\u0101rpsta. \u0160is ir Minn Kota ekskluz\u012bvs, un m\u0113s to garant\u0113jam uz m\u016b\u017eu.<\/li>\n<li>Mobilo lietot\u0146u sader\u012bba: vadiet Ultrex tie\u0161i no savas Apple\u00ae vai Android\u2122 ier\u012bces, izmantojot One-Boat Network lietotni. J\u016bs sa\u0146emat \u0101tru \u0101truma, st\u016bres, fiks\u0101cijas un autopilota kontroli, k\u0101 ar\u012b iesp\u0113ju atjaunin\u0101t programmat\u016bru.<\/li>\n<li>Komplekt\u0101 ietilpst: Ulterra 112 m\u0101rci\u0146as 60 collu motors, bezvadu t\u0101lvad\u012bbas pults, vadu p\u0113das vad\u012bba, savienojuma vadu komplekts, virziena sensors, MKP-38 dzenskr\u016bve un mont\u0101\u017eas apr\u012bkojums.<\/li>\n<\/ul>\n","protected":false},"excerpt":{"rendered":"<p>P\u0101rskats Ulterra Auto Stow\/Deploy un Power Trim sist\u0113mas jau gadiem pal\u012bdz mak\u0161\u0137erniekiem izbaud\u012bt laiku uz \u016bdens. Tagad \u0161is \u0113rti lietojamais dzin\u0113js ir piln\u012bb\u0101 p\u0101rdom\u0101ts, lai iztur\u0113tu v\u0113l liel\u0101kas slodzes. Ulterra var nolaist, pacelt un regul\u0113t augstumu, izmantojot t\u0101lvad\u012bbas pulti vai k\u0101jas ped\u0101li, kas noz\u012bm\u0113, ka jums vairs nekad nav j\u0101pieskaras motoram. Ar programm\u0113jamu k\u0101jas ped\u0101li, [&hellip;]<\/p>\n","protected":false},"featured_media":17260,"comment_status":"open","ping_status":"closed","template":"","meta":[],"product_brand":[],"product_cat":[707,734],"product_tag":[],"class_list":{"0":"post-17259","1":"product","2":"type-product","3":"status-publish","4":"has-post-thumbnail","6":"product_cat-elektromotori","7":"product_cat-ulterra","9":"first","10":"instock","11":"taxable","12":"shipping-taxable","13":"purchasable","14":"product-type-simple"},"jetpack_sharing_enabled":true,"_links":{"self":[{"href":"https:\/\/shop.bushboats.com\/index.php\/wp-json\/wp\/v2\/product\/17259","targetHints":{"allow":["GET"]}}],"collection":[{"href":"https:\/\/shop.bushboats.com\/index.php\/wp-json\/wp\/v2\/product"}],"about":[{"href":"https:\/\/shop.bushboats.com\/index.php\/wp-json\/wp\/v2\/types\/product"}],"replies":[{"embeddable":true,"href":"https:\/\/shop.bushboats.com\/index.php\/wp-json\/wp\/v2\/comments?post=17259"}],"wp:featuredmedia":[{"embeddable":true,"href":"https:\/\/shop.bushboats.com\/index.php\/wp-json\/wp\/v2\/media\/17260"}],"wp:attachment":[{"href":"https:\/\/shop.bushboats.com\/index.php\/wp-json\/wp\/v2\/media?parent=17259"}],"wp:term":[{"taxonomy":"product_brand","embeddable":true,"href":"https:\/\/shop.bushboats.com\/index.php\/wp-json\/wp\/v2\/product_brand?post=17259"},{"taxonomy":"product_cat","embeddable":true,"href":"https:\/\/shop.bushboats.com\/index.php\/wp-json\/wp\/v2\/product_cat?post=17259"},{"taxonomy":"product_tag","embeddable":true,"href":"https:\/\/shop.bushboats.com\/index.php\/wp-json\/wp\/v2\/product_tag?post=17259"}],"curies":[{"name":"wp","href":"https:\/\/api.w.org\/{rel}","templated":true}]}}