{"id":17308,"date":"2024-03-25T23:16:46","date_gmt":"2024-03-25T21:16:46","guid":{"rendered":"https:\/\/shop.bushboats.com\/?post_type=product&#038;p=17308"},"modified":"2024-03-25T23:16:46","modified_gmt":"2024-03-25T21:16:46","slug":"minn-kota-rt-terrova-80-lbs-60-wr-24v","status":"publish","type":"product","link":"https:\/\/shop.bushboats.com\/index.php\/produkts\/minn-kota-rt-terrova-80-lbs-60-wr-24v\/","title":{"rendered":"MINN KOTA RT TERROVA 80 LBS 60&#8243; WR 24V"},"content":{"rendered":"<p><em><strong>P\u0101rskats<\/strong><\/em><br \/>\nKas padara Terrova\u00ae tik popul\u0101ru? K\u0101 b\u016btu, ja j\u016bs ieg\u016btu liel\u0101ku kontroli p\u0101r savu laivu nek\u0101 jebkad agr\u0101k? S\u0101ciet ar Minn Kota vismodern\u0101ko GPS velc\u0113\u0161anas sist\u0113mu, tostarp Spot-Lock\u00ae. Pievienojiet tam visu nepiecie\u0161amo vilces sp\u0113ku, lai p\u0101rvar\u0113tu jebkuru \u016bdeni, k\u0101 ar\u012b \u0113rtu pacel\u0161anu\u00a0un nolai\u0161anu. Tas padara \u0161o darba zirgu par vienu no uzticam\u0101kajiem, jaud\u012bg\u0101kajiem un visvair\u0101k p\u0101rbaud\u012btajiem dzin\u0113jiem uz \u016bdens.<\/p>\n<p><em><strong>Funkcijas<\/strong><\/em><\/p>\n<ul>\n<li>Uzlabot\u0101 GPS velc\u0113\u0161anas sist\u0113ma s\u0101ls \u016bdenim: Visuzticam\u0101k\u0101 mak\u0161\u0137er\u0113\u0161anas navig\u0101cijas sist\u0113ma. Terrova izmanto GPS, lai kontrol\u0113tu j\u016bsu velc\u0113\u0161anas motoru ar nep\u0101rsp\u0113jam\u0101m funkcij\u0101m, kas pal\u012bdz no\u0137ert zivis. Iestatiet Spot-Locks, ierakstiet trajektorijas, kontrol\u0113jiet \u0101trumu, st\u016br\u0113\u0161anu un daudz ko citu. Minn Kota nodro\u0161ina autom\u0101tisku laivas pozicion\u0113\u0161anu un st\u016br\u0113\u0161anu, un j\u016bs varat sa\u0146emt komandas no Terrova bezvadu t\u0101lvad\u012bbas pults viegli nolas\u0101m\u0101 LCD ekr\u0101na.<\/li>\n<li>Spot-Lock ar Jog: Spot-Lock notur j\u016bs viet\u0101 ar nepieredz\u0113tu GPS precizit\u0101ti. Pieejams ar iepriek\u0161 instal\u0113tu GPS sist\u0113mu, Spot-Lock sniedz jums iesp\u0113ju palikt tie\u0161i virs jebkuras produkt\u012bvas mak\u0161\u0137er\u0113\u0161anas vietas, nepieskaroties velc\u0113\u0161anas motoram. Izmantojot komplekt\u0101 iek\u013cauto virziena sensoru, varat izmantot Jog, lai p\u0101rvietotu Spot-Lock atra\u0161an\u0101s vietu piecas p\u0113das jebkur\u0101 virzien\u0101. Aktiviz\u0113jiet Spot-Lock, izmantojot bezvadu t\u0101lvad\u012bbas pulti vai Humminbird zivju mekl\u0113t\u0101ju.<\/li>\n<li>AutoPilot\u2122: autom\u0101tiski virziet savu laivu jebkur\u0101 izv\u0113l\u0113taj\u0101 virzien\u0101. Vienk\u0101r\u0161i pav\u0113rsiet velc\u0113\u0161anas motora galvu vajadz\u012bgaj\u0101 virzien\u0101, aktiviz\u0113jiet AutoPilot\u2122, un velc\u0113\u0161anas motors autom\u0101tiski notur\u0113s j\u016bs \u0161aj\u0101 virzien\u0101, pat piel\u0101gojoties v\u0113jam, vi\u013c\u0146iem un straumei.<\/li>\n<li>Akumulatora uzl\u0101des m\u0113r\u012bt\u0101js, nospie\u017eot pogu: nospiediet pogu uz velc\u0113\u0161anas motora galvas, lai uzreiz ieg\u016btu inform\u0101ciju par atliku\u0161o akumulatora uzl\u0101di.<\/li>\n<li>Digital Maximizer\u2122: nodro\u0161ina l\u012bdz pat 5x ilg\u0101ku akumulatora darb\u012bbas laiku ar vienu uzl\u0101di. \u0160ie main\u012bga \u0101truma velc\u0113\u0161anas motori \u013cauj iestat\u012bt prec\u012bzus \u0101trumus un nodro\u0161in\u0101t tie\u0161i tik nepiecie\u0161amo jaudu, pal\u012bdzot ietaup\u012bt akumulatoru visai mak\u0161\u0137er\u0113\u0161anas dienai.<\/li>\n<li>Weedless Wedge\u2122 2 dzenskr\u016bve: ar atpaka\u013c izliekt\u0101m, uzliesmojo\u0161\u0101m l\u0101psti\u0146\u0101m, kas \u013cauj tikt gal\u0101 ar jebkuru \u0161\u0137\u0113rsli, neiztuk\u0161ojot vai neizl\u0101d\u0113jot akumulatoru, Weedless Wedge\u2122 2 ir viens no uzticam\u0101kajiem mak\u0161\u0137er\u0113\u0161anas piederumiem.<\/li>\n<li>Neizn\u012bcin\u0101ma kompoz\u012btmateri\u0101la v\u0101rpsta &#8211; garant\u0113ta m\u016b\u017ea garum\u0101. J\u016bsu Minn Kota velc\u0113\u0161anas motora pamat\u0101 ir iztur\u012bga kompoz\u012btmateri\u0101la v\u0101rpsta. \u0160is ir Minn Kota ekskluz\u012bvs, un m\u0113s to garant\u0113jam uz m\u016b\u017eu.<\/li>\n<li>Mobilo lietot\u0146u sader\u012bba: vadiet Terrova tie\u0161i no savas Apple\u00ae vai Android\u2122 ier\u012bces, izmantojot m\u016bsu mobilo lietotni. J\u016bs sa\u0146emat \u0101tru \u0101truma, st\u016bres, fiks\u0101cijas un autopilota kontroli, k\u0101 ar\u012b iesp\u0113ju atjaunin\u0101t programmat\u016bru.<\/li>\n<li>Komplekt\u0101 ietilpst: Terrova 80 lbs 60 collu motors, bezvadu t\u0101lvad\u012bbas pults, piesl\u0113g\u0161anas vadu komplekts, virziena sensors, MKP-32 dzenskr\u016bve\u00a0un mont\u0101\u017eas aprikojums.<\/li>\n<\/ul>\n","protected":false},"excerpt":{"rendered":"<p>P\u0101rskats Kas padara Terrova\u00ae tik popul\u0101ru? K\u0101 b\u016btu, ja j\u016bs ieg\u016btu liel\u0101ku kontroli p\u0101r savu laivu nek\u0101 jebkad agr\u0101k? S\u0101ciet ar Minn Kota vismodern\u0101ko GPS velc\u0113\u0161anas sist\u0113mu, tostarp Spot-Lock\u00ae. Pievienojiet tam visu nepiecie\u0161amo vilces sp\u0113ku, lai p\u0101rvar\u0113tu jebkuru \u016bdeni, k\u0101 ar\u012b \u0113rtu pacel\u0161anu\u00a0un nolai\u0161anu. Tas padara \u0161o darba zirgu par vienu no uzticam\u0101kajiem, jaud\u012bg\u0101kajiem un [&hellip;]<\/p>\n","protected":false},"featured_media":17309,"comment_status":"open","ping_status":"closed","template":"","meta":[],"product_brand":[],"product_cat":[707,737],"product_tag":[],"class_list":{"0":"post-17308","1":"product","2":"type-product","3":"status-publish","4":"has-post-thumbnail","6":"product_cat-elektromotori","7":"product_cat-riptide-terrova","9":"first","10":"instock","11":"taxable","12":"shipping-taxable","13":"purchasable","14":"product-type-simple"},"jetpack_sharing_enabled":true,"_links":{"self":[{"href":"https:\/\/shop.bushboats.com\/index.php\/wp-json\/wp\/v2\/product\/17308","targetHints":{"allow":["GET"]}}],"collection":[{"href":"https:\/\/shop.bushboats.com\/index.php\/wp-json\/wp\/v2\/product"}],"about":[{"href":"https:\/\/shop.bushboats.com\/index.php\/wp-json\/wp\/v2\/types\/product"}],"replies":[{"embeddable":true,"href":"https:\/\/shop.bushboats.com\/index.php\/wp-json\/wp\/v2\/comments?post=17308"}],"wp:featuredmedia":[{"embeddable":true,"href":"https:\/\/shop.bushboats.com\/index.php\/wp-json\/wp\/v2\/media\/17309"}],"wp:attachment":[{"href":"https:\/\/shop.bushboats.com\/index.php\/wp-json\/wp\/v2\/media?parent=17308"}],"wp:term":[{"taxonomy":"product_brand","embeddable":true,"href":"https:\/\/shop.bushboats.com\/index.php\/wp-json\/wp\/v2\/product_brand?post=17308"},{"taxonomy":"product_cat","embeddable":true,"href":"https:\/\/shop.bushboats.com\/index.php\/wp-json\/wp\/v2\/product_cat?post=17308"},{"taxonomy":"product_tag","embeddable":true,"href":"https:\/\/shop.bushboats.com\/index.php\/wp-json\/wp\/v2\/product_tag?post=17308"}],"curies":[{"name":"wp","href":"https:\/\/api.w.org\/{rel}","templated":true}]}}