{"id":17587,"date":"2024-03-26T07:23:23","date_gmt":"2024-03-26T05:23:23","guid":{"rendered":"https:\/\/shop.bushboats.com\/?post_type=product&#038;p=17587"},"modified":"2024-03-26T07:23:24","modified_gmt":"2024-03-26T05:23:24","slug":"humminbird-helix-5-chirp-gps-g3","status":"publish","type":"product","link":"https:\/\/shop.bushboats.com\/index.php\/produkts\/humminbird-helix-5-chirp-gps-g3\/","title":{"rendered":"HUMMINBIRD HELIX 5 CHIRP GPS G3"},"content":{"rendered":"<p>Ja mak\u0161\u0137er\u0113\u0161ana ir j\u016bsu DNS, nav t\u0101das lietas k\u0101 &#8220;p\u0101r\u0101k agri&#8221; vai &#8220;p\u0101r\u0101k t\u0101lu&#8221;. HELIX\u24c7 5 Series atbilst vis\u0101m pras\u012bb\u0101m, izmantojot bezkompromisa 5 collu platekr\u0101na kr\u0101su displeju. \u0160im HELIX 5 CHIRP GPS G3 modelim ir Dual Spectrum CHIRP 2D hidrolokators, iek\u0161\u0113jais GPS ar Humminbird Basemap un AutoChart Live ieb\u016bv\u0113ts, ar papildu sader\u012bbu ar Humminbird un Navionics premium mak\u0161\u0137er\u0113\u0161anas kartes.<\/p>\n<p>Tastat\u016bras vad\u012bba: Master HELIX, nospie\u017eot pogu. Piek\u013c\u016bstiet iepriek\u0161 iel\u0101d\u0113tajiem skatiem no lietot\u0101jam draudz\u012bg\u0101s izv\u0113l\u0146u sist\u0113mas, ko darbina izv\u0113les tausti\u0146u vad\u012bklas, kas \u013cauj dro\u0161i darbin\u0101t zivju mekl\u0113t\u0101ju jebkuros apst\u0101k\u013cos.<\/p>\n<p>Divu spektru CHIRP hidrolokators: pirms metiena uzziniet, kas tur atrodas, pateicoties \u013coti detaliz\u0113t\u0101m zivju ark\u0101m un skaidram zivju uztur\u0113\u0161anas strukt\u016bras un reljefa skatam. Dual Spectrum CHIRP 2D hidrolokators, ko darbina m\u016bsu patent\u0113tais Low-Q CHIRP dev\u0113js, pied\u0101v\u0101 divus mekl\u0113\u0161anas veidus; Wide Mode maksim\u0101lam p\u0101rkl\u0101jumam un \u0160aurs re\u017e\u012bms fokus\u0113\u0161anai uz maz\u0101kaj\u0101m deta\u013c\u0101m.<\/p>\n<p>Iek\u0161\u0113j\u0101 GPS un Humminbird pamatkarte: uzlabot\u0101 b\u0101zes karte nodro\u0161ina skaidru skatu uz zem\u016bdens reljefu un apk\u0101rt\u0113jiem apskates objektiem, lai j\u016bs var\u0113tu mak\u0161\u0137er\u0113t un p\u0101rvietoties ar piln\u012bgu p\u0101rliec\u012bbu. Identific\u0113jiet bojas, dienas mar\u0137ierus, apdraud\u0113jumus, jahtu ostas, kont\u016bras, dzi\u013cuma mar\u0137ierus un daudz ko citu. Ietver vair\u0101k nek\u0101 10 000 ezeru kartes, k\u0101 ar\u012b ASV kontinent\u0101l\u0101s da\u013cas piekrastes p\u0101rkl\u0101jumu.<\/p>\n<p>Sader\u012bgs ar Premium kart\u0113m: Humminbird nodro\u0161ina vispiln\u012bg\u0101ko augst\u0101k\u0101s kvalit\u0101tes kar\u0161u iesp\u0113ju pied\u0101v\u0101jumu mak\u0161\u0137erniekiem visur. Ieg\u016bstiet piln\u012bgu priek\u0161statu par pasauli t\u0101l\u0101k, izmantojot papildu kartes no Humminbird&#8217;s LakeMaster\u00ae un CoastMaster\u2122 produktiem, k\u0101 ar\u012b j\u016bsu izv\u0113l\u0113t\u0101s sader\u012bg\u0101s Navionics\u00ae kartes.<\/p>\n<p>AutoChart Live: izveidojiet savu mak\u0161\u0137er\u0113\u0161anas vietu re\u0101llaika kartes ar piek\u013cuvi patent\u0113taj\u0101m Humminbird\u00ae LakeMaster\u00ae funkcij\u0101m. Braucot ar laivu, kart\u0113jiet dzi\u013cuma kont\u016bras, grunts ciet\u012bbu un ve\u0123et\u0101ciju. Standarta komplekt\u0101cij\u0101 ir asto\u0146as (8) stundas ieb\u016bv\u0113ts ierakst\u012b\u0161anas laiks, un tas ir sader\u012bgs ar AutoChart Zero Line SD kart\u0113m, kas nodro\u0161ina praktiski nebeidzamu AutoChart Live kart\u0113\u0161anas jaudu.<\/p>\n<p>Ietver vad\u012bbas galvi\u0146u, transom-mount dev\u0113ju, str\u0101vas kabeli, kard\u0101na stiprin\u0101juma kron\u0161teinu un mont\u0101\u017eas aparat\u016bru.<\/p>\n<p>SPECIFIK\u0100CIJAS:<\/p>\n<p>Displeja izm\u0113rs \u2014 diagon\u0101le: 5 collas<br \/>\nDispleja pikse\u013cu matrica: 800 H x 480 V<br \/>\nSon\u0101ra standarts: Dual Spectrum CHIRP<br \/>\nSon\u0101ra p\u0101rkl\u0101jums: 20\u00b0, 42\u00b0 un 60\u00b0 @ -10dB<br \/>\nSon\u0101rs \u2014 p\u0113c izv\u0113les: 50 kHz, 50\/Low Airmar CHIRP<br \/>\nCHIRP \u2014 atbalst\u012bt\u0101s frekvences: 83\/200 (75-155\/130-250 kHz), pilnais re\u017e\u012bms (150-220 kHz), \u0161aurais re\u017e\u012bms (180-240 kHz), platais re\u017e\u012bms (140-200 kHz)<br \/>\nAtbalst\u012bt\u0101s hidrolok\u0101cijas frekvences: 50\/80\/200 kHz<br \/>\nDzi\u013cuma son\u0101rs: 365 metri (standarta dev\u0113js), 900 metri (p\u0113c izv\u0113les 50 kHz)<br \/>\nInterfeiss: Tastat\u016bras vad\u012bba<br \/>\nFunkcijas: ieb\u016bv\u0113ts GPS, ieb\u016bv\u0113ta kart\u0113\u0161ana, divu spektru CHIRP<br \/>\nAtmi\u0146as kartes slots: viens Micro SD<br \/>\nSavietojams ar: AIS, AutoPilot, Minn Kota US2 Sonar<br \/>\nStr\u0101vas pat\u0113ri\u0146\u0161: 615 mA<br \/>\nStr\u0101vas ieeja: 10,8-20 VDC<br \/>\nIzejas jauda no maksimuma l\u012bdz maksimumam: 4000 vati<br \/>\nIzejas jauda RMS: 500 vati<br \/>\nEkr\u0101na momentuz\u0146\u0113mums: iek\u013cauts<br \/>\nSon\u0101ra ieraksts: iek\u013cauts<br \/>\nMount-Standard: Gimbal<br \/>\nMont\u0101\u017eas standarta izm\u0113rs: 7,55 collas platums x 4,64 collas garums x 3,3 collas<br \/>\nStiprin\u0101juma izm\u0113rs \u2014 p\u0113c izv\u0113les: 7,55 collas platums x 4,28 collas augstums x 1,13 collas<br \/>\nP\u0101rveidot\u0101ja stiprin\u0101juma vieta: Transom<br \/>\nGPS kar\u0161u z\u012bm\u0113\u0161ana: Iek\u013cauts<br \/>\nGPS Trackplotting: Iek\u013cauts<br \/>\nLakeMaster sader\u012bba: J\u0101<br \/>\nCoast Master sader\u012bba: J\u0101<br \/>\nNavionics Gold\/HotMaps sader\u012bba: J\u0101<br \/>\nNavionics Platinum + sader\u012bba: J\u0101<br \/>\nPlat\u012bna sader\u012bba: J\u0101<br \/>\nKursa sensora GPS sader\u012bba: N\u0113<br \/>\nAtjaunin\u0101ma programmat\u016bra: J\u0101<br \/>\nSkat\u012bt iepriek\u0161 iestat\u012btos tausti\u0146us: N\u0113<br \/>\nX-Press izv\u0113lnes sist\u0113ma: J\u0101<br \/>\nPiel\u0101gota digit\u0101l\u0101 nolas\u012b\u0161ana: J\u0101<br \/>\nPiel\u0101gota skata atlases: N\u0113<br \/>\nDispleja kr\u0101sas pel\u0113kto\u0146u: 16 bitu<br \/>\n\u0100trums: iek\u013cauts<br \/>\nTemperat\u016bra: ieb\u016bv\u0113ta<br \/>\nTemperat\u016bras trauksme: J\u0101<br \/>\nTemperat\u016bras grafiks: J\u0101<br \/>\nIek\u013cauts dev\u0113js: XNT 9 HW T<br \/>\nHDMI sader\u012bgs: N\u0113<br \/>\nMEGA Live sader\u012bba: N\u0113<\/p>\n","protected":false},"excerpt":{"rendered":"<p>Ja mak\u0161\u0137er\u0113\u0161ana ir j\u016bsu DNS, nav t\u0101das lietas k\u0101 &#8220;p\u0101r\u0101k agri&#8221; vai &#8220;p\u0101r\u0101k t\u0101lu&#8221;. HELIX\u24c7 5 Series atbilst vis\u0101m pras\u012bb\u0101m, izmantojot bezkompromisa 5 collu platekr\u0101na kr\u0101su displeju. \u0160im HELIX 5 CHIRP GPS G3 modelim ir Dual Spectrum CHIRP 2D hidrolokators, iek\u0161\u0113jais GPS ar Humminbird Basemap un AutoChart Live ieb\u016bv\u0113ts, ar papildu sader\u012bbu ar Humminbird un [&hellip;]<\/p>\n","protected":false},"featured_media":17597,"comment_status":"open","ping_status":"closed","template":"","meta":[],"product_brand":[],"product_cat":[76,752,233],"product_tag":[],"class_list":{"0":"post-17587","1":"product","2":"type-product","3":"status-publish","4":"has-post-thumbnail","6":"product_cat-electrical-equipment-lv","7":"product_cat-helix-g3-series","8":"product_cat-eholotes","10":"first","11":"outofstock","12":"taxable","13":"shipping-taxable","14":"purchasable","15":"product-type-simple"},"jetpack_sharing_enabled":true,"_links":{"self":[{"href":"https:\/\/shop.bushboats.com\/index.php\/wp-json\/wp\/v2\/product\/17587","targetHints":{"allow":["GET"]}}],"collection":[{"href":"https:\/\/shop.bushboats.com\/index.php\/wp-json\/wp\/v2\/product"}],"about":[{"href":"https:\/\/shop.bushboats.com\/index.php\/wp-json\/wp\/v2\/types\/product"}],"replies":[{"embeddable":true,"href":"https:\/\/shop.bushboats.com\/index.php\/wp-json\/wp\/v2\/comments?post=17587"}],"wp:featuredmedia":[{"embeddable":true,"href":"https:\/\/shop.bushboats.com\/index.php\/wp-json\/wp\/v2\/media\/17597"}],"wp:attachment":[{"href":"https:\/\/shop.bushboats.com\/index.php\/wp-json\/wp\/v2\/media?parent=17587"}],"wp:term":[{"taxonomy":"product_brand","embeddable":true,"href":"https:\/\/shop.bushboats.com\/index.php\/wp-json\/wp\/v2\/product_brand?post=17587"},{"taxonomy":"product_cat","embeddable":true,"href":"https:\/\/shop.bushboats.com\/index.php\/wp-json\/wp\/v2\/product_cat?post=17587"},{"taxonomy":"product_tag","embeddable":true,"href":"https:\/\/shop.bushboats.com\/index.php\/wp-json\/wp\/v2\/product_tag?post=17587"}],"curies":[{"name":"wp","href":"https:\/\/api.w.org\/{rel}","templated":true}]}}