{"id":17615,"date":"2024-03-26T07:44:30","date_gmt":"2024-03-26T05:44:30","guid":{"rendered":"https:\/\/shop.bushboats.com\/?post_type=product&#038;p=17615"},"modified":"2024-03-26T07:53:02","modified_gmt":"2024-03-26T05:53:02","slug":"humminbird-helix-7-chirp-si-gps-g4","status":"publish","type":"product","link":"https:\/\/shop.bushboats.com\/index.php\/produkts\/humminbird-helix-7-chirp-si-gps-g4\/","title":{"rendered":"HUMMINBIRD HELIX 7 CHIRP SI GPS G4"},"content":{"rendered":"<p>Eholote Humminbird HELIX 7 CHIRP SI GPS G4 ar jaunu un uzlabotu augstas iz\u0161\u0137irtsp\u0113jas ekr\u0101nu!<\/p>\n<p>Tastat\u016bras vad\u012bba: Master HELIX, nospie\u017eot pogu. Piek\u013c\u016bstiet iepriek\u0161 iel\u0101d\u0113tajiem skatiem no lietot\u0101jam draudz\u012bg\u0101s izv\u0113l\u0146u sist\u0113mas, ko darbina izv\u0113les tausti\u0146u vad\u012bklas, kas \u013cauj dro\u0161i darbin\u0101t eholoti jebkuros apst\u0101k\u013cos.<\/p>\n<ul>\n<li>CHIRP s\u0101nu att\u0113lveido\u0161ana: lai ieg\u016btu skaidr\u0101ku skatu apak\u0161\u0101 un katr\u0101 laivas pus\u0113. S\u0101nu att\u0113lveido\u0161anas son\u0101ra CHIRP digit\u0101l\u0101 son\u0101ra apstr\u0101de noz\u012bm\u0113, ka j\u016bs redz\u0113sit zivis un strukt\u016bru pa kreisi un pa labi no laivas, t\u0101d\u0113j\u0101di varat pavad\u012bt maz\u0101k laika mekl\u0113jumiem un vair\u0101k laika \u0137er\u0161anai.<\/li>\n<li>CHIRP Down Imaging: lai ieg\u016btu skaidru skatu zem laivas. Down Imaging son\u0101ra CHIRP digit\u0101l\u0101 son\u0101ra apstr\u0101de noz\u012bm\u0113, ka j\u016bs redz\u0113sit lielas deta\u013cas, kas atvieglos zivju atra\u0161anu.<\/li>\n<li>Div\u0113j\u0101da spektra CHIRP hidrolokators: pirms metiena uzziniet, kas tur atrodas, pateicoties \u013coti detaliz\u0113t\u0101m zivju ark\u0101m. Dual Spectrum CHIRP 2D hidrolokators, ko darbina patent\u0113tais Low-Q CHIRP dev\u0113js, pied\u0101v\u0101 divus mekl\u0113\u0161anas veidus; Wide Mode maksim\u0101lam p\u0101rkl\u0101jumam un \u0161aurs re\u017e\u012bms fokus\u0113\u0161anai uz maz\u0101kaj\u0101m deta\u013c\u0101m.<\/li>\n<li>Iek\u0161\u0113j\u0101 GPS un Humminbird pamatkarte: uzlabot\u0101 b\u0101zes karte nodro\u0161ina skaidru skatu uz zem\u016bdens reljefu un apk\u0101rt\u0113jiem apskates objektiem, lai j\u016bs var\u0113tu mak\u0161\u0137er\u0113t un p\u0101rvietoties ar piln\u012bgu p\u0101rliec\u012bbu.<\/li>\n<li>Sader\u012bgs ar Premium kart\u0113m: Humminbird nodro\u0161ina vispiln\u012bg\u0101ko augst\u0101k\u0101s kvalit\u0101tes kar\u0161u iesp\u0113ju pied\u0101v\u0101jumu mak\u0161\u0137erniekiem visur. Ieg\u016bstiet piln\u012bgu priek\u0161statu par pasauli zem\u0101k, izmantojot papildu kartes no Humminbird\u2019s LakeMaster\u00ae un CoastMaster\u2122 produktiem, k\u0101 ar\u012b j\u016bsu izv\u0113l\u0113t\u0101s sader\u012bg\u0101s Navionics\u00ae kartes.<\/li>\n<li>AutoChart Live: izveidojiet savu mak\u0161\u0137er\u0113\u0161anas vietu re\u0101llaika kartes ar piek\u013cuvi patent\u0113taj\u0101m Humminbird\u00ae LakeMaster\u00ae funkcij\u0101m. Braucot ar laivu, kart\u0113jiet dzi\u013cuma kont\u016bras, grunts ciet\u012bbu un ve\u0123et\u0101ciju. Standarta komplekt\u0101cij\u0101 ir asto\u0146as (8) stundas ieb\u016bv\u0113ts ierakst\u012b\u0161anas laiks, un tas ir sader\u012bgs ar AutoChart Zero Line SD kart\u0113m, kas nodro\u0161ina praktiski nebeidzamu AutoChart Live kart\u0113\u0161anas jaudu.<\/li>\n<\/ul>\n<table class=\"table\" data-striping=\"1\">\n<tbody>\n<tr class=\"expanded\">\n<td>Model<\/td>\n<td>HELIX 7 SI GPS G4<\/td>\n<\/tr>\n<tr class=\"expanded\">\n<td>Product Code<\/td>\n<td>411920-1<\/td>\n<\/tr>\n<tr class=\"expanded\">\n<td>Series<\/td>\n<td>HELIX<\/td>\n<\/tr>\n<tr class=\"expanded\">\n<td>UPC<\/td>\n<td>0082324058288<\/td>\n<\/tr>\n<tr class=\"expanded\">\n<td>Display Size &#8211; Diagonal<\/td>\n<td>7 in<\/td>\n<\/tr>\n<tr class=\"expanded\">\n<td>Display Pixel Matrix<\/td>\n<td>1024H x 600V<\/td>\n<\/tr>\n<tr class=\"expanded\">\n<td>Transducer Included<\/td>\n<td>XNT 9 HW SI T<\/td>\n<\/tr>\n<tr class=\"expanded\">\n<td>Compatible With<\/td>\n<td>Minn Kota US2 Sonar, AIS, AutoPilot<\/td>\n<\/tr>\n<tr class=\"expanded\">\n<td>Features<\/td>\n<td>Down Imaging, Built In GPS, Side Imaging, Dual Spectrum CHIRP, Built In Mapping<\/td>\n<\/tr>\n<tr class=\"expanded\">\n<td>Memory Card Slot<\/td>\n<td>Single Micro SD<\/td>\n<\/tr>\n<tr class=\"expanded\">\n<td>Sonar-Standard<\/td>\n<td>Dual Spectrum CHIRP, CHIRP Down Imaging, CHIRP Side Imaging<\/td>\n<\/tr>\n<tr class=\"hidden expanded\">\n<td>Sonar-Coverage<\/td>\n<td>20\u00b0, 42\u00b0, 60\u00b0 &amp; (2) 86\u00b0 @ -10dB<\/td>\n<\/tr>\n<tr class=\"hidden expanded\">\n<td>Sonar-Optional<\/td>\n<td>53 kHz, 50\/Low Airmar CHIRP<\/td>\n<\/tr>\n<tr class=\"hidden expanded\">\n<td>Live Sonar-Coverage<\/td>\n<td>20 degrees x 120 degrees<\/td>\n<\/tr>\n<tr class=\"hidden expanded\">\n<td>CHIRP &#8211; Frequencies Supported<\/td>\n<td>Narrow Mode (180-240 kHz), 83\/200 (75-155\/130-250 kHz), Wide Mode (140-200 kHz), Full Mode (150-220 kHz)<\/td>\n<\/tr>\n<tr class=\"hidden expanded\">\n<td>Sonar-Frequencies Supported<\/td>\n<td>50\/83\/200\/455 kHz<\/td>\n<\/tr>\n<tr class=\"hidden expanded\">\n<td>Depth-Sonar<\/td>\n<td>3,500 ft (optional 50 kHz), 1,200 ft (standard transducer)<\/td>\n<\/tr>\n<tr class=\"hidden expanded\">\n<td>CHIRP &#8211; Imaging Frequencies Supported<\/td>\n<td>455 kHz (420-520 kHz)<\/td>\n<\/tr>\n<tr class=\"hidden expanded\">\n<td>Depth-Down Imaging<\/td>\n<td>400 ft (455 kHz)<\/td>\n<\/tr>\n<tr class=\"hidden expanded\">\n<td>Range-Side Imaging (Side-To-Side)<\/td>\n<td>800 ft (455 kHz)<\/td>\n<\/tr>\n<tr class=\"hidden expanded\">\n<td>Interface<\/td>\n<td>Keypad Control<\/td>\n<\/tr>\n<tr class=\"hidden expanded\">\n<td>Power Draw<\/td>\n<td>800 mA<\/td>\n<\/tr>\n<tr class=\"hidden expanded\">\n<td>Power Input<\/td>\n<td>10.8-20 VDC<\/td>\n<\/tr>\n<tr class=\"hidden expanded\">\n<td>Power Output Peak-to-Peak<\/td>\n<td>4000 Watts<\/td>\n<\/tr>\n<tr class=\"hidden expanded\">\n<td>Power Output RMS<\/td>\n<td>500 Watts<\/td>\n<\/tr>\n<tr class=\"hidden expanded\">\n<td>Screen Snap Shot<\/td>\n<td>Included<\/td>\n<\/tr>\n<tr class=\"hidden expanded\">\n<td>Sonar Recording<\/td>\n<td>Included<\/td>\n<\/tr>\n<tr class=\"hidden expanded\">\n<td>Mount-Standard<\/td>\n<td>Gimbal<\/td>\n<\/tr>\n<tr class=\"hidden expanded\">\n<td>Mount-Standard Size<\/td>\n<td>10.54 in W x 5.8 in H x 3.68 in D<\/td>\n<\/tr>\n<tr class=\"hidden expanded\">\n<td>Mount-Optional<\/td>\n<td>In-Dash Mounting Kit<\/td>\n<\/tr>\n<tr class=\"hidden expanded\">\n<td>Mount-Optional Size<\/td>\n<td>10.54 in W x 5.44 in H x 1.13 in D<\/td>\n<\/tr>\n<tr class=\"hidden expanded\">\n<td>Transducer Mount Location<\/td>\n<td>Transom<\/td>\n<\/tr>\n<tr class=\"hidden expanded\">\n<td>GPS Chartplotting<\/td>\n<td>Included<\/td>\n<\/tr>\n<tr class=\"hidden expanded\">\n<td>GPS Receiver<\/td>\n<td>Internal<\/td>\n<\/tr>\n<tr class=\"hidden expanded\">\n<td>GPS Trackplotting<\/td>\n<td>Included<\/td>\n<\/tr>\n<tr class=\"hidden expanded\">\n<td>Waypoints, Routes, Tracks\/Points<\/td>\n<td>2,750, 45, 50\/20,000<\/td>\n<\/tr>\n<tr class=\"hidden expanded\">\n<td>360 Imaging Compatibility<\/td>\n<td>No<\/td>\n<\/tr>\n<tr class=\"hidden expanded\">\n<td>MEGA Live Compatibility<\/td>\n<td>No<\/td>\n<\/tr>\n<tr class=\"hidden expanded\">\n<td>Humminbird Basemap<\/td>\n<td>Included<\/td>\n<\/tr>\n<tr class=\"hidden expanded\">\n<td>LakeMaster Compatibility<\/td>\n<td>Yes<\/td>\n<\/tr>\n<tr class=\"hidden expanded\">\n<td>CoastMaster Compatibility<\/td>\n<td>Yes<\/td>\n<\/tr>\n<tr class=\"hidden expanded\">\n<td>Navionics Gold\/HotMaps Compatibility<\/td>\n<td>Yes<\/td>\n<\/tr>\n<tr class=\"hidden expanded\">\n<td>Navionics Platinum+ Compatibility<\/td>\n<td>Yes<\/td>\n<\/tr>\n<tr class=\"hidden expanded\">\n<td>Platinum Compatibility<\/td>\n<td>Yes<\/td>\n<\/tr>\n<tr class=\"hidden expanded\">\n<td>Minn Kota i-Pilot Link Compatibility<\/td>\n<td>No<\/td>\n<\/tr>\n<tr class=\"hidden expanded\">\n<td>Minn Kota Talon Shallow Water Anchor Compatibility<\/td>\n<td>No<\/td>\n<\/tr>\n<tr class=\"hidden expanded\">\n<td>Radar Compatibility<\/td>\n<td>No<\/td>\n<\/tr>\n<tr class=\"hidden expanded\">\n<td>5-Port Ethernet Switch Compatibility<\/td>\n<td>No<\/td>\n<\/tr>\n<tr class=\"hidden expanded\">\n<td>AIS Compatibility<\/td>\n<td>Optional<\/td>\n<\/tr>\n<tr class=\"hidden expanded\">\n<td>Autopilot Compatibility<\/td>\n<td>Yes<\/td>\n<\/tr>\n<tr class=\"hidden expanded\">\n<td>Heading Sensor GPS Compatibility<\/td>\n<td>Yes<\/td>\n<\/tr>\n<tr class=\"hidden expanded\">\n<td>NMEA2000<\/td>\n<td>Not Supported<\/td>\n<\/tr>\n<tr class=\"hidden expanded\">\n<td>Target Separation<\/td>\n<td>2.5 in<\/td>\n<\/tr>\n<tr class=\"hidden expanded\">\n<td>Interference Rejection<\/td>\n<td>6 Modes<\/td>\n<\/tr>\n<tr class=\"hidden expanded\">\n<td>Noise Rejection<\/td>\n<td>10 Steps<\/td>\n<\/tr>\n<tr class=\"hidden expanded\">\n<td>Upgradable Software<\/td>\n<td>Yes<\/td>\n<\/tr>\n<tr class=\"hidden expanded\">\n<td>View Preset Keys<\/td>\n<td>No<\/td>\n<\/tr>\n<tr class=\"hidden expanded\">\n<td>X-Press Menu System<\/td>\n<td>Yes<\/td>\n<\/tr>\n<tr class=\"hidden expanded\">\n<td>Custom Digital Readout<\/td>\n<td>Yes<\/td>\n<\/tr>\n<tr class=\"hidden expanded\">\n<td>Custom View Selections<\/td>\n<td>No<\/td>\n<\/tr>\n<tr class=\"hidden expanded\">\n<td>Display Colors Grayscale<\/td>\n<td>16-Bit<\/td>\n<\/tr>\n<tr class=\"hidden expanded\">\n<td>Display Type<\/td>\n<td>Color TFT<\/td>\n<\/tr>\n<tr class=\"hidden expanded\">\n<td>Speed<\/td>\n<td>Included<\/td>\n<\/tr>\n<tr class=\"hidden expanded\">\n<td>Temperature<\/td>\n<td>Built In<\/td>\n<\/tr>\n<tr class=\"hidden expanded\">\n<td>Temperature Alarm<\/td>\n<td>Yes<\/td>\n<\/tr>\n<tr class=\"hidden expanded\">\n<td>Temperature Graph<\/td>\n<td>Yes<\/td>\n<\/tr>\n<tr class=\"hidden expanded\">\n<td>HDMI Compatible<\/td>\n<td>No<\/td>\n<\/tr>\n<tr class=\"hidden expanded\">\n<td>Warranty<\/td>\n<td>One-Year Warranty<\/td>\n<\/tr>\n<\/tbody>\n<\/table>\n<h3><\/h3>\n<div class=\"page\">\n<div class=\"region region-content\">\n<div id=\"block-system-main\" class=\"block block-system\">\n<div class=\"content\">\n<div id=\"node-4170751\" class=\"node node-product-display clearfix\">\n<div class=\"product animate\">\n<div class=\"pdp-p003 P003-processed\">\n<div class=\"pdp-technical-specifications section-full-width started-animation-processed start-animation\" data-animate=\"start-animation\">\n<div class=\"p005-container row jquery-once-1-processed\">\n<div class=\"tab materials-container tab-items-container col-xs-12 \">\n<div class=\"row fade_in_1\">\n<div class=\"tab-content col-xs-12 col-sm-12 col-md-6\">\n<div class=\"view view-pdp-sections-specs view-id-pdp_sections_specs view-display-id-block_pdp_specs view-dom-id-bdc8755e9ae68c48322d2f284b1b199a\">\n<div class=\"view-content\"><\/div>\n<\/div>\n<\/div>\n<\/div>\n<\/div>\n<\/div>\n<\/div>\n<\/div>\n<\/div>\n<\/div>\n<\/div>\n<\/div>\n<\/div>\n<\/div>\n","protected":false},"excerpt":{"rendered":"<p>Eholote Humminbird HELIX 7 CHIRP SI GPS G4 ar jaunu un uzlabotu augstas iz\u0161\u0137irtsp\u0113jas ekr\u0101nu! Tastat\u016bras vad\u012bba: Master HELIX, nospie\u017eot pogu. Piek\u013c\u016bstiet iepriek\u0161 iel\u0101d\u0113tajiem skatiem no lietot\u0101jam draudz\u012bg\u0101s izv\u0113l\u0146u sist\u0113mas, ko darbina izv\u0113les tausti\u0146u vad\u012bklas, kas \u013cauj dro\u0161i darbin\u0101t eholoti jebkuros apst\u0101k\u013cos. CHIRP s\u0101nu att\u0113lveido\u0161ana: lai ieg\u016btu skaidr\u0101ku skatu apak\u0161\u0101 un katr\u0101 laivas pus\u0113. S\u0101nu [&hellip;]<\/p>\n","protected":false},"featured_media":17625,"comment_status":"open","ping_status":"closed","template":"","meta":[],"product_brand":[],"product_cat":[76,755,233],"product_tag":[],"class_list":{"0":"post-17615","1":"product","2":"type-product","3":"status-publish","4":"has-post-thumbnail","6":"product_cat-electrical-equipment-lv","7":"product_cat-helix-g4-series","8":"product_cat-eholotes","10":"first","11":"instock","12":"taxable","13":"shipping-taxable","14":"purchasable","15":"product-type-simple"},"jetpack_sharing_enabled":true,"_links":{"self":[{"href":"https:\/\/shop.bushboats.com\/index.php\/wp-json\/wp\/v2\/product\/17615","targetHints":{"allow":["GET"]}}],"collection":[{"href":"https:\/\/shop.bushboats.com\/index.php\/wp-json\/wp\/v2\/product"}],"about":[{"href":"https:\/\/shop.bushboats.com\/index.php\/wp-json\/wp\/v2\/types\/product"}],"replies":[{"embeddable":true,"href":"https:\/\/shop.bushboats.com\/index.php\/wp-json\/wp\/v2\/comments?post=17615"}],"wp:featuredmedia":[{"embeddable":true,"href":"https:\/\/shop.bushboats.com\/index.php\/wp-json\/wp\/v2\/media\/17625"}],"wp:attachment":[{"href":"https:\/\/shop.bushboats.com\/index.php\/wp-json\/wp\/v2\/media?parent=17615"}],"wp:term":[{"taxonomy":"product_brand","embeddable":true,"href":"https:\/\/shop.bushboats.com\/index.php\/wp-json\/wp\/v2\/product_brand?post=17615"},{"taxonomy":"product_cat","embeddable":true,"href":"https:\/\/shop.bushboats.com\/index.php\/wp-json\/wp\/v2\/product_cat?post=17615"},{"taxonomy":"product_tag","embeddable":true,"href":"https:\/\/shop.bushboats.com\/index.php\/wp-json\/wp\/v2\/product_tag?post=17615"}],"curies":[{"name":"wp","href":"https:\/\/api.w.org\/{rel}","templated":true}]}}