{"id":17713,"date":"2024-03-26T08:57:46","date_gmt":"2024-03-26T06:57:46","guid":{"rendered":"https:\/\/shop.bushboats.com\/?post_type=product&#038;p=17713"},"modified":"2024-04-18T19:15:43","modified_gmt":"2024-04-18T16:15:43","slug":"humminbird-as-ec-5e-5-ethernet-cable","status":"publish","type":"product","link":"https:\/\/shop.bushboats.com\/index.php\/produkts\/humminbird-as-ec-5e-5-ethernet-cable\/","title":{"rendered":"Humminbird AS EC 5E &#8211; 5&#8242; Ethernet Cable"},"content":{"rendered":"<p>Ethernet kabelis ir 5 collu (152,4 cm) kabelis, kas \u013cauj savienot divas ar Ethernet sp\u0113j\u012bgas ier\u012bces vai Humminbird vad\u012bbas galvi\u0146u pievienot papildu 5 portu Ethernet sl\u0113dzim (AS ETH 5PXG), kas ir da\u013ca no vair\u0101ku vien\u012bbu Ethernet t\u012bkla.<\/p>\n<p><u><strong>Priek\u0161roc\u012bbas<\/strong><\/u>:<\/p>\n<ul>\n<li>Savietojams ar: Visi HELIX 15, HELIX 12, HELIX 10, HELIX 9, HELIX 8, HELIX 7 (tikai G2N, G3N, G4N), visi 11xxci, visi 9xxci, visi 8xxci, 7xxci tikai HD<\/li>\n<li>Savietojams ar: visiem APEX, SOLIX un ONIX mode\u013ciem<\/li>\n<li>Kabe\u013ca garums: 5 p\u0113das (152,4cm)<\/li>\n<li>AS EC QDE ir nepiecie\u0161ams visiem t\u012bkla produktiem, iz\u0146emot SOLIX un ONIX<\/li>\n<li>1 gada ierobe\u017eot\u0101 garantija<\/li>\n<\/ul>\n","protected":false},"excerpt":{"rendered":"<p>Ethernet kabelis ir 5 collu (152,4 cm) kabelis, kas \u013cauj savienot divas ar Ethernet sp\u0113j\u012bgas ier\u012bces vai Humminbird vad\u012bbas galvi\u0146u pievienot papildu 5 portu Ethernet sl\u0113dzim (AS ETH 5PXG), kas ir da\u013ca no vair\u0101ku vien\u012bbu Ethernet t\u012bkla. Priek\u0161roc\u012bbas: Savietojams ar: Visi HELIX 15, HELIX 12, HELIX 10, HELIX 9, HELIX 8, HELIX 7 (tikai G2N, [&hellip;]<\/p>\n","protected":false},"featured_media":17714,"comment_status":"open","ping_status":"closed","template":"","meta":[],"product_brand":[],"product_cat":[76,237],"product_tag":[],"class_list":{"0":"post-17713","1":"product","2":"type-product","3":"status-publish","4":"has-post-thumbnail","6":"product_cat-electrical-equipment-lv","7":"product_cat-humminbird-aksesuari-2","9":"first","10":"instock","11":"taxable","12":"shipping-taxable","13":"purchasable","14":"product-type-simple"},"jetpack_sharing_enabled":true,"_links":{"self":[{"href":"https:\/\/shop.bushboats.com\/index.php\/wp-json\/wp\/v2\/product\/17713","targetHints":{"allow":["GET"]}}],"collection":[{"href":"https:\/\/shop.bushboats.com\/index.php\/wp-json\/wp\/v2\/product"}],"about":[{"href":"https:\/\/shop.bushboats.com\/index.php\/wp-json\/wp\/v2\/types\/product"}],"replies":[{"embeddable":true,"href":"https:\/\/shop.bushboats.com\/index.php\/wp-json\/wp\/v2\/comments?post=17713"}],"wp:featuredmedia":[{"embeddable":true,"href":"https:\/\/shop.bushboats.com\/index.php\/wp-json\/wp\/v2\/media\/17714"}],"wp:attachment":[{"href":"https:\/\/shop.bushboats.com\/index.php\/wp-json\/wp\/v2\/media?parent=17713"}],"wp:term":[{"taxonomy":"product_brand","embeddable":true,"href":"https:\/\/shop.bushboats.com\/index.php\/wp-json\/wp\/v2\/product_brand?post=17713"},{"taxonomy":"product_cat","embeddable":true,"href":"https:\/\/shop.bushboats.com\/index.php\/wp-json\/wp\/v2\/product_cat?post=17713"},{"taxonomy":"product_tag","embeddable":true,"href":"https:\/\/shop.bushboats.com\/index.php\/wp-json\/wp\/v2\/product_tag?post=17713"}],"curies":[{"name":"wp","href":"https:\/\/api.w.org\/{rel}","templated":true}]}}