{"id":17719,"date":"2024-03-26T09:19:11","date_gmt":"2024-03-26T07:19:11","guid":{"rendered":"https:\/\/shop.bushboats.com\/?post_type=product&#038;p=17719"},"modified":"2024-03-26T09:19:12","modified_gmt":"2024-03-26T07:19:12","slug":"suzuki-df-2-5l","status":"publish","type":"product","link":"https:\/\/shop.bushboats.com\/index.php\/produkts\/suzuki-df-2-5l\/","title":{"rendered":"SUZUKI DF 2.5L"},"content":{"rendered":"<div class=\"parameters\">\n<div class=\"parameter\"><\/div>\n<div class=\"parameter\">\n<div class=\"parameter__value\">\n<div class=\"parameter\">\n<div class=\"parameter__name\">Maksim\u0101la jauda, ZS\/KW:\u00a0 \u00a0 \u00a02.5\/1.8<\/div>\n<\/div>\n<div class=\"parameter\">\n<div class=\"parameter__name\">Degvielas sist\u0113ma:\u00a0 \u00a0 \u00a0 \u00a0 \u00a0 \u00a0 \u00a0 \u00a0 \u00a0 \u00a0Karburators<\/div>\n<\/div>\n<div class=\"parameter\">\n<div class=\"parameter__name\">Cilindra tilpums, cm3:\u00a0 \u00a0 \u00a0 \u00a0 \u00a0 \u00a0 68<\/div>\n<\/div>\n<div class=\"parameter\">\n<div class=\"parameter__name\">Reduktora garums, mm:\u00a0 \u00a0 \u00a0 \u00a0 508 mm<\/div>\n<\/div>\n<div class=\"parameter\">\n<div class=\"parameter__name\">Cilindru skaits:\u00a0 \u00a0 \u00a0 \u00a0 \u00a0 \u00a0 \u00a0 \u00a0 \u00a0 \u00a0 \u00a0 \u00a0 \u00a01 cilindrs<\/div>\n<\/div>\n<div class=\"parameter\">\n<div class=\"parameter__name\">Degvielas tvertne, L:\u00a0 \u00a0 \u00a0 \u00a0 \u00a0 \u00a0 \u00a0 \u00a0 1,0<\/div>\n<\/div>\n<div class=\"parameter\">\n<div class=\"parameter__name\">Vad\u012bba:\u00a0 \u00a0 \u00a0 \u00a0 \u00a0 \u00a0 \u00a0 \u00a0 \u00a0 \u00a0 \u00a0 \u00a0 \u00a0 \u00a0 \u00a0 \u00a0 \u00a0 \u00a0 \u00a0 \u00a0Rokas<\/div>\n<\/div>\n<div class=\"parameter\">\n<div class=\"parameter__name\">P\u0101rnesumskaitlis:\u00a0 \u00a0 \u00a0 \u00a0 \u00a0 \u00a0 \u00a0 \u00a0 \u00a0 \u00a0 2.15:1<\/div>\n<\/div>\n<div class=\"parameter\">\n<div class=\"parameter__name\">Palai\u0161anas sist\u0113ma:\u00a0 \u00a0 \u00a0 \u00a0 \u00a0 \u00a0 \u00a0 \u00a0 \u00a0Rokas\/Manu\u0101la<\/div>\n<\/div>\n<div class=\"parameter\">\n<div class=\"parameter__name\">Dzin\u0113ja svars, kg:\u00a0 \u00a0 \u00a0 \u00a0 \u00a0 \u00a0 \u00a0 \u00a0 \u00a0 \u00a0 14<\/div>\n<\/div>\n<\/div>\n<\/div>\n<\/div>\n<div class=\"product-info\">\n<p><strong>Suzuki DF2.5 dzin\u0113js \u2013\u00a0mazs izm\u0113r\u0101, bet jaud\u012bgs darb\u012bb\u0101!\u00a0<\/strong><\/p>\n<p>\u0160is ir pa\u0161laik vismaz\u0101kais Suzuki \u010detrtaktu dzin\u0113js, kas\u00a0sver tikai 14 kg &#8211; visviegl\u0101kais 4-taktu dzin\u0113js ar \u016bdens dzes\u0113\u0161anu, k\u0101ds jebkad konstru\u0113ts. 2,5 zirgsp\u0113ku, viencilindra (OHV) dzin\u0113js ar 68\u00a0cm<sup>3\u00a0<\/sup>darba tilpumu\u00a0piem\u0113rots neliel\u0101m cietkorpusu\u00a0laiv\u0101m un piep\u016b\u0161amaj\u0101m laiv\u0101m. \u0112rti uzvelkams starteris kop\u0101 ar Suzuki bezkontaktu aizdedzi veido vienk\u0101r\u0161u un dro\u0161u sist\u0113mu, kas nodro\u0161ina prec\u012bzu aizdedzi un dzin\u0113ja darb\u012bbu, \u016bdens dzes\u0113\u0161anas sist\u0113ma nodro\u0161ina \u012bpa\u0161i klusu dzin\u0113ja darb\u012bbu.\u00a0Ieb\u016bv\u0113ta benz\u012bna degvielas tvertne 1L, ar kuru velc\u0113\u0161anas re\u017eim\u0101 var nobraukt l\u012bdz pat 5 stund\u0101m.<\/p>\n<p><strong>Uzlabotais\u00a0SUZUKI DF2.5L laivas dzin\u0113js<\/strong><\/p>\n<p>&#8211; Jauns pastiprin\u0101ts reduktors;<br \/>\n&#8211; Uzlabota dzin\u0113ja dzes\u0113jo\u0161\u0101 \u016bdens ie\u0146em\u0161anas vieta;<br \/>\n&#8211; Jauna dzenskr\u016bve ar gumijas buksi (samazina vibr\u0101ciju);<br \/>\n&#8211; Jauna aizdedzes sist\u0113ma, ar apgriezienu ierobe\u017eot\u0101ju;<br \/>\n&#8211; Uzlabots degvielas kr\u0101ni\u0146\u0161;<br \/>\n&#8211; Pastiprin\u0101ta dzin\u0113ja uzkabe;<br \/>\n&#8211; Jauna av\u0101rijas poga\u00a0(\u00a0STOP )<\/p>\n<p>Dzin\u0113js atbilst EURO\u00a01 izme\u0161u standartu pras\u012bb\u0101m .<\/p>\n<\/div>\n","protected":false},"excerpt":{"rendered":"<p>Maksim\u0101la jauda, ZS\/KW:\u00a0 \u00a0 \u00a02.5\/1.8 Degvielas sist\u0113ma:\u00a0 \u00a0 \u00a0 \u00a0 \u00a0 \u00a0 \u00a0 \u00a0 \u00a0 \u00a0Karburators Cilindra tilpums, cm3:\u00a0 \u00a0 \u00a0 \u00a0 \u00a0 \u00a0 68 Reduktora garums, mm:\u00a0 \u00a0 \u00a0 \u00a0 508 mm Cilindru skaits:\u00a0 \u00a0 \u00a0 \u00a0 \u00a0 \u00a0 \u00a0 \u00a0 \u00a0 \u00a0 \u00a0 \u00a0 \u00a01 cilindrs Degvielas tvertne, L:\u00a0 \u00a0 \u00a0 \u00a0 \u00a0 [&hellip;]<\/p>\n","protected":false},"featured_media":17726,"comment_status":"open","ping_status":"closed","template":"","meta":[],"product_brand":[],"product_cat":[279],"product_tag":[],"class_list":{"0":"post-17719","1":"product","2":"type-product","3":"status-publish","4":"has-post-thumbnail","6":"product_cat-suzuki-laivu-dzineji","8":"first","9":"instock","10":"taxable","11":"shipping-taxable","12":"purchasable","13":"product-type-simple"},"jetpack_sharing_enabled":true,"_links":{"self":[{"href":"https:\/\/shop.bushboats.com\/index.php\/wp-json\/wp\/v2\/product\/17719","targetHints":{"allow":["GET"]}}],"collection":[{"href":"https:\/\/shop.bushboats.com\/index.php\/wp-json\/wp\/v2\/product"}],"about":[{"href":"https:\/\/shop.bushboats.com\/index.php\/wp-json\/wp\/v2\/types\/product"}],"replies":[{"embeddable":true,"href":"https:\/\/shop.bushboats.com\/index.php\/wp-json\/wp\/v2\/comments?post=17719"}],"wp:featuredmedia":[{"embeddable":true,"href":"https:\/\/shop.bushboats.com\/index.php\/wp-json\/wp\/v2\/media\/17726"}],"wp:attachment":[{"href":"https:\/\/shop.bushboats.com\/index.php\/wp-json\/wp\/v2\/media?parent=17719"}],"wp:term":[{"taxonomy":"product_brand","embeddable":true,"href":"https:\/\/shop.bushboats.com\/index.php\/wp-json\/wp\/v2\/product_brand?post=17719"},{"taxonomy":"product_cat","embeddable":true,"href":"https:\/\/shop.bushboats.com\/index.php\/wp-json\/wp\/v2\/product_cat?post=17719"},{"taxonomy":"product_tag","embeddable":true,"href":"https:\/\/shop.bushboats.com\/index.php\/wp-json\/wp\/v2\/product_tag?post=17719"}],"curies":[{"name":"wp","href":"https:\/\/api.w.org\/{rel}","templated":true}]}}