{"id":18290,"date":"2024-04-17T17:14:40","date_gmt":"2024-04-17T14:14:40","guid":{"rendered":"https:\/\/shop.bushboats.com\/?post_type=product&#038;p=18290"},"modified":"2024-12-18T21:48:28","modified_gmt":"2024-12-18T19:48:28","slug":"bimini-tops-pamatne-piepusamajam-kas-izgatavots-no-epdm-gumijas-un-paredzets-uzlimesanai-1-gab","status":"publish","type":"product","link":"https:\/\/shop.bushboats.com\/index.php\/produkts\/bimini-tops-pamatne-piepusamajam-kas-izgatavots-no-epdm-gumijas-un-paredzets-uzlimesanai-1-gab\/","title":{"rendered":"BIMINI TOPS PAMATNE PIEP\u016a\u0160AMAJAM, KAS IZGATAVOTS NO EPDM GUMIJAS UN PAREDZ\u0112TS UZL\u012aM\u0112\u0160ANAI 1 gab."},"content":{"rendered":"<p>EPDM gumijas pamatni var uzl\u012bm\u0113t uz neopr\u0113na piep\u016b\u0161amaj\u0101m laiv\u0101m, ar no\u0146emamu kron\u0161teinu bimini virsmu mont\u0101\u017eai.<\/p>\n<p>Tehnisk\u0101s \u012bpa\u0161\u012bbas<\/p>\n<p>Garums\u00a0 188 mm<\/p>\n<p>Platums\u00a0 135 mm<\/p>\n","protected":false},"excerpt":{"rendered":"<p>EPDM gumijas pamatni var uzl\u012bm\u0113t uz neopr\u0113na piep\u016b\u0161amaj\u0101m laiv\u0101m, ar no\u0146emamu kron\u0161teinu bimini virsmu mont\u0101\u017eai. Tehnisk\u0101s \u012bpa\u0161\u012bbas Garums\u00a0 188 mm Platums\u00a0 135 mm<\/p>\n","protected":false},"featured_media":18291,"comment_status":"open","ping_status":"closed","template":"","meta":[],"product_brand":[],"product_cat":[685,54,664,670],"product_tag":[],"class_list":{"0":"post-18290","1":"product","2":"type-product","3":"status-publish","4":"has-post-thumbnail","6":"product_cat-komforts","7":"product_cat-accessories","8":"product_cat-laivu-parsegi","9":"product_cat-piepusamo-laivu-aksesuari","11":"first","12":"instock","13":"taxable","14":"shipping-taxable","15":"purchasable","16":"product-type-simple"},"jetpack_sharing_enabled":true,"_links":{"self":[{"href":"https:\/\/shop.bushboats.com\/index.php\/wp-json\/wp\/v2\/product\/18290","targetHints":{"allow":["GET"]}}],"collection":[{"href":"https:\/\/shop.bushboats.com\/index.php\/wp-json\/wp\/v2\/product"}],"about":[{"href":"https:\/\/shop.bushboats.com\/index.php\/wp-json\/wp\/v2\/types\/product"}],"replies":[{"embeddable":true,"href":"https:\/\/shop.bushboats.com\/index.php\/wp-json\/wp\/v2\/comments?post=18290"}],"wp:featuredmedia":[{"embeddable":true,"href":"https:\/\/shop.bushboats.com\/index.php\/wp-json\/wp\/v2\/media\/18291"}],"wp:attachment":[{"href":"https:\/\/shop.bushboats.com\/index.php\/wp-json\/wp\/v2\/media?parent=18290"}],"wp:term":[{"taxonomy":"product_brand","embeddable":true,"href":"https:\/\/shop.bushboats.com\/index.php\/wp-json\/wp\/v2\/product_brand?post=18290"},{"taxonomy":"product_cat","embeddable":true,"href":"https:\/\/shop.bushboats.com\/index.php\/wp-json\/wp\/v2\/product_cat?post=18290"},{"taxonomy":"product_tag","embeddable":true,"href":"https:\/\/shop.bushboats.com\/index.php\/wp-json\/wp\/v2\/product_tag?post=18290"}],"curies":[{"name":"wp","href":"https:\/\/api.w.org\/{rel}","templated":true}]}}