{"id":18301,"date":"2024-04-18T20:09:16","date_gmt":"2024-04-18T17:09:16","guid":{"rendered":"https:\/\/shop.bushboats.com\/?post_type=product&#038;p=18301"},"modified":"2025-04-09T14:18:02","modified_gmt":"2025-04-09T11:18:02","slug":"piepusama-motorlaiva-ar-kili-promarine-al430-gridas-aluminijs-tumsi-peleks","status":"publish","type":"product","link":"https:\/\/shop.bushboats.com\/index.php\/produkts\/piepusama-motorlaiva-ar-kili-promarine-al430-gridas-aluminijs-tumsi-peleks\/","title":{"rendered":"PIEP\u016a\u0160AM\u0100 MOTORLAIVA AR \u0136\u012aLI PROMARINE AL430 (GR\u012aDAS ALUM\u012aNIJS, TUM\u0160I PEL\u0112KS)"},"content":{"rendered":"<table style=\"height: 655px;\" border=\"0\" width=\"823\" cellspacing=\"0\" cellpadding=\"0\">\n<tbody>\n<tr>\n<td class=\"xl6826774\" dir=\"LTR\" width=\"156\" height=\"19\">Model<\/td>\n<td class=\"xl6626774\" dir=\"LTR\" width=\"73\">AL275<\/td>\n<td class=\"xl6626774\" dir=\"LTR\" width=\"73\">AL330<\/td>\n<td class=\"xl6626774\" dir=\"LTR\" width=\"79\">AL360<\/td>\n<td class=\"xl6626774\" dir=\"LTR\" width=\"79\">AL380<\/td>\n<td class=\"xl6626774\" dir=\"LTR\" width=\"79\">AL400<\/td>\n<td class=\"xl6626774\" dir=\"LTR\" width=\"69\">AL430<\/td>\n<\/tr>\n<tr>\n<td class=\"xl6726774\" dir=\"LTR\" width=\"156\" height=\"19\">Length<\/td>\n<td class=\"xl6926774\">275 cm<\/td>\n<td class=\"xl6926774\">330 cm<\/td>\n<td class=\"xl6926774\">360 cm<\/td>\n<td class=\"xl6926774\">380 cm<\/td>\n<td class=\"xl6926774\">400 cm<\/td>\n<td class=\"xl6926774\">430 cm<\/td>\n<\/tr>\n<tr>\n<td class=\"xl6726774\" dir=\"LTR\" width=\"156\" height=\"19\">Width<\/td>\n<td class=\"xl6926774\">150cm<\/td>\n<td class=\"xl6926774\">150 cm<\/td>\n<td class=\"xl6926774\">175 cm<\/td>\n<td class=\"xl6926774\">175 cm<\/td>\n<td class=\"xl6926774\">200 cm<\/td>\n<td class=\"xl6926774\">200 cm<\/td>\n<\/tr>\n<tr>\n<td class=\"xl6726774\" dir=\"LTR\" width=\"156\" height=\"19\">Tube diam.<\/td>\n<td class=\"xl6926774\">42cn<\/td>\n<td class=\"xl6926774\">42 cm<\/td>\n<td class=\"xl6926774\">46 cm<\/td>\n<td class=\"xl6926774\">46 cm<\/td>\n<td class=\"xl6926774\">50 cm<\/td>\n<td class=\"xl6926774\">50 cm<\/td>\n<\/tr>\n<tr>\n<td class=\"xl6726774\" dir=\"LTR\" width=\"156\" height=\"33\">PVC thickness, density<\/td>\n<td class=\"xl7026774\" width=\"73\">0.9mm, 1000 g\/m\u00b2<\/td>\n<td class=\"xl7026774\" width=\"73\">0.9mm, 1000 g\/m\u00b2<\/td>\n<td class=\"xl7026774\" width=\"79\">0.9mm, 1000 g\/m\u00b2<\/td>\n<td class=\"xl7026774\" width=\"79\">0.9mm, 1000 g\/m\u00b2<\/td>\n<td class=\"xl7026774\" width=\"79\">0.9mm, 1000 g\/m\u00b2<\/td>\n<td class=\"xl7026774\" width=\"69\">0.9mm, 1000 g\/m\u00b2<\/td>\n<\/tr>\n<tr>\n<td class=\"xl6726774\" dir=\"LTR\" width=\"156\" height=\"19\">Max. Load<\/td>\n<td class=\"xl6926774\">362kg<\/td>\n<td class=\"xl6926774\">415 kg<\/td>\n<td class=\"xl6926774\">500 kg<\/td>\n<td class=\"xl6926774\">595 kg<\/td>\n<td class=\"xl6926774\">630 kg<\/td>\n<td class=\"xl6926774\">680 kg<\/td>\n<\/tr>\n<tr>\n<td class=\"xl6726774\" dir=\"LTR\" width=\"156\" height=\"19\">Passengers<\/td>\n<td class=\"xl6926774\">3<\/td>\n<td class=\"xl6926774\">4<\/td>\n<td class=\"xl6926774\">5<\/td>\n<td class=\"xl6926774\">6<\/td>\n<td class=\"xl6926774\">7<\/td>\n<td class=\"xl6926774\">7<\/td>\n<\/tr>\n<tr>\n<td class=\"xl6726774\" dir=\"LTR\" width=\"156\" height=\"19\">Max engine power<\/td>\n<td class=\"xl6926774\">10HP<\/td>\n<td class=\"xl6926774\">15 HP<\/td>\n<td class=\"xl6926774\">15 HP<\/td>\n<td class=\"xl6926774\">30 HP<\/td>\n<td class=\"xl6926774\">30 HP<\/td>\n<td class=\"xl6926774\">30 HP<\/td>\n<\/tr>\n<tr>\n<td class=\"xl6726774\" dir=\"LTR\" width=\"156\" height=\"19\">Weight<\/td>\n<td class=\"xl6926774\">41kg<\/td>\n<td class=\"xl6926774\">49 kg<\/td>\n<td class=\"xl6926774\">53<\/td>\n<td class=\"xl6926774\">66 kg<\/td>\n<td class=\"xl6926774\">72 kg<\/td>\n<td class=\"xl6926774\">80 kg<\/td>\n<\/tr>\n<tr>\n<td class=\"xl6726774\" dir=\"LTR\" width=\"156\" height=\"19\">N. of chambers<\/td>\n<td class=\"xl6926774\">3+keel<\/td>\n<td class=\"xl6926774\">3+keel<\/td>\n<td class=\"xl6926774\">3+keel<\/td>\n<td class=\"xl6926774\">3+keel<\/td>\n<td class=\"xl6926774\">3+keel<\/td>\n<td class=\"xl6926774\">3+keel<\/td>\n<\/tr>\n<tr>\n<td class=\"xl6726774\" dir=\"LTR\" width=\"156\" height=\"19\">Keel<\/td>\n<td class=\"xl6926774\">+<\/td>\n<td class=\"xl6926774\">+<\/td>\n<td class=\"xl6926774\">+<\/td>\n<td class=\"xl6926774\">+<\/td>\n<td class=\"xl6926774\">+<\/td>\n<td class=\"xl6926774\">+<\/td>\n<\/tr>\n<tr>\n<td class=\"xl6726774\" dir=\"LTR\" width=\"156\" height=\"19\">Int. cockpit size<\/td>\n<td class=\"xl6926774\">175&#215;66 cm<\/td>\n<td class=\"xl6926774\">220&#215;66 cm<\/td>\n<td class=\"xl6926774\">236&#215;83 cm<\/td>\n<td class=\"xl6926774\">256&#215;83 cm<\/td>\n<td class=\"xl6926774\">262&#215;100 cm<\/td>\n<td class=\"xl6926774\">292&#215;100 cm<\/td>\n<\/tr>\n<tr>\n<td class=\"xl6726774\" dir=\"LTR\" width=\"156\" height=\"19\">Bottom type<\/td>\n<td class=\"xl6926774\">Aluminium<\/td>\n<td class=\"xl6926774\">Aluminium<\/td>\n<td class=\"xl6926774\">Aluminium<\/td>\n<td class=\"xl6926774\">Aluminium<\/td>\n<td class=\"xl6926774\">Aluminium<\/td>\n<td class=\"xl6926774\">Aluminium<\/td>\n<\/tr>\n<tr>\n<td class=\"xl6726774\" dir=\"LTR\" width=\"156\" height=\"19\">Seats<\/td>\n<td class=\"xl6526774\">x2<\/td>\n<td class=\"xl6526774\">x2<\/td>\n<td class=\"xl6526774\">x2<\/td>\n<td class=\"xl6526774\">x2<\/td>\n<td class=\"xl6526774\">x2<\/td>\n<td class=\"xl6526774\">x2<\/td>\n<\/tr>\n<\/tbody>\n<\/table>\n<p>PIEP\u016a\u0160AM\u0100 MOTORLAIVA AR \u0136\u012aLI PROMARINE AL430<br \/>\nJaunums: komplekt\u0101 stie\u0146u tur\u0113t\u0101js un skava<\/p>\n<p>AL s\u0113rijas laivas ir piep\u016b\u0161amas PVC laivas ar alum\u012bnija gr\u012bdu, transom d\u0113li \u0101r\u0113jam bortam un piep\u016b\u0161amo \u0137\u012bli. Tas ir popul\u0101r\u0101kais modelis, kas ir ieguvis popularit\u0101ti, pateicoties iztur\u012bgajai alum\u012bnija gr\u012bdai, k\u0101 ar\u012b labajam apr\u012bkojumam un n\u0101kotnei. T\u0101 k\u0101 laivu izm\u0113ri ir \u013coti da\u017e\u0101di, no kuriem izv\u0113l\u0113ties, \u0161\u012bs laivu s\u0113rijas var izmantot visda\u017e\u0101d\u0101kajiem m\u0113r\u0137iem, s\u0101kot no atp\u016btas, mak\u0161\u0137er\u0113\u0161anas l\u012bdz profesion\u0101lai lieto\u0161anai gl\u0101b\u0161anas dienestos un t\u0101 t\u0101l\u0101k. Laivas, kas gar\u0101kas par 4 metriem, klasific\u0113 C kategorij\u0101, un t\u0101s var izmantot piekrastes \u016bde\u0146os. AL s\u0113rijas laivas var izmantot ar da\u017e\u0101diem elektriskajiem dzin\u0113jiem vai benz\u012bna piekarin\u0101mo (l\u012bdz 40 ZS). Laiv\u0101m ir piep\u016b\u0161amais V veida \u0137\u012blis, kas nodro\u0161ina stabilu kru\u012bzu. Aizsargsiksnas apak\u0161\u0101 un caurules pus\u0113 aizsarg\u0101 j\u016bsu laivu no boj\u0101jumiem.<\/p>\n<p>Transom d\u0113\u013ca piestiprin\u0101\u0161anai tika izmantots jaun\u0101s paaudzes profils. Transom pl\u0101ksne tika papildus piestiprin\u0101ta ar skr\u016bv\u0113m. Transom d\u0113lis tika izgatavots no neabsorb\u0113jo\u0161a koka d\u0113\u013ca. Tas pagarina laivas virsk\u0101rtas kalpo\u0161anas laiku un papildus pasarg\u0101 to no nepiecie\u0161am\u012bbas main\u012bties, pat ja to lieto slikt\u0101kos apst\u0101k\u013cos.<\/p>\n<p><span class=\"Y2IQFc\" lang=\"lv\">Garantija 3 gadi PVC audumam, transom d\u0113\u013cu stiprin\u0101jumam, 1 gads \u0161uv\u0113m un deta\u013c\u0101m.<\/span><\/p>\n<p>Galven\u0101s iez\u012bmes:<\/p>\n<p>Piep\u016b\u0161amais \u0137\u012blis.<br \/>\nAlum\u012bnija gr\u012bda,<br \/>\nEnkura virves sl\u0113dzene un veltnis,<br \/>\nStabils transom d\u0113lis \u0101r\u0113jam,<br \/>\nB\u012bd\u0101mie soli\u0146i,<br \/>\nDro\u0161\u012bbas virve aug\u0161pus\u0113, Cauru\u013cu aizsardz\u012bbas lente s\u0101nos un apak\u0161\u0101;<br \/>\nNer\u016bs\u0113jo\u0161\u0101 t\u0113rauda rokturis ar D gredzenu priek\u0161\u0101<br \/>\n\u0112rti aizmugur\u0113jie rokturi ir uzst\u0101d\u012bti iek\u0161pus\u0113,<br \/>\nVilk\u0161anas virve,<br \/>\n4x D-gredzeni,<br \/>\nLaivas n\u0113s\u0101\u0161anas soma-aploksne, kas piestiprin\u0101ta ar siksn\u0101m,<br \/>\nCE inform\u0101cijas pl\u0101ksne un unik\u0101lais laivas numurs<br \/>\nIesp\u0113jam\u0101s modifik\u0101cijas ar gr\u012bdu: &#8211; ALUM\u012aNIJS<br \/>\nKr\u0101su opcijas &#8211; tum\u0161i pel\u0113ka \/ melna<\/p>\n<p>Iek\u0101rtas:<\/p>\n<p>Laiva &#8211; 1 vien\u012bba,<br \/>\nAlum\u012bnija apak\u0161\u0113jais komplekts &#8211; 1 gab.,<br \/>\nK\u0101ju s\u016bknis &#8211; 1 gab.,<br \/>\nAiri 132cm &#8211; 2 gab.,<br \/>\nAlum\u012bnija sols &#8211; 2 gab.<br \/>\nStie\u0146a tur\u0113t\u0101js<br \/>\nSkava<br \/>\nLaivu p\u0101rn\u0113s\u0101\u0161anas soma &#8211; 1 gab.<br \/>\nRemonta komplekts (l\u012bme, PVC pl\u0101ksteri, v\u0101rsta uzgrie\u017e\u0146u atsl\u0113ga) &#8211; 1 gab.<br \/>\nCE atbilst\u012bbas deklar\u0101cija<br \/>\nLietot\u0101ja rokasgr\u0101mata.<\/p>\n","protected":false},"excerpt":{"rendered":"<p>Model AL275 AL330 AL360 AL380 AL400 AL430 Length 275 cm 330 cm 360 cm 380 cm 400 cm 430 cm Width 150cm 150 cm 175 cm 175 cm 200 cm 200 cm Tube diam. 42cn 42 cm 46 cm 46 cm 50 cm 50 cm PVC thickness, density 0.9mm, 1000 g\/m\u00b2 0.9mm, 1000 g\/m\u00b2 0.9mm, [&hellip;]<\/p>\n","protected":false},"featured_media":18302,"comment_status":"open","ping_status":"closed","template":"","meta":[],"product_brand":[],"product_cat":[771,768],"product_tag":[],"class_list":{"0":"post-18301","1":"product","2":"type-product","3":"status-publish","4":"has-post-thumbnail","6":"product_cat-laivas","7":"product_cat-piepusamas-pvc-motorlaivas","9":"first","10":"instock","11":"taxable","12":"shipping-taxable","13":"purchasable","14":"product-type-simple"},"jetpack_sharing_enabled":true,"_links":{"self":[{"href":"https:\/\/shop.bushboats.com\/index.php\/wp-json\/wp\/v2\/product\/18301","targetHints":{"allow":["GET"]}}],"collection":[{"href":"https:\/\/shop.bushboats.com\/index.php\/wp-json\/wp\/v2\/product"}],"about":[{"href":"https:\/\/shop.bushboats.com\/index.php\/wp-json\/wp\/v2\/types\/product"}],"replies":[{"embeddable":true,"href":"https:\/\/shop.bushboats.com\/index.php\/wp-json\/wp\/v2\/comments?post=18301"}],"wp:featuredmedia":[{"embeddable":true,"href":"https:\/\/shop.bushboats.com\/index.php\/wp-json\/wp\/v2\/media\/18302"}],"wp:attachment":[{"href":"https:\/\/shop.bushboats.com\/index.php\/wp-json\/wp\/v2\/media?parent=18301"}],"wp:term":[{"taxonomy":"product_brand","embeddable":true,"href":"https:\/\/shop.bushboats.com\/index.php\/wp-json\/wp\/v2\/product_brand?post=18301"},{"taxonomy":"product_cat","embeddable":true,"href":"https:\/\/shop.bushboats.com\/index.php\/wp-json\/wp\/v2\/product_cat?post=18301"},{"taxonomy":"product_tag","embeddable":true,"href":"https:\/\/shop.bushboats.com\/index.php\/wp-json\/wp\/v2\/product_tag?post=18301"}],"curies":[{"name":"wp","href":"https:\/\/api.w.org\/{rel}","templated":true}]}}