{"id":20644,"date":"2024-07-25T20:21:55","date_gmt":"2024-07-25T17:21:55","guid":{"rendered":"https:\/\/shop.bushboats.com\/index.php\/produkts\/kolibri-k-190-kresla-uzlika-kolibri\/"},"modified":"2024-09-08T19:40:53","modified_gmt":"2024-09-08T16:40:53","slug":"kolibri-k-190-kresla-uzlika-kolibri","status":"publish","type":"product","link":"https:\/\/shop.bushboats.com\/index.php\/produkts\/kolibri-k-190-kresla-uzlika-kolibri\/?lang=ru","title":{"rendered":"Kolibri K-190 + \u041c\u044f\u0433\u043a\u043e\u0435 \u0441\u0438\u0434\u0435\u043d\u044c\u0435 Kolibri!"},"content":{"rendered":"<h3 class=\"h6\">\u041b\u0438\u0441\u0442 \u0434\u0430\u043d\u043d\u044b\u0445<\/h3>\n<dl class=\"data-sheet\">\n<dt class=\"name\">\u0414\u043b\u0438\u043d\u043d\u0430, c\u043c 190<\/dt>\n<dt class=\"name\">\u0428\u0438\u0440\u0438\u043d\u0430, c\u043c 105<\/dt>\n<dt class=\"name\">\u0414\u0438\u0430\u043c\u0435\u0442\u0440 \u0431\u0430\u043b\u043b\u043e\u043d\u0430, \u0441\u043c 28<\/dt>\n<dt class=\"name\">\u041f\u043b\u043e\u0442\u043d\u043e\u0441\u0442\u044c \u041f\u0412\u0425, \u0433\/m2 650<\/dt>\n<dt class=\"name\">\u0413\u0440\u0443\u0437\u043e\u043f\u043e\u0434\u044a\u0435\u043c\u043d\u043e\u0441\u0442\u044c, \u043a\u0433 100<\/dt>\n<dt class=\"name\">\u041f\u0430\u0441\u0441\u0430\u0436\u0438\u0440\u043e\u0432\u043c\u0435\u0441\u0442\u0438\u043c\u043e\u0441\u0442\u044c, \u0447\u0435\u043b. 1<\/dt>\n<dt class=\"name\">\u041c\u0430\u043a\u0441\u0438\u043c\u0430\u043b\u044c\u043d\u0430\u044f \u043c\u043e\u0449\u043d\u043e\u0441\u0442\u044c \u043c\u043e\u0442\u043e\u0440\u0430, \u043b.\u0441. &#8211;<\/dt>\n<dt class=\"name\">\u0412\u0435\u0441, \u043a\u0433 10,9<\/dt>\n<dt class=\"name\">\u041a\u043e\u043b\u0438\u0447\u0435\u0441\u0442\u0432\u043e \u0431\u0430\u043b\u043b\u043e\u043d\u043e\u0432 2<\/dt>\n<dt class=\"name\">\u0420\u0430\u0437\u043c\u0435\u0440 \u043a\u043e\u043a\u043f\u0438\u0442\u0430, \u0441\u043c 134\u044549<\/dt>\n<dt class=\"name\">\u0413\u0430\u0440\u0430\u043d\u0442\u0438\u044f (\u0433\u043e\u0434) 3<\/dt>\n<dt class=\"name\">\u0420\u0430\u0437\u0434\u0432\u0438\u0436\u043d\u044b\u0435 \u0441\u043a\u0430\u043c\u0435\u0439\u043a\u0438 +<\/dt>\n<\/dl>\n<dl class=\"data-sheet\">\n<dt>\n<div id=\"collapsedescription\" class=\"collapse in\" role=\"tabpanel\" aria-labelledby=\"headingdescription\">\n<div class=\"card-block\">\n<div class=\"product-description\">\n<p><strong>APRAKSTS<\/strong><strong>Tips<\/strong><strong>: <\/strong>Airu laiva. <strong>Svars<\/strong><strong>: <\/strong>10.9 kg.<strong><br \/>\n<\/strong><strong>Garums<\/strong><strong>: <\/strong>190 cm.<strong><br \/>\n<\/strong><strong>Pasa\u017eieru skaits<\/strong><strong>: <\/strong>1 cilv.<strong> Garantija: <\/strong>3 gadi.<\/p>\n<div class=\"product-description\">\n<ul>\n<li>\u041f\u043e\u0436\u0430\u043b\u0443\u0439\u0441\u0442\u0430, \u0432\u044b\u0431\u0435\u0440\u0438\u0442\u0435 \u0442\u0438\u043f \u0442\u0440\u0435\u0431\u0443\u0435\u043c\u043e\u0433\u043e \u043d\u0430\u043f\u043e\u043b\u044c\u043d\u043e\u0433\u043e \u043f\u043e\u043a\u0440\u044b\u0442\u0438\u044f<\/li>\n<li>\u041e\u0441\u043d\u043e\u0432\u043d\u044b\u0435 \u0446\u0432\u0435\u0442\u0430: \u0437\u0435\u043b\u0435\u043d\u044b\u0439 \u0438\u043b\u0438 \u0442\u0435\u043c\u043d\u043e-\u0441\u0435\u0440\u044b\u0439.<\/li>\n<li>\u041a\u0430\u043c\u0443\u0444\u043b\u044f\u0436\u043d\u044b\u0439 \u0446\u0432\u0435\u0442 \u0442\u0430\u043a\u0436\u0435 \u0434\u043e\u0441\u0442\u0443\u043f\u0435\u043d (\u0441\u043f\u0435\u0446\u0438\u0430\u043b\u044c\u043d\u044b\u0439 \u0437\u0430\u043a\u0430\u0437)<\/li>\n<li>\u0414\u043e\u0441\u0442\u0430\u0432\u043a\u0430 \u043f\u043e \u0432\u0441\u0435\u0439 \u0415\u0432\u0440\u043e\u043f\u0435.<\/li>\n<\/ul>\n<p><strong>\u041e\u0431\u043e\u0440\u0443\u0434\u043e\u0432\u0430\u043d\u0438\u0435:<\/strong><\/p>\n<ul>\n<li>\u041b\u043e\u0434\u043a\u0430 \u0438\u0437 \u041f\u0412\u0425 &#8211; 1 \u0433\u0431.<\/li>\n<li>\u041d\u0430\u0441\u043e\u0441 &#8211; 1 \u0433\u0431.<\/li>\n<li>\u0432\u0435\u0441\u043b\u0430 &#8211; 2 \u0433\u0431.<\/li>\n<li>\u0421\u0438\u0434\u0435\u043d\u044c\u0435 \u0438\u0437 \u0448\u043f\u043e\u043d\u0430 &#8211; 1 \u0448\u0442.<\/li>\n<li>\u0421\u0443\u043c\u043a\u0430 \u0434\u043b\u044f \u043b\u043e\u0434\u043a\u0438 &#8211; 1 \u0433\u0431.<\/li>\n<li>\u0420\u0435\u043c\u043e\u043d\u0442\u043d\u044b\u0439 \u043d\u0430\u0431\u043e\u0440 (\u043a\u043b\u0435\u0439, \u0437\u0430\u043f\u043b\u0430\u0442\u043a\u0438 \u0438\u0437 \u041f\u0412\u0425) &#8211; 1 \u0433\u0431.<\/li>\n<li>\u0422\u0435\u0445\u043d\u0438\u0447\u0435\u0441\u043a\u0438\u0439 \u043f\u0430\u0441\u043f\u043e\u0440\u0442 \u0441 \u0433\u0430\u0440\u0430\u043d\u0442\u0438\u0439\u043d\u044b\u043c \u0442\u0430\u043b\u043e\u043d\u043e\u043c.<\/li>\n<\/ul>\n<p>Airu laivu \u00abKOLIBRI\u00bb galven\u0101s priek\u0161roc\u012bbas ir: nevainojama uzticam\u012bba un iztur\u012bba, kas ir pan\u0101kta, izmantojot pieck\u0101r\u0161o PVC audumu (bl\u012bvums 750-950 g\/m2 s\u0113rijai \u00abStandard\u00bb, 950 g\/m2 s\u0113rijai \u00abPro\u00bb un 650 &#8211; 750 g\/m2 &#8211; s\u0113rijai \u00abSuper Light\u00bb); mazs svars un izm\u0113rs transport\u0113\u0161anas st\u0101vokl\u012b; \u0101tra laivas uzst\u0101d\u012b\u0161ana; p\u0101rvietojami be\u0146\u0137i (\u00abSuper Lite\u00bb un \u00abPro\u00bb s\u0113rijai); galveno elementu metin\u0101\u0161ana AFS iek\u0101rt\u0101s; fabrik\u0101 uzst\u0101d\u012bti stiprin\u0101jumi uzkarin\u0101mam trancim (s\u0113rijai \u00abStandard\u00bbun \u00abPro\u00bb; iesp\u0113ja izv\u0113l\u0113ties vienu no trim kl\u0101ju (gr\u012bdas) variantiem (da\u013c\u0113js kl\u0101js, pilns kl\u0101js, piep\u016b\u0161amais kl\u0101js (air-deck); pla\u0161a ori\u0123in\u0101lu aksesu\u0101ru un papildus apr\u012bkojuma izv\u0113le.<\/p>\n<\/div>\n<\/div>\n<\/div>\n<\/div>\n<\/dt>\n<\/dl>\n","protected":false},"excerpt":{"rendered":"<p>\u041b\u0438\u0441\u0442 \u0434\u0430\u043d\u043d\u044b\u0445 \u0414\u043b\u0438\u043d\u043d\u0430, c\u043c 190 \u0428\u0438\u0440\u0438\u043d\u0430, c\u043c 105 \u0414\u0438\u0430\u043c\u0435\u0442\u0440 \u0431\u0430\u043b\u043b\u043e\u043d\u0430, \u0441\u043c 28 \u041f\u043b\u043e\u0442\u043d\u043e\u0441\u0442\u044c \u041f\u0412\u0425, \u0433\/m2 650 \u0413\u0440\u0443\u0437\u043e\u043f\u043e\u0434\u044a\u0435\u043c\u043d\u043e\u0441\u0442\u044c, \u043a\u0433 100 \u041f\u0430\u0441\u0441\u0430\u0436\u0438\u0440\u043e\u0432\u043c\u0435\u0441\u0442\u0438\u043c\u043e\u0441\u0442\u044c, \u0447\u0435\u043b. 1 \u041c\u0430\u043a\u0441\u0438\u043c\u0430\u043b\u044c\u043d\u0430\u044f \u043c\u043e\u0449\u043d\u043e\u0441\u0442\u044c \u043c\u043e\u0442\u043e\u0440\u0430, \u043b.\u0441. &#8211; \u0412\u0435\u0441, \u043a\u0433 10,9 \u041a\u043e\u043b\u0438\u0447\u0435\u0441\u0442\u0432\u043e \u0431\u0430\u043b\u043b\u043e\u043d\u043e\u0432 2 \u0420\u0430\u0437\u043c\u0435\u0440 \u043a\u043e\u043a\u043f\u0438\u0442\u0430, \u0441\u043c 134\u044549 \u0413\u0430\u0440\u0430\u043d\u0442\u0438\u044f (\u0433\u043e\u0434) 3 \u0420\u0430\u0437\u0434\u0432\u0438\u0436\u043d\u044b\u0435 \u0441\u043a\u0430\u043c\u0435\u0439\u043a\u0438 + APRAKSTSTips: Airu laiva. Svars: 10.9 kg. Garums: 190 cm. Pasa\u017eieru skaits: 1 [&hellip;]<\/p>\n","protected":false},"featured_media":20629,"comment_status":"open","ping_status":"closed","template":"","meta":[],"product_brand":[],"product_cat":[806,798],"product_tag":[],"class_list":{"0":"post-20644","1":"product","2":"type-product","3":"status-publish","4":"has-post-thumbnail","6":"product_cat-inflatable-kolibri","7":"product_cat-kolibri-ru","9":"first","10":"instock","11":"taxable","12":"shipping-taxable","13":"purchasable","14":"product-type-variable"},"jetpack_sharing_enabled":true,"_links":{"self":[{"href":"https:\/\/shop.bushboats.com\/index.php\/wp-json\/wp\/v2\/product\/20644","targetHints":{"allow":["GET"]}}],"collection":[{"href":"https:\/\/shop.bushboats.com\/index.php\/wp-json\/wp\/v2\/product"}],"about":[{"href":"https:\/\/shop.bushboats.com\/index.php\/wp-json\/wp\/v2\/types\/product"}],"replies":[{"embeddable":true,"href":"https:\/\/shop.bushboats.com\/index.php\/wp-json\/wp\/v2\/comments?post=20644"}],"wp:featuredmedia":[{"embeddable":true,"href":"https:\/\/shop.bushboats.com\/index.php\/wp-json\/wp\/v2\/media\/20629"}],"wp:attachment":[{"href":"https:\/\/shop.bushboats.com\/index.php\/wp-json\/wp\/v2\/media?parent=20644"}],"wp:term":[{"taxonomy":"product_brand","embeddable":true,"href":"https:\/\/shop.bushboats.com\/index.php\/wp-json\/wp\/v2\/product_brand?post=20644"},{"taxonomy":"product_cat","embeddable":true,"href":"https:\/\/shop.bushboats.com\/index.php\/wp-json\/wp\/v2\/product_cat?post=20644"},{"taxonomy":"product_tag","embeddable":true,"href":"https:\/\/shop.bushboats.com\/index.php\/wp-json\/wp\/v2\/product_tag?post=20644"}],"curies":[{"name":"wp","href":"https:\/\/api.w.org\/{rel}","templated":true}]}}