{"id":21887,"date":"2024-09-12T08:53:40","date_gmt":"2024-09-12T05:53:40","guid":{"rendered":"https:\/\/shop.bushboats.com\/?post_type=product&#038;p=21887"},"modified":"2025-01-01T23:03:30","modified_gmt":"2025-01-01T21:03:30","slug":"piekarinams-trancis","status":"publish","type":"product","link":"https:\/\/shop.bushboats.com\/index.php\/produkts\/piekarinams-trancis\/","title":{"rendered":"Piekarin\u0101ms trancis"},"content":{"rendered":"<p>Piekarin\u0101ms trancis motoram, komplekt\u0101 ar stiprin\u0101jumiem uzst\u0101d\u012b\u0161anai uz laivas<\/p>\n","protected":false},"excerpt":{"rendered":"<p>Piekarin\u0101ms trancis motoram, komplekt\u0101 ar stiprin\u0101jumiem uzst\u0101d\u012b\u0161anai uz laivas<\/p>\n","protected":false},"featured_media":21888,"comment_status":"open","ping_status":"closed","template":"","meta":[],"product_brand":[],"product_cat":[792,82,829,54,670,679],"product_tag":[],"class_list":{"0":"post-21887","1":"product","2":"type-product","3":"status-publish","4":"has-post-thumbnail","6":"product_cat-bush-laivam-i-pilot-elektriska-enkura-platformas","7":"product_cat-other-accessories-lv","8":"product_cat-citi-makskeresanas-aksesuari","9":"product_cat-accessories","10":"product_cat-piepusamo-laivu-aksesuari","11":"product_cat-tranca-aprikojums","13":"first","14":"instock","15":"taxable","16":"shipping-taxable","17":"purchasable","18":"product-type-simple"},"jetpack_sharing_enabled":true,"_links":{"self":[{"href":"https:\/\/shop.bushboats.com\/index.php\/wp-json\/wp\/v2\/product\/21887","targetHints":{"allow":["GET"]}}],"collection":[{"href":"https:\/\/shop.bushboats.com\/index.php\/wp-json\/wp\/v2\/product"}],"about":[{"href":"https:\/\/shop.bushboats.com\/index.php\/wp-json\/wp\/v2\/types\/product"}],"replies":[{"embeddable":true,"href":"https:\/\/shop.bushboats.com\/index.php\/wp-json\/wp\/v2\/comments?post=21887"}],"wp:featuredmedia":[{"embeddable":true,"href":"https:\/\/shop.bushboats.com\/index.php\/wp-json\/wp\/v2\/media\/21888"}],"wp:attachment":[{"href":"https:\/\/shop.bushboats.com\/index.php\/wp-json\/wp\/v2\/media?parent=21887"}],"wp:term":[{"taxonomy":"product_brand","embeddable":true,"href":"https:\/\/shop.bushboats.com\/index.php\/wp-json\/wp\/v2\/product_brand?post=21887"},{"taxonomy":"product_cat","embeddable":true,"href":"https:\/\/shop.bushboats.com\/index.php\/wp-json\/wp\/v2\/product_cat?post=21887"},{"taxonomy":"product_tag","embeddable":true,"href":"https:\/\/shop.bushboats.com\/index.php\/wp-json\/wp\/v2\/product_tag?post=21887"}],"curies":[{"name":"wp","href":"https:\/\/api.w.org\/{rel}","templated":true}]}}