{"id":21975,"date":"2024-09-17T21:10:04","date_gmt":"2024-09-17T18:10:04","guid":{"rendered":"https:\/\/shop.bushboats.com\/?post_type=product&#038;p=21975"},"modified":"2026-04-15T01:12:05","modified_gmt":"2026-04-14T22:12:05","slug":"makskeres-turetajs-un-platforma-piepusmiem-pvc-baloniem-ht213fmp225","status":"publish","type":"product","link":"https:\/\/shop.bushboats.com\/index.php\/produkts\/makskeres-turetajs-un-platforma-piepusmiem-pvc-baloniem-ht213fmp225\/","title":{"rendered":"Mak\u0161\u0137eres tur\u0113t\u0101js un platforma piep\u016b\u0161miem PVC baloniem (Ht213+FMp225)"},"content":{"rendered":"<p>Mak\u0161\u0137eres tur\u0113t\u0101js un platforma piep\u016b\u0161amiem PVC baloniem (Ht213+FMp225)<\/p>\n","protected":false},"excerpt":{"rendered":"<p>Mak\u0161\u0137eres tur\u0113t\u0101js un platforma piep\u016b\u0161amiem PVC baloniem (Ht213+FMp225)<\/p>\n","protected":false},"featured_media":21983,"comment_status":"open","ping_status":"closed","template":"","meta":[],"product_brand":[],"product_cat":[864,82,829,54,670,682],"product_tag":[],"class_list":{"0":"post-21975","1":"product","2":"type-product","3":"status-publish","4":"has-post-thumbnail","6":"product_cat-borika-aksesuari-fasten","7":"product_cat-other-accessories-lv","8":"product_cat-citi-makskeresanas-aksesuari","9":"product_cat-accessories","10":"product_cat-piepusamo-laivu-aksesuari","11":"product_cat-turetaji-makskerem-eholotiem-sensoriem","13":"first","14":"instock","15":"taxable","16":"shipping-taxable","17":"purchasable","18":"product-type-simple"},"jetpack_sharing_enabled":true,"_links":{"self":[{"href":"https:\/\/shop.bushboats.com\/index.php\/wp-json\/wp\/v2\/product\/21975","targetHints":{"allow":["GET"]}}],"collection":[{"href":"https:\/\/shop.bushboats.com\/index.php\/wp-json\/wp\/v2\/product"}],"about":[{"href":"https:\/\/shop.bushboats.com\/index.php\/wp-json\/wp\/v2\/types\/product"}],"replies":[{"embeddable":true,"href":"https:\/\/shop.bushboats.com\/index.php\/wp-json\/wp\/v2\/comments?post=21975"}],"wp:featuredmedia":[{"embeddable":true,"href":"https:\/\/shop.bushboats.com\/index.php\/wp-json\/wp\/v2\/media\/21983"}],"wp:attachment":[{"href":"https:\/\/shop.bushboats.com\/index.php\/wp-json\/wp\/v2\/media?parent=21975"}],"wp:term":[{"taxonomy":"product_brand","embeddable":true,"href":"https:\/\/shop.bushboats.com\/index.php\/wp-json\/wp\/v2\/product_brand?post=21975"},{"taxonomy":"product_cat","embeddable":true,"href":"https:\/\/shop.bushboats.com\/index.php\/wp-json\/wp\/v2\/product_cat?post=21975"},{"taxonomy":"product_tag","embeddable":true,"href":"https:\/\/shop.bushboats.com\/index.php\/wp-json\/wp\/v2\/product_tag?post=21975"}],"curies":[{"name":"wp","href":"https:\/\/api.w.org\/{rel}","templated":true}]}}