{"id":22145,"date":"2024-11-25T21:26:13","date_gmt":"2024-11-25T19:26:13","guid":{"rendered":"https:\/\/shop.bushboats.com\/?post_type=product&#038;p=22145"},"modified":"2025-09-23T21:34:06","modified_gmt":"2025-09-23T18:34:06","slug":"haswing-w-20-20lbs-12v-600mm-laivu-elektromotors","status":"publish","type":"product","link":"https:\/\/shop.bushboats.com\/index.php\/produkts\/haswing-w-20-20lbs-12v-600mm-laivu-elektromotors\/","title":{"rendered":"HASWING W-20 20lbs 12V, 600mm laivu elektromotors"},"content":{"rendered":"<h2 class=\"product-info-header\">Preces apraksts<\/h2>\n<div id=\"collapse_block_2\" class=\"product-description-wrapper\">\n<p>W20 ir iztur\u012bgs 12 voltu motors, un tas ir pieejams 20 lbs mode\u013cos. W20 motori ir apr\u012bkoti ar 2 poz\u012bcij\u0101m uz priek\u0161u un 2 atpaka\u013cgait\u0101. W20 modelis ir viegls (no 2,3 kg), viegli p\u0101rn\u0113s\u0101jams un \u013coti kompakts, pateicoties saliekamajai st\u016bres svirai.<\/p>\n<p>Dzi\u013cuma augstumu var viegli regul\u0113t, lai j\u016bs var\u0113tu braukt praktiski jebkur\u0101 \u016bden\u012b. St\u016bres svira regul\u0113jas da\u017e\u0101dos le\u0146\u0137os. W20 modelim ir ar\u012b LED akumulatora uzl\u0101des l\u012bme\u0146a indikators. Piem\u0113rots gan s\u0101ls, gan sald\u016bdenim.<\/p>\n<p>SPECIFIK\u0100CIJAS:<br \/>\nMaksim\u0101lais spriegums: DC 12V<br \/>\nDzi\u013cuma regul\u0113\u0161ana: dzi\u013cuma apkakle<br \/>\nMaksim\u0101l\u0101 vilce: 20 m\u0101rci\u0146as<br \/>\nAtbalsta tips: 2 asme\u0146u balsts \/ 5,9 collas diam<br \/>\nPro \u0101trums ar pilnu jaudu: maks. 1200 apgr.\/ min<br \/>\nAkumulatora tips: 1x20AH dzi\u013cais cikls<br \/>\nMaksim\u0101lais laivas garums un slodze: 3 m<br \/>\nSt\u016bres pak\u0101pe: 360 gr\u0101du vad\u012bba<br \/>\nJauda &#8211; Max: 200W<br \/>\nAmp \u2014 maks.: 17 A<br \/>\nDecivel l\u012bmenis: 50db<br \/>\nStiprin\u0101jums: Transom<br \/>\nTips: liets alum\u012bnijs<br \/>\nGarums: 600 mm<\/p>\n<\/div>\n","protected":false},"excerpt":{"rendered":"<p>Preces apraksts W20 ir iztur\u012bgs 12 voltu motors, un tas ir pieejams 20 lbs mode\u013cos. W20 motori ir apr\u012bkoti ar 2 poz\u012bcij\u0101m uz priek\u0161u un 2 atpaka\u013cgait\u0101. W20 modelis ir viegls (no 2,3 kg), viegli p\u0101rn\u0113s\u0101jams un \u013coti kompakts, pateicoties saliekamajai st\u016bres svirai. Dzi\u013cuma augstumu var viegli regul\u0113t, lai j\u016bs var\u0113tu braukt praktiski jebkur\u0101 \u016bden\u012b. [&hellip;]<\/p>\n","protected":false},"featured_media":22146,"comment_status":"open","ping_status":"closed","template":"","meta":[],"product_brand":[],"product_cat":[707,812,73],"product_tag":[],"class_list":{"0":"post-22145","1":"product","2":"type-product","3":"status-publish","4":"has-post-thumbnail","6":"product_cat-elektromotori","7":"product_cat-haswing","8":"product_cat-boat-motors-lv","10":"first","11":"instock","12":"taxable","13":"shipping-taxable","14":"purchasable","15":"product-type-simple"},"jetpack_sharing_enabled":true,"_links":{"self":[{"href":"https:\/\/shop.bushboats.com\/index.php\/wp-json\/wp\/v2\/product\/22145","targetHints":{"allow":["GET"]}}],"collection":[{"href":"https:\/\/shop.bushboats.com\/index.php\/wp-json\/wp\/v2\/product"}],"about":[{"href":"https:\/\/shop.bushboats.com\/index.php\/wp-json\/wp\/v2\/types\/product"}],"replies":[{"embeddable":true,"href":"https:\/\/shop.bushboats.com\/index.php\/wp-json\/wp\/v2\/comments?post=22145"}],"wp:featuredmedia":[{"embeddable":true,"href":"https:\/\/shop.bushboats.com\/index.php\/wp-json\/wp\/v2\/media\/22146"}],"wp:attachment":[{"href":"https:\/\/shop.bushboats.com\/index.php\/wp-json\/wp\/v2\/media?parent=22145"}],"wp:term":[{"taxonomy":"product_brand","embeddable":true,"href":"https:\/\/shop.bushboats.com\/index.php\/wp-json\/wp\/v2\/product_brand?post=22145"},{"taxonomy":"product_cat","embeddable":true,"href":"https:\/\/shop.bushboats.com\/index.php\/wp-json\/wp\/v2\/product_cat?post=22145"},{"taxonomy":"product_tag","embeddable":true,"href":"https:\/\/shop.bushboats.com\/index.php\/wp-json\/wp\/v2\/product_tag?post=22145"}],"curies":[{"name":"wp","href":"https:\/\/api.w.org\/{rel}","templated":true}]}}