{"id":22183,"date":"2024-11-25T22:22:20","date_gmt":"2024-11-25T20:22:20","guid":{"rendered":"https:\/\/shop.bushboats.com\/?post_type=product&#038;p=22183"},"modified":"2026-03-23T12:47:17","modified_gmt":"2026-03-23T10:47:17","slug":"elektromotors-haswing-pulsar-protruar-1-0-12v-65lbs-laivam-lidz-6m","status":"publish","type":"product","link":"https:\/\/shop.bushboats.com\/index.php\/produkts\/elektromotors-haswing-pulsar-protruar-1-0-12v-65lbs-laivam-lidz-6m\/","title":{"rendered":"Elektromotors HASWING PULSAR Protruar 1.0 &#8211; 12V 65lbs Laiv\u0101m l\u012bdz 6m"},"content":{"rendered":"<p>Protruar 1.0 ir apr\u012bkots ar jaud\u012bgu 12 V bezsuku motoru, kas nodro\u0161ina milz\u012bgu 65 m\u0101rci\u0146u vilci, nodro\u0161inot lielisku piedzi\u0146u pla\u0161am \u016bdensce\u013cu kl\u0101stam. Apr\u012bkots ar bezpak\u0101pju regul\u0113jamu \u0101truma kontroli un magn\u0113tisku dro\u0161\u012bbas \u0161tropi. Motoru var viegli nolaist\u00a0\u016bden\u012b un pacelt no\u00a0t\u0101, un &#8220;k\u0101jas&#8221;\u00a0augstums ir regul\u0113jams ar \u0101tr\u0101s blo\u0137\u0113\u0161anas meh\u0101nisma pal\u012bdz\u012bbu, lai j\u016bs var\u0113tu braukt gandr\u012bz jebkur\u0101 \u016bdens l\u012bmen\u012b. \u0160im Protruar modelim ir ar\u012b LED akumulatora l\u012bme\u0146a indikators. Piem\u0113rots gan s\u0101ls, gan sald\u016bdens lieto\u0161anai.\u00a0\u00a0Tr\u012bsf\u0101zu bezsuku motors noz\u012bm\u0113 maz\u0101ku elektroener\u0123ijas pat\u0113ri\u0146u un liel\u0101ku jaudu, maz\u0101kus gabar\u012btus un svaru, k\u0101 ar\u012b labu motora ergonomiku, kvalit\u0101ti un cenu \u2013 \u012bpa\u0161\u012bbas, ar kur\u0101m Protruar 1.0 izce\u013cas citu \u0161\u0101da veida motoru vid\u016b. Laba izv\u0113le tiem, kas akt\u012bv\u0101k nodarbojas ar mak\u0161\u0137er\u0113\u0161anu, kuriem pat\u012bk gar\u0101ki braucieni, vai kuri vienk\u0101r\u0161i dod priek\u0161roku ekolo\u0123ijai.<\/p>\n<p>Teor\u0113tiskais ieteikums p\u0113c ra\u017eot\u0101ja &#8211; laiv\u0101m l\u012bdz 6m gar\u0101m un l\u012bdz 700kg.<\/p>\n","protected":false},"excerpt":{"rendered":"<p>Protruar 1.0 ir apr\u012bkots ar jaud\u012bgu 12 V bezsuku motoru, kas nodro\u0161ina milz\u012bgu 65 m\u0101rci\u0146u vilci, nodro\u0161inot lielisku piedzi\u0146u pla\u0161am \u016bdensce\u013cu kl\u0101stam. Apr\u012bkots ar bezpak\u0101pju regul\u0113jamu \u0101truma kontroli un magn\u0113tisku dro\u0161\u012bbas \u0161tropi. Motoru var viegli nolaist\u00a0\u016bden\u012b un pacelt no\u00a0t\u0101, un &#8220;k\u0101jas&#8221;\u00a0augstums ir regul\u0113jams ar \u0101tr\u0101s blo\u0137\u0113\u0161anas meh\u0101nisma pal\u012bdz\u012bbu, lai j\u016bs var\u0113tu braukt gandr\u012bz jebkur\u0101 \u016bdens [&hellip;]<\/p>\n","protected":false},"featured_media":22184,"comment_status":"open","ping_status":"closed","template":"","meta":[],"product_brand":[],"product_cat":[707,812,73],"product_tag":[],"class_list":{"0":"post-22183","1":"product","2":"type-product","3":"status-publish","4":"has-post-thumbnail","6":"product_cat-elektromotori","7":"product_cat-haswing","8":"product_cat-boat-motors-lv","10":"first","11":"outofstock","12":"taxable","13":"shipping-taxable","14":"purchasable","15":"product-type-simple"},"jetpack_sharing_enabled":true,"_links":{"self":[{"href":"https:\/\/shop.bushboats.com\/index.php\/wp-json\/wp\/v2\/product\/22183","targetHints":{"allow":["GET"]}}],"collection":[{"href":"https:\/\/shop.bushboats.com\/index.php\/wp-json\/wp\/v2\/product"}],"about":[{"href":"https:\/\/shop.bushboats.com\/index.php\/wp-json\/wp\/v2\/types\/product"}],"replies":[{"embeddable":true,"href":"https:\/\/shop.bushboats.com\/index.php\/wp-json\/wp\/v2\/comments?post=22183"}],"wp:featuredmedia":[{"embeddable":true,"href":"https:\/\/shop.bushboats.com\/index.php\/wp-json\/wp\/v2\/media\/22184"}],"wp:attachment":[{"href":"https:\/\/shop.bushboats.com\/index.php\/wp-json\/wp\/v2\/media?parent=22183"}],"wp:term":[{"taxonomy":"product_brand","embeddable":true,"href":"https:\/\/shop.bushboats.com\/index.php\/wp-json\/wp\/v2\/product_brand?post=22183"},{"taxonomy":"product_cat","embeddable":true,"href":"https:\/\/shop.bushboats.com\/index.php\/wp-json\/wp\/v2\/product_cat?post=22183"},{"taxonomy":"product_tag","embeddable":true,"href":"https:\/\/shop.bushboats.com\/index.php\/wp-json\/wp\/v2\/product_tag?post=22183"}],"curies":[{"name":"wp","href":"https:\/\/api.w.org\/{rel}","templated":true}]}}