{"id":22369,"date":"2024-11-26T18:32:52","date_gmt":"2024-11-26T16:32:52","guid":{"rendered":"https:\/\/shop.bushboats.com\/?post_type=product&#038;p=22369"},"modified":"2026-02-09T08:13:33","modified_gmt":"2026-02-09T06:13:33","slug":"ledus-urbis-tonar-iceberg-cw-siberia-160mm","status":"publish","type":"product","link":"https:\/\/shop.bushboats.com\/index.php\/produkts\/ledus-urbis-tonar-iceberg-cw-siberia-160mm\/","title":{"rendered":"Ledus Urbis TONAR Iceberg CW Siberia 160mm"},"content":{"rendered":"<p>&#8220;SIBERIA-160 &#8211; Maksim\u0101lais ledus biezums: 1,6 m, svars &#8211; 4,6 kg. ICEBERG pamat\u0101 ir jauna tehnolo\u0123ija, kas padara sv\u0101rpu \u0101tru, stabilu un uzticamu, jo tas grie\u017e visu ledu bez iespr\u016b\u0161anas pat uz pras\u012bga slapja pavasara ledus. Jaunais ergonomiskais dizains ietaupa ener\u0123iju un laiku urbumu urb\u0161anai led\u016b. Bez\u0161uvju spir\u0101le ar papla\u0161in\u0101tu pagriezienu atstarpi (150 mm) garant\u0113 \u0101tru s\u0101r\u0146u izvad\u012b\u0161anu no urbuma, samazina urb\u0161anas piep\u016bli un nov\u0113r\u0161 iespr\u016b\u0161anu. No\u0146emam\u0101 pastiprin\u0101ta kompoz\u012btmateri\u0101la grie\u0161anas galvi\u0146a nodro\u0161ina lab\u0101ku stabilit\u0101ti un stingr\u012bbu nek\u0101 t\u0113rauda grie\u0161anas galvi\u0146as. Grie\u0161anas galvi\u0146a ir viegli nomain\u0101ma. Pusapa\u013cie asie asme\u0146i ir izgatavoti no augstas kvalit\u0101tes t\u0113rauda un nodro\u0161ina \u0101tru un vienk\u0101r\u0161u ledus urb\u0161anu. Teleskopiskais pagarin\u0101jums \u013cauj izv\u0113l\u0113ties nepiecie\u0161amo ledus urbja augstumu atbilsto\u0161i mak\u0161\u0137ernieka augstumam un ledus biezumam. Var izmantot ar dzin\u0113jiem (nepiecie\u0161ams<\/p>\n","protected":false},"excerpt":{"rendered":"<p>&#8220;SIBERIA-160 &#8211; Maksim\u0101lais ledus biezums: 1,6 m, svars &#8211; 4,6 kg. ICEBERG pamat\u0101 ir jauna tehnolo\u0123ija, kas padara sv\u0101rpu \u0101tru, stabilu un uzticamu, jo tas grie\u017e visu ledu bez iespr\u016b\u0161anas pat uz pras\u012bga slapja pavasara ledus. Jaunais ergonomiskais dizains ietaupa ener\u0123iju un laiku urbumu urb\u0161anai led\u016b. Bez\u0161uvju spir\u0101le ar papla\u0161in\u0101tu pagriezienu atstarpi (150 mm) garant\u0113 [&hellip;]<\/p>\n","protected":false},"featured_media":22370,"comment_status":"open","ping_status":"closed","template":"","meta":[],"product_brand":[],"product_cat":[825,821],"product_tag":[],"class_list":{"0":"post-22369","1":"product","2":"type-product","3":"status-publish","4":"has-post-thumbnail","6":"product_cat-ledus-urbji","7":"product_cat-ziemas-inventars","9":"first","10":"outofstock","11":"taxable","12":"shipping-taxable","13":"purchasable","14":"product-type-simple"},"jetpack_sharing_enabled":true,"_links":{"self":[{"href":"https:\/\/shop.bushboats.com\/index.php\/wp-json\/wp\/v2\/product\/22369","targetHints":{"allow":["GET"]}}],"collection":[{"href":"https:\/\/shop.bushboats.com\/index.php\/wp-json\/wp\/v2\/product"}],"about":[{"href":"https:\/\/shop.bushboats.com\/index.php\/wp-json\/wp\/v2\/types\/product"}],"replies":[{"embeddable":true,"href":"https:\/\/shop.bushboats.com\/index.php\/wp-json\/wp\/v2\/comments?post=22369"}],"wp:featuredmedia":[{"embeddable":true,"href":"https:\/\/shop.bushboats.com\/index.php\/wp-json\/wp\/v2\/media\/22370"}],"wp:attachment":[{"href":"https:\/\/shop.bushboats.com\/index.php\/wp-json\/wp\/v2\/media?parent=22369"}],"wp:term":[{"taxonomy":"product_brand","embeddable":true,"href":"https:\/\/shop.bushboats.com\/index.php\/wp-json\/wp\/v2\/product_brand?post=22369"},{"taxonomy":"product_cat","embeddable":true,"href":"https:\/\/shop.bushboats.com\/index.php\/wp-json\/wp\/v2\/product_cat?post=22369"},{"taxonomy":"product_tag","embeddable":true,"href":"https:\/\/shop.bushboats.com\/index.php\/wp-json\/wp\/v2\/product_tag?post=22369"}],"curies":[{"name":"wp","href":"https:\/\/api.w.org\/{rel}","templated":true}]}}