{"id":23339,"date":"2025-01-28T23:59:56","date_gmt":"2025-01-28T21:59:56","guid":{"rendered":"https:\/\/shop.bushboats.com\/?post_type=product&#038;p=23339"},"modified":"2025-01-28T23:59:57","modified_gmt":"2025-01-28T21:59:57","slug":"sonara-sensora-turetajs-ziema","status":"publish","type":"product","link":"https:\/\/shop.bushboats.com\/index.php\/produkts\/sonara-sensora-turetajs-ziema\/","title":{"rendered":"Son\u0101ra sensora tur\u0113t\u0101js Ziema"},"content":{"rendered":"<p>\u013bauj paskat\u012bties zem ledus, lai izmantotu maksim\u0101l\u0101s ziemas mak\u0161\u0137er\u0113\u0161anas iesp\u0113jas.<\/p>\n<p>FUNKCIJAS: &#8211; Son\u0101ra ziemas pakete<\/p>\n<p>Uzst\u0101d\u012b\u0161anas vieta: virs cauruma (ledus)<\/p>\n<p>Cauruma diametrs: l\u012bdz 160mm<\/p>\n<p>Ledus biezums: l\u012bdz 450 mm<\/p>\n<p>Stie\u0146a diametrs: 12mm<\/p>\n<p>Stie\u0146a garums: 550mm<\/p>\n<p>Iegremd\u0113\u0161anas dzi\u013cums: l\u012bdz 520 mm<\/p>\n<p>Sensora stiprin\u0101jums: univers\u0101ls.<\/p>\n<p>Konstrukcija: skava &#8211; viss metin\u0101ts ar fiksatoru, &#8220;fangs&#8221; ir no\u0146emams.<br \/>\nStubl\u0101js ir saliekams, ar iesp\u0113ju pagriezt 360 g<\/p>\n<p>Svars: 0.65 kg<\/p>\n<p>Pilns komplekts: Son\u0101rs Ziema, iepakojuma kaste.<\/p>\n","protected":false},"excerpt":{"rendered":"<p>\u013bauj paskat\u012bties zem ledus, lai izmantotu maksim\u0101l\u0101s ziemas mak\u0161\u0137er\u0113\u0161anas iesp\u0113jas. FUNKCIJAS: &#8211; Son\u0101ra ziemas pakete Uzst\u0101d\u012b\u0161anas vieta: virs cauruma (ledus) Cauruma diametrs: l\u012bdz 160mm Ledus biezums: l\u012bdz 450 mm Stie\u0146a diametrs: 12mm Stie\u0146a garums: 550mm Iegremd\u0113\u0161anas dzi\u013cums: l\u012bdz 520 mm Sensora stiprin\u0101jums: univers\u0101ls. Konstrukcija: skava &#8211; viss metin\u0101ts ar fiksatoru, &#8220;fangs&#8221; ir no\u0146emams. Stubl\u0101js ir [&hellip;]<\/p>\n","protected":false},"featured_media":23340,"comment_status":"open","ping_status":"closed","template":"","meta":[],"product_brand":[],"product_cat":[82,829,54,670,682,821,832],"product_tag":[],"class_list":{"0":"post-23339","1":"product","2":"type-product","3":"status-publish","4":"has-post-thumbnail","6":"product_cat-other-accessories-lv","7":"product_cat-citi-makskeresanas-aksesuari","8":"product_cat-accessories","9":"product_cat-piepusamo-laivu-aksesuari","10":"product_cat-turetaji-makskerem-eholotiem-sensoriem","11":"product_cat-ziemas-inventars","12":"product_cat-ziemas-kastes-somas-telti-un-ragavas","14":"first","15":"instock","16":"taxable","17":"shipping-taxable","18":"purchasable","19":"product-type-simple"},"jetpack_sharing_enabled":true,"_links":{"self":[{"href":"https:\/\/shop.bushboats.com\/index.php\/wp-json\/wp\/v2\/product\/23339","targetHints":{"allow":["GET"]}}],"collection":[{"href":"https:\/\/shop.bushboats.com\/index.php\/wp-json\/wp\/v2\/product"}],"about":[{"href":"https:\/\/shop.bushboats.com\/index.php\/wp-json\/wp\/v2\/types\/product"}],"replies":[{"embeddable":true,"href":"https:\/\/shop.bushboats.com\/index.php\/wp-json\/wp\/v2\/comments?post=23339"}],"wp:featuredmedia":[{"embeddable":true,"href":"https:\/\/shop.bushboats.com\/index.php\/wp-json\/wp\/v2\/media\/23340"}],"wp:attachment":[{"href":"https:\/\/shop.bushboats.com\/index.php\/wp-json\/wp\/v2\/media?parent=23339"}],"wp:term":[{"taxonomy":"product_brand","embeddable":true,"href":"https:\/\/shop.bushboats.com\/index.php\/wp-json\/wp\/v2\/product_brand?post=23339"},{"taxonomy":"product_cat","embeddable":true,"href":"https:\/\/shop.bushboats.com\/index.php\/wp-json\/wp\/v2\/product_cat?post=23339"},{"taxonomy":"product_tag","embeddable":true,"href":"https:\/\/shop.bushboats.com\/index.php\/wp-json\/wp\/v2\/product_tag?post=23339"}],"curies":[{"name":"wp","href":"https:\/\/api.w.org\/{rel}","templated":true}]}}