{"id":23908,"date":"2025-03-25T18:50:16","date_gmt":"2025-03-25T16:50:16","guid":{"rendered":"https:\/\/shop.bushboats.com\/?post_type=product&#038;p=23908"},"modified":"2025-03-25T18:50:16","modified_gmt":"2025-03-25T16:50:16","slug":"lowrance-eagle-5-splitshot-row","status":"publish","type":"product","link":"https:\/\/shop.bushboats.com\/index.php\/produkts\/lowrance-eagle-5-splitshot-row\/","title":{"rendered":"LOWRANCE EAGLE 5 SplitShot\u2122 ROW"},"content":{"rendered":"<p>Eholote Lowrance Eagle 5 SplitShot &#8211;\u00a0\u0113rti lietojama eholote ar vis\u0101m nepiecie\u0161amaj\u0101m pamatfunkcij\u0101m, kuru var mont\u0113t stacion\u0101ri vai uz groz\u0101mas konstrukcijas. Split Shot dev\u0113js nodro\u0161ina gan CHIRP, gan DownScan. Eholote nodro\u0161in\u0101s platle\u0146\u0137a apskatu 85\u00b0 gr\u0101du le\u0146\u0137\u012b, labu ekr\u0101na redzam\u012bbu jebkur\u0101 apgaismojum\u0101, ar\u012b caur polariz\u0113jo\u0161aj\u0101m saulesbrill\u0113m. Iesp\u0113ja izv\u0113l\u0113ties\u00a0Fishreveal funkciju, kas nodro\u0161ina DownScan un CHIRP att\u0113lu kombin\u0101ciju, atvieglo zivju mekl\u0113\u0161anu. Eholote apr\u012bkota ar SD kartes ni\u0161u un atbalsta C MAP discover un C MAP GENESIS live, kas dod iesp\u0113ju eholoti pilnv\u0113rt\u012bgi izmantot navig\u0101cijas funkciju nodro\u0161in\u0101\u0161anai.<br \/>\nSpecifik\u0101cija:<br \/>\nekr\u0101na izm\u0113rs \u2013 5\u201d;<br \/>\niz\u0161\u0137irtsp\u0113ja \u2013 800X480 pix;<br \/>\nmaksim\u0101lais skan\u0113\u0161anas dzi\u013cums \u2013 152 m, DownScan \u2013 91m;<br \/>\nelektrobaro\u0161anas volt\u0101\u017ea V\/str\u0101vas stiprums A \u2013 12V\/5A;<br \/>\nfrekvences \u2013 CHIRP: 200kHz, 83kHz, 50kHz (atkar\u012bb\u0101 no dev\u0113ja). DownScan: 455kHz, 800kHz;<br \/>\natbalst\u0101m\u0101 kartogr\u0101fija &#8211; C-MAP\u00ae DISCOVER\u2122, C-MAP\u00ae Genesis Live;<br \/>\narh\u012bvs \u2013 3000 punkti, 100 mar\u0161ruti, 100 ce\u013ci;<br \/>\nizm\u0113ri (ar pamatni) \u2013 182.1X127.7X110.6 mm;<br \/>\npie\u013caujam\u0101 temperat\u016bra darb\u012bbai &#8211; -15\u2103 l\u012bdz +60\u2103;<br \/>\n\u016bdensdro\u0161uma klase \u2013 IPX 7 (pie aizv\u0113rtas SD kartes ni\u0161as).<\/p>\n","protected":false},"excerpt":{"rendered":"<p>Eholote Lowrance Eagle 5 SplitShot &#8211;\u00a0\u0113rti lietojama eholote ar vis\u0101m nepiecie\u0161amaj\u0101m pamatfunkcij\u0101m, kuru var mont\u0113t stacion\u0101ri vai uz groz\u0101mas konstrukcijas. Split Shot dev\u0113js nodro\u0161ina gan CHIRP, gan DownScan. Eholote nodro\u0161in\u0101s platle\u0146\u0137a apskatu 85\u00b0 gr\u0101du le\u0146\u0137\u012b, labu ekr\u0101na redzam\u012bbu jebkur\u0101 apgaismojum\u0101, ar\u012b caur polariz\u0113jo\u0161aj\u0101m saulesbrill\u0113m. Iesp\u0113ja izv\u0113l\u0113ties\u00a0Fishreveal funkciju, kas nodro\u0161ina DownScan un CHIRP att\u0113lu kombin\u0101ciju, atvieglo [&hellip;]<\/p>\n","protected":false},"featured_media":23909,"comment_status":"open","ping_status":"closed","template":"","meta":[],"product_brand":[],"product_cat":[815,76,852,849],"product_tag":[],"class_list":{"0":"post-23908","1":"product","2":"type-product","3":"status-publish","4":"has-post-thumbnail","6":"product_cat-eholotes-2","7":"product_cat-electrical-equipment-lv","8":"product_cat-lowrance-eagle","9":"product_cat-lowrance-eholoti","11":"first","12":"instock","13":"taxable","14":"shipping-taxable","15":"purchasable","16":"product-type-simple"},"jetpack_sharing_enabled":true,"_links":{"self":[{"href":"https:\/\/shop.bushboats.com\/index.php\/wp-json\/wp\/v2\/product\/23908","targetHints":{"allow":["GET"]}}],"collection":[{"href":"https:\/\/shop.bushboats.com\/index.php\/wp-json\/wp\/v2\/product"}],"about":[{"href":"https:\/\/shop.bushboats.com\/index.php\/wp-json\/wp\/v2\/types\/product"}],"replies":[{"embeddable":true,"href":"https:\/\/shop.bushboats.com\/index.php\/wp-json\/wp\/v2\/comments?post=23908"}],"wp:featuredmedia":[{"embeddable":true,"href":"https:\/\/shop.bushboats.com\/index.php\/wp-json\/wp\/v2\/media\/23909"}],"wp:attachment":[{"href":"https:\/\/shop.bushboats.com\/index.php\/wp-json\/wp\/v2\/media?parent=23908"}],"wp:term":[{"taxonomy":"product_brand","embeddable":true,"href":"https:\/\/shop.bushboats.com\/index.php\/wp-json\/wp\/v2\/product_brand?post=23908"},{"taxonomy":"product_cat","embeddable":true,"href":"https:\/\/shop.bushboats.com\/index.php\/wp-json\/wp\/v2\/product_cat?post=23908"},{"taxonomy":"product_tag","embeddable":true,"href":"https:\/\/shop.bushboats.com\/index.php\/wp-json\/wp\/v2\/product_tag?post=23908"}],"curies":[{"name":"wp","href":"https:\/\/api.w.org\/{rel}","templated":true}]}}