{"id":24107,"date":"2025-03-25T21:30:07","date_gmt":"2025-03-25T19:30:07","guid":{"rendered":"https:\/\/shop.bushboats.com\/?post_type=product&#038;p=24107"},"modified":"2025-03-25T21:30:07","modified_gmt":"2025-03-25T19:30:07","slug":"lowrance-elite-fs-7-with-xsonic-hdi-m-h-455-800-transducer-row","status":"publish","type":"product","link":"https:\/\/shop.bushboats.com\/index.php\/produkts\/lowrance-elite-fs-7-with-xsonic-hdi-m-h-455-800-transducer-row\/","title":{"rendered":"Lowrance ELITE FS 7 with xSonic HDI M\/H 455\/800 Transducer (ROW)"},"content":{"rendered":"<p>ELITE Fishing System tika izstr\u0101d\u0101ta, lai nodro\u0161in\u0101tu pat\u0113r\u0113t\u0101jus ar lab\u0101k\u0101m Lowrance funkcij\u0101m.<\/p>\n<p>Active Target re\u0101l\u0101 laika son\u0101ra atbalsts, piln\u012bga t\u012bkla iesp\u0113jas, jauns diazains un uzlabots daudzfunkcion\u0101ls displejs.<\/p>\n<p>Galven\u0101s iez\u012bmes un funkcijas:<\/p>\n<ul>\n<li>Jaunums &#8211; Active Target \u2122 re\u0101l\u0101 laika son\u0101ra atbalsts<\/li>\n<li>Viegli lietojams daudzfunkcion\u0101ls sk\u0101rienj\u016bt\u012bgs displejs<\/li>\n<li>Active Imaging \u2122 son\u0101ra atbalsts (CHIRP, SideScan un Down)<\/li>\n<li>FishReveal \u2122 Smart m\u0113r\u0137a skats<\/li>\n<li>C-MAP\u00ae Easy Routing + Navionics\u00ae automar\u0161rut\u0113\u0161anas iesp\u0113jas<\/li>\n<li>C-MAP Genesis Live re\u0101l\u0101 laika kartogr\u0101fija<\/li>\n<li>GHOST un MotorGuide\u00ae Xi5 Trolling motora integr\u0101cija<\/li>\n<li>Power-Pole\u00ae seklo \u016bde\u0146u enkuro\u0161anas sist\u0113mas vad\u012bba<\/li>\n<li>Dzin\u0113ju integr\u0101cija un autopilota kontrole<\/li>\n<li>Ethernet t\u012bkls<\/li>\n<li>Bezvadu savienojums<\/li>\n<li>Viedt\u0101lru\u0146a pazi\u0146ojumi<\/li>\n<\/ul>\n<h5 class=\"title-description\">Specifik\u0101cija<\/h5>\n<table class=\"table table-bordered\">\n<tbody>\n<tr>\n<td>Displeja izm\u0113rs\u200b<\/td>\n<td>7\u00b4\u00b4 16:9<\/td>\n<\/tr>\n<tr>\n<td>Displeja tips\u200b<\/td>\n<td>Sk\u0101rienj\u016bt\u012bgs\u200b<\/td>\n<\/tr>\n<tr>\n<td>GPS<\/td>\n<td>Ieb\u016bv\u0113ts 10Hz GPS+EGNOS+MSAS<\/td>\n<\/tr>\n<tr>\n<td>Kar\u0161u las\u012bt\u0101js\u200b<\/td>\n<td>mSD<\/td>\n<\/tr>\n<tr>\n<td>Iz\u0161\u0137irtsp\u0113ja\u200b<\/td>\n<td>800x480px<\/td>\n<\/tr>\n<tr>\n<td>Son\u0101ra darb\u012bbas frekvence\u200b<\/td>\n<td>CHIRP&amp;455\/800kHz<\/td>\n<\/tr>\n<tr>\n<td>Darba spriegums\u200b<\/td>\n<td>12V<\/td>\n<\/tr>\n<tr>\n<td>Tips<\/td>\n<td>Kombo<\/td>\n<\/tr>\n<tr>\n<td>Savienojumi<\/td>\n<td>NMEA0183;NMEA2000;Ethernet<\/td>\n<\/tr>\n<tr>\n<td>Savienojumi<\/td>\n<td>WIFI &amp; Bluetooth<\/td>\n<\/tr>\n<\/tbody>\n<\/table>\n","protected":false},"excerpt":{"rendered":"<p>ELITE Fishing System tika izstr\u0101d\u0101ta, lai nodro\u0161in\u0101tu pat\u0113r\u0113t\u0101jus ar lab\u0101k\u0101m Lowrance funkcij\u0101m. Active Target re\u0101l\u0101 laika son\u0101ra atbalsts, piln\u012bga t\u012bkla iesp\u0113jas, jauns diazains un uzlabots daudzfunkcion\u0101ls displejs. Galven\u0101s iez\u012bmes un funkcijas: Jaunums &#8211; Active Target \u2122 re\u0101l\u0101 laika son\u0101ra atbalsts Viegli lietojams daudzfunkcion\u0101ls sk\u0101rienj\u016bt\u012bgs displejs Active Imaging \u2122 son\u0101ra atbalsts (CHIRP, SideScan un Down) FishReveal [&hellip;]<\/p>\n","protected":false},"featured_media":24108,"comment_status":"open","ping_status":"closed","template":"","meta":[],"product_brand":[],"product_cat":[815,76,849,855],"product_tag":[],"class_list":{"0":"post-24107","1":"product","2":"type-product","3":"status-publish","4":"has-post-thumbnail","6":"product_cat-eholotes-2","7":"product_cat-electrical-equipment-lv","8":"product_cat-lowrance-eholoti","9":"product_cat-lowrance-elite-fs","11":"first","12":"instock","13":"taxable","14":"shipping-taxable","15":"purchasable","16":"product-type-simple"},"jetpack_sharing_enabled":true,"_links":{"self":[{"href":"https:\/\/shop.bushboats.com\/index.php\/wp-json\/wp\/v2\/product\/24107","targetHints":{"allow":["GET"]}}],"collection":[{"href":"https:\/\/shop.bushboats.com\/index.php\/wp-json\/wp\/v2\/product"}],"about":[{"href":"https:\/\/shop.bushboats.com\/index.php\/wp-json\/wp\/v2\/types\/product"}],"replies":[{"embeddable":true,"href":"https:\/\/shop.bushboats.com\/index.php\/wp-json\/wp\/v2\/comments?post=24107"}],"wp:featuredmedia":[{"embeddable":true,"href":"https:\/\/shop.bushboats.com\/index.php\/wp-json\/wp\/v2\/media\/24108"}],"wp:attachment":[{"href":"https:\/\/shop.bushboats.com\/index.php\/wp-json\/wp\/v2\/media?parent=24107"}],"wp:term":[{"taxonomy":"product_brand","embeddable":true,"href":"https:\/\/shop.bushboats.com\/index.php\/wp-json\/wp\/v2\/product_brand?post=24107"},{"taxonomy":"product_cat","embeddable":true,"href":"https:\/\/shop.bushboats.com\/index.php\/wp-json\/wp\/v2\/product_cat?post=24107"},{"taxonomy":"product_tag","embeddable":true,"href":"https:\/\/shop.bushboats.com\/index.php\/wp-json\/wp\/v2\/product_tag?post=24107"}],"curies":[{"name":"wp","href":"https:\/\/api.w.org\/{rel}","templated":true}]}}