{"id":25812,"date":"2026-01-19T20:37:00","date_gmt":"2026-01-19T18:37:00","guid":{"rendered":"https:\/\/shop.bushboats.com\/?post_type=product&#038;p=25812"},"modified":"2026-01-19T20:37:00","modified_gmt":"2026-01-19T18:37:00","slug":"navy-3-0-evo-elektriskais-piekaramais-motors-6-zs-isa-kaja","status":"publish","type":"product","link":"https:\/\/shop.bushboats.com\/index.php\/produkts\/navy-3-0-evo-elektriskais-piekaramais-motors-6-zs-isa-kaja\/","title":{"rendered":"NAVY 3.0 Evo elektriskais piekaramais motors 6 ZS, \u012bsa k\u0101ja"},"content":{"rendered":"<p>Navy 3.0 Evo ir 3 kW (aptuveni 6 ZS ekvivalents) elektriskais piekaramais motors, kas piem\u0113rots da\u017e\u0101diem ku\u0123iem, tostarp jahtu tenderiem, piep\u016b\u0161amaj\u0101m laiv\u0101m, alum\u012bnija zvejas laiv\u0101m un maz\u0101m piep\u016b\u0161amaj\u0101m laiv\u0101m. Motora tie\u0161\u0101s piedzi\u0146as sist\u0113ma nodro\u0161ina klusu darb\u012bbu un minim\u0101lu apkopi, uzlabojot laivo\u0161anas pieredzi. Motoram ir hidrogen\u0113\u0161anas iesp\u0113ja, kas \u013cauj akumulatoru uzl\u0101d\u0113t bur\u0101\u0161anas laik\u0101 piem\u0113rotos apst\u0101k\u013cos, atbalstot ilgtsp\u0113j\u012bgu ener\u0123ijas izmanto\u0161anu. Savietojams ar ePropulsion E s\u0113rijas akumulatoriem, nodro\u0161inot efekt\u012bvu un videi draudz\u012bgu sp\u0113ka piedzi\u0146u pras\u012bgiem laivot\u0101jiem. Atjaunin\u0101ta versija \u2013 iepriek\u0161\u0113jais produkts bija NE-3000-S0. \u0160\u012b ir jauna versija ar ieb\u016bv\u0113tu galveno sl\u0113dzi un avi\u0101cijas stila savienojumiem zilo Anderson savienot\u0101ju viet\u0101. Ir ar\u012b jauns transoma stiprin\u0101jums ar atjaunin\u0101tiem sl\u012bpuma le\u0146\u0137iem: Stiprin\u0101juma poz\u012bcija: 5\u00b0, 10\u00b0, 15\u00b0, 20\u00b0; Sekla \u016bdens re\u017e\u012bms: 35\u00b0, 50\u00b0, 65\u00b0; Noliece uz aug\u0161u: 80\u00b0.<\/p>\n","protected":false},"excerpt":{"rendered":"<p>Navy 3.0 Evo ir 3 kW (aptuveni 6 ZS ekvivalents) elektriskais piekaramais motors, kas piem\u0113rots da\u017e\u0101diem ku\u0123iem, tostarp jahtu tenderiem, piep\u016b\u0161amaj\u0101m laiv\u0101m, alum\u012bnija zvejas laiv\u0101m un maz\u0101m piep\u016b\u0161amaj\u0101m laiv\u0101m. Motora tie\u0161\u0101s piedzi\u0146as sist\u0113ma nodro\u0161ina klusu darb\u012bbu un minim\u0101lu apkopi, uzlabojot laivo\u0161anas pieredzi. Motoram ir hidrogen\u0113\u0161anas iesp\u0113ja, kas \u013cauj akumulatoru uzl\u0101d\u0113t bur\u0101\u0161anas laik\u0101 piem\u0113rotos apst\u0101k\u013cos, atbalstot [&hellip;]<\/p>\n","protected":false},"featured_media":25813,"comment_status":"open","ping_status":"closed","template":"","meta":[],"product_brand":[],"product_cat":[885,707,894],"product_tag":[],"class_list":{"0":"post-25812","1":"product","2":"type-product","3":"status-publish","4":"has-post-thumbnail","6":"product_cat-e-propulsion","7":"product_cat-elektromotori","8":"product_cat-navy-3-0","10":"first","11":"instock","12":"taxable","13":"shipping-taxable","14":"purchasable","15":"product-type-simple"},"jetpack_sharing_enabled":true,"_links":{"self":[{"href":"https:\/\/shop.bushboats.com\/index.php\/wp-json\/wp\/v2\/product\/25812","targetHints":{"allow":["GET"]}}],"collection":[{"href":"https:\/\/shop.bushboats.com\/index.php\/wp-json\/wp\/v2\/product"}],"about":[{"href":"https:\/\/shop.bushboats.com\/index.php\/wp-json\/wp\/v2\/types\/product"}],"replies":[{"embeddable":true,"href":"https:\/\/shop.bushboats.com\/index.php\/wp-json\/wp\/v2\/comments?post=25812"}],"wp:featuredmedia":[{"embeddable":true,"href":"https:\/\/shop.bushboats.com\/index.php\/wp-json\/wp\/v2\/media\/25813"}],"wp:attachment":[{"href":"https:\/\/shop.bushboats.com\/index.php\/wp-json\/wp\/v2\/media?parent=25812"}],"wp:term":[{"taxonomy":"product_brand","embeddable":true,"href":"https:\/\/shop.bushboats.com\/index.php\/wp-json\/wp\/v2\/product_brand?post=25812"},{"taxonomy":"product_cat","embeddable":true,"href":"https:\/\/shop.bushboats.com\/index.php\/wp-json\/wp\/v2\/product_cat?post=25812"},{"taxonomy":"product_tag","embeddable":true,"href":"https:\/\/shop.bushboats.com\/index.php\/wp-json\/wp\/v2\/product_tag?post=25812"}],"curies":[{"name":"wp","href":"https:\/\/api.w.org\/{rel}","templated":true}]}}