{"id":25995,"date":"2026-03-17T11:15:22","date_gmt":"2026-03-17T09:15:22","guid":{"rendered":"https:\/\/shop.bushboats.com\/?post_type=product&#038;p=25995"},"modified":"2026-03-17T11:15:31","modified_gmt":"2026-03-17T09:15:31","slug":"ultraflex-m58-viena-kabela-2","status":"publish","type":"product","link":"https:\/\/shop.bushboats.com\/index.php\/produkts\/ultraflex-m58-viena-kabela-2\/","title":{"rendered":"ULTRAFLEX M58 VIENA KABE\u013bA"},"content":{"rendered":"<p>ULTRAFLEX M58 VIENA KABE\u013bA<\/p>\n<p>St\u016bres kabelis M58, piem\u0113rots T67 st\u016bres sist\u0113mai, to var uzst\u0101d\u012bt ar\u012b C230\/C231 Morse, Compac-t Teleflex, 850 TX st\u016bres sist\u0113m\u0101s bez papildu komplekta.<br \/>\nKabe\u013ca gals motora pus\u0113 ir izgatavots no NER\u016aS\u0112JO\u0160\u0100 T\u0112RAUDA un p\u0101rsniedz ABYC P17 standartus.<\/p>\n<p>Length<\/p>\n<p class=\"text-center\">B + C + D &#8211; 282 cm<\/p>\n<p>ft 8 cm<\/p>\n","protected":false},"excerpt":{"rendered":"<p>ULTRAFLEX M58 VIENA KABE\u013bA St\u016bres kabelis M58, piem\u0113rots T67 st\u016bres sist\u0113mai, to var uzst\u0101d\u012bt ar\u012b C230\/C231 Morse, Compac-t Teleflex, 850 TX st\u016bres sist\u0113m\u0101s bez papildu komplekta. Kabe\u013ca gals motora pus\u0113 ir izgatavots no NER\u016aS\u0112JO\u0160\u0100 T\u0112RAUDA un p\u0101rsniedz ABYC P17 standartus. Length B + C + D &#8211; 282 cm ft 8 cm<\/p>\n","protected":false},"featured_media":25996,"comment_status":"open","ping_status":"closed","template":"","meta":[],"product_brand":[],"product_cat":[652,54,667],"product_tag":[],"class_list":{"0":"post-25995","1":"product","2":"type-product","3":"status-publish","4":"has-post-thumbnail","6":"product_cat-klaja-aprikojums","7":"product_cat-accessories","8":"product_cat-stures-stures-sistemas-hidraulika","10":"first","11":"instock","12":"taxable","13":"shipping-taxable","14":"purchasable","15":"product-type-simple"},"jetpack_sharing_enabled":true,"_links":{"self":[{"href":"https:\/\/shop.bushboats.com\/index.php\/wp-json\/wp\/v2\/product\/25995","targetHints":{"allow":["GET"]}}],"collection":[{"href":"https:\/\/shop.bushboats.com\/index.php\/wp-json\/wp\/v2\/product"}],"about":[{"href":"https:\/\/shop.bushboats.com\/index.php\/wp-json\/wp\/v2\/types\/product"}],"replies":[{"embeddable":true,"href":"https:\/\/shop.bushboats.com\/index.php\/wp-json\/wp\/v2\/comments?post=25995"}],"wp:featuredmedia":[{"embeddable":true,"href":"https:\/\/shop.bushboats.com\/index.php\/wp-json\/wp\/v2\/media\/25996"}],"wp:attachment":[{"href":"https:\/\/shop.bushboats.com\/index.php\/wp-json\/wp\/v2\/media?parent=25995"}],"wp:term":[{"taxonomy":"product_brand","embeddable":true,"href":"https:\/\/shop.bushboats.com\/index.php\/wp-json\/wp\/v2\/product_brand?post=25995"},{"taxonomy":"product_cat","embeddable":true,"href":"https:\/\/shop.bushboats.com\/index.php\/wp-json\/wp\/v2\/product_cat?post=25995"},{"taxonomy":"product_tag","embeddable":true,"href":"https:\/\/shop.bushboats.com\/index.php\/wp-json\/wp\/v2\/product_tag?post=25995"}],"curies":[{"name":"wp","href":"https:\/\/api.w.org\/{rel}","templated":true}]}}