{"id":26059,"date":"2026-03-17T17:33:50","date_gmt":"2026-03-17T15:33:50","guid":{"rendered":"https:\/\/shop.bushboats.com\/?post_type=product&#038;p=26059"},"modified":"2026-03-17T17:33:50","modified_gmt":"2026-03-17T15:33:50","slug":"rim-gredzens-d-forma-peleks-2","status":"publish","type":"product","link":"https:\/\/shop.bushboats.com\/index.php\/produkts\/rim-gredzens-d-forma-peleks-2\/","title":{"rendered":"RIM GREDZENS D FORMA (pel\u0113ks)"},"content":{"rendered":"<p>Tehnisk\u0101s \u012bpa\u0161\u012bbas<\/p>\n<p>Izm\u0113ri\u00a0 \u00a0 \u00a0 \u00a0 \u00a0 \u00a0 \u00a0 \u00a0 \u00a0150 x 100 mm<\/p>\n","protected":false},"excerpt":{"rendered":"<p>Tehnisk\u0101s \u012bpa\u0161\u012bbas Izm\u0113ri\u00a0 \u00a0 \u00a0 \u00a0 \u00a0 \u00a0 \u00a0 \u00a0 \u00a0150 x 100 mm<\/p>\n","protected":false},"featured_media":26060,"comment_status":"open","ping_status":"closed","template":"","meta":[],"product_brand":[],"product_cat":[82,54,670],"product_tag":[],"class_list":{"0":"post-26059","1":"product","2":"type-product","3":"status-publish","4":"has-post-thumbnail","6":"product_cat-other-accessories-lv","7":"product_cat-accessories","8":"product_cat-piepusamo-laivu-aksesuari","10":"first","11":"instock","12":"taxable","13":"shipping-taxable","14":"purchasable","15":"product-type-simple"},"jetpack_sharing_enabled":true,"_links":{"self":[{"href":"https:\/\/shop.bushboats.com\/index.php\/wp-json\/wp\/v2\/product\/26059","targetHints":{"allow":["GET"]}}],"collection":[{"href":"https:\/\/shop.bushboats.com\/index.php\/wp-json\/wp\/v2\/product"}],"about":[{"href":"https:\/\/shop.bushboats.com\/index.php\/wp-json\/wp\/v2\/types\/product"}],"replies":[{"embeddable":true,"href":"https:\/\/shop.bushboats.com\/index.php\/wp-json\/wp\/v2\/comments?post=26059"}],"wp:featuredmedia":[{"embeddable":true,"href":"https:\/\/shop.bushboats.com\/index.php\/wp-json\/wp\/v2\/media\/26060"}],"wp:attachment":[{"href":"https:\/\/shop.bushboats.com\/index.php\/wp-json\/wp\/v2\/media?parent=26059"}],"wp:term":[{"taxonomy":"product_brand","embeddable":true,"href":"https:\/\/shop.bushboats.com\/index.php\/wp-json\/wp\/v2\/product_brand?post=26059"},{"taxonomy":"product_cat","embeddable":true,"href":"https:\/\/shop.bushboats.com\/index.php\/wp-json\/wp\/v2\/product_cat?post=26059"},{"taxonomy":"product_tag","embeddable":true,"href":"https:\/\/shop.bushboats.com\/index.php\/wp-json\/wp\/v2\/product_tag?post=26059"}],"curies":[{"name":"wp","href":"https:\/\/api.w.org\/{rel}","templated":true}]}}