{"id":26201,"date":"2026-04-23T10:34:18","date_gmt":"2026-04-23T07:34:18","guid":{"rendered":"https:\/\/shop.bushboats.com\/?post_type=product&#038;p=26201"},"modified":"2026-04-23T10:34:18","modified_gmt":"2026-04-23T07:34:18","slug":"atras-atbrivosanas-kronsteins-universals","status":"publish","type":"product","link":"https:\/\/shop.bushboats.com\/index.php\/produkts\/atras-atbrivosanas-kronsteins-universals\/","title":{"rendered":"\u0100tr\u0101s atbr\u012bvo\u0161anas kron\u0161teins univers\u0101ls"},"content":{"rendered":"<p>Univers\u0101la platforma enkura elektromotoriem<br \/>\nDivas da\u013cas<br \/>\nVieglai un \u0101trai dzin\u0113ja no\u0146em\u0161anai no laivas.<\/p>\n","protected":false},"excerpt":{"rendered":"<p>Univers\u0101la platforma enkura elektromotoriem Divas da\u013cas Vieglai un \u0101trai dzin\u0113ja no\u0146em\u0161anai no laivas.<\/p>\n","protected":false},"featured_media":26202,"comment_status":"open","ping_status":"closed","template":"","meta":[],"product_brand":[],"product_cat":[792,707,264],"product_tag":[],"class_list":{"0":"post-26201","1":"product","2":"type-product","3":"status-publish","4":"has-post-thumbnail","6":"product_cat-bush-laivam-i-pilot-elektriska-enkura-platformas","7":"product_cat-elektromotori","8":"product_cat-laivas-motora-aksesuari","10":"first","11":"instock","12":"taxable","13":"shipping-taxable","14":"purchasable","15":"product-type-simple"},"jetpack_sharing_enabled":true,"_links":{"self":[{"href":"https:\/\/shop.bushboats.com\/index.php\/wp-json\/wp\/v2\/product\/26201","targetHints":{"allow":["GET"]}}],"collection":[{"href":"https:\/\/shop.bushboats.com\/index.php\/wp-json\/wp\/v2\/product"}],"about":[{"href":"https:\/\/shop.bushboats.com\/index.php\/wp-json\/wp\/v2\/types\/product"}],"replies":[{"embeddable":true,"href":"https:\/\/shop.bushboats.com\/index.php\/wp-json\/wp\/v2\/comments?post=26201"}],"wp:featuredmedia":[{"embeddable":true,"href":"https:\/\/shop.bushboats.com\/index.php\/wp-json\/wp\/v2\/media\/26202"}],"wp:attachment":[{"href":"https:\/\/shop.bushboats.com\/index.php\/wp-json\/wp\/v2\/media?parent=26201"}],"wp:term":[{"taxonomy":"product_brand","embeddable":true,"href":"https:\/\/shop.bushboats.com\/index.php\/wp-json\/wp\/v2\/product_brand?post=26201"},{"taxonomy":"product_cat","embeddable":true,"href":"https:\/\/shop.bushboats.com\/index.php\/wp-json\/wp\/v2\/product_cat?post=26201"},{"taxonomy":"product_tag","embeddable":true,"href":"https:\/\/shop.bushboats.com\/index.php\/wp-json\/wp\/v2\/product_tag?post=26201"}],"curies":[{"name":"wp","href":"https:\/\/api.w.org\/{rel}","templated":true}]}}